000
CDUS43 KLSX 092130
CLIUIN


CLIMATE REPORT
NATIONAL WEATHER SERVICE ST LOUIS MO
430 PM CDT WED AUG 9 2017


...................................

...THE QUINCY IL CLIMATE SUMMARY FOR AUGUST 9 2017...
VALID TODAY AS OF 0400 PM LOCAL TIME.

CLIMATE NORMAL PERIOD 1981 TO 2010
CLIMATE RECORD PERIOD 1901 TO 2017


WEATHER ITEM   OBSERVED TIME   RECORD YEAR NORMAL DEPARTURE LAST
                VALUE   (LST)  VALUE       VALUE  FROM      YEAR
                                                  NORMAL
..................................................................
TEMPERATURE (F)
 TODAY
  MAXIMUM         83    242 PM 111    1934  85     -2       86
  MINIMUM         56    425 AM  52    1972  65     -9       72
                                      1939
                                      1922
  AVERAGE         70                        75     -5       79

PRECIPITATION (IN)
  TODAY            0.00          1.32 1961   0.12  -0.12     0.00
  MONTH TO DATE    0.60                      1.08  -0.48     2.20
  SINCE JUN 1      5.66                      9.11  -3.45     9.92
  SINCE JAN 1     22.44                     23.20  -0.76    18.60

DEGREE DAYS
 HEATING
  TODAY            0                         0      0
  MONTH TO DATE    0                         0      0
  SINCE JUN 1      4                        16    -12
  SINCE JUL 1      0                         0      0

 COOLING
  TODAY            5                        10     -5
  MONTH TO DATE   52                        95    -43
  SINCE JUN 1    741                       665     76
  SINCE JAN 1    850                       751     99
..................................................................


WIND (MPH)
  HIGHEST WIND SPEED    12   HIGHEST WIND DIRECTION     S (160)
  HIGHEST GUST SPEED    15   HIGHEST GUST DIRECTION    SE (150)
  AVERAGE WIND SPEED     6.1


SKY COVER
  AVERAGE SKY COVER 0.1



RELATIVE HUMIDITY (PERCENT)
 HIGHEST    86           600 AM
 LOWEST     36           300 PM
 AVERAGE    61

..........................................................


THE QUINCY IL CLIMATE NORMALS FOR TOMORROW
                         NORMAL    RECORD    YEAR
 MAXIMUM TEMPERATURE (F)   85       108      1934
 MINIMUM TEMPERATURE (F)   65        53      1972
                                             1967


SUNRISE AND SUNSET
AUGUST  9 2017........SUNRISE   611 AM CDT   SUNSET   809 PM CDT
AUGUST 10 2017........SUNRISE   612 AM CDT   SUNSET   807 PM CDT


-  INDICATES NEGATIVE NUMBERS.
R  INDICATES RECORD WAS SET OR TIED.
MM INDICATES DATA IS MISSING.
T  INDICATES TRACE AMOUNT.




$$
