000
CDUS43 KLSX 192227
CLIUIN


CLIMATE REPORT
NATIONAL WEATHER SERVICE ST LOUIS MO
426 PM CST SAT NOV 19 2016


...................................

...THE QUINCY IL CLIMATE SUMMARY FOR NOVEMBER 19 2016...
VALID TODAY AS OF 0400 PM LOCAL TIME.

CLIMATE NORMAL PERIOD 1981 TO 2010
CLIMATE RECORD PERIOD 1901 TO 2016


WEATHER ITEM   OBSERVED TIME   RECORD YEAR NORMAL DEPARTURE LAST
                VALUE   (LST)  VALUE       VALUE  FROM      YEAR
                                                  NORMAL
..................................................................
TEMPERATURE (F)
 TODAY
  MAXIMUM         45    244 PM  78    1942  49     -4       49
  MINIMUM         30    710 AM   9    1903  32     -2       33
  AVERAGE         38                        41     -3       41

PRECIPITATION (IN)
  TODAY            0.00          0.84 1985   0.10  -0.10      T
  MONTH TO DATE    0.81                      1.94  -1.13     2.68
  SINCE SEP 1      5.81                      8.25  -2.44     4.91
  SINCE JAN 1     29.50                     34.00  -4.50    33.67

DEGREE DAYS
 HEATING
  TODAY           27                        24      3
  MONTH TO DATE  222                       377   -155
  SINCE SEP 1    414                       796   -382
  SINCE JUL 1    420                       801   -381

 COOLING
  TODAY            0                         0      0
  MONTH TO DATE   15                         0     15
  SINCE SEP 1    296                       140    156
  SINCE JAN 1   1472                      1093    379
..................................................................


WIND (MPH)
  HIGHEST WIND SPEED    30   HIGHEST WIND DIRECTION     W (290)
  HIGHEST GUST SPEED    38   HIGHEST GUST DIRECTION     W (290)
  AVERAGE WIND SPEED    21.9


SKY COVER
  AVERAGE SKY COVER 0.2



RELATIVE HUMIDITY (PERCENT)
 HIGHEST    69           300 AM
 LOWEST     31           100 PM
 AVERAGE    50

..........................................................


THE QUINCY IL CLIMATE NORMALS FOR TOMORROW
                         NORMAL    RECORD    YEAR
 MAXIMUM TEMPERATURE (F)   49        74      1942
 MINIMUM TEMPERATURE (F)   32         8      1914


SUNRISE AND SUNSET
NOVEMBER 19 2016......SUNRISE   655 AM CST   SUNSET   445 PM CST
NOVEMBER 20 2016......SUNRISE   656 AM CST   SUNSET   445 PM CST


-  INDICATES NEGATIVE NUMBERS.
R  INDICATES RECORD WAS SET OR TIED.
MM INDICATES DATA IS MISSING.
T  INDICATES TRACE AMOUNT.




$$
