000
CDUS43 KLSX 082139
CLIUIN


CLIMATE REPORT
NATIONAL WEATHER SERVICE ST LOUIS MO
438 PM CDT SUN OCT 8 2017


...................................

...THE QUINCY IL CLIMATE SUMMARY FOR OCTOBER 8 2017...
VALID TODAY AS OF 0400 PM LOCAL TIME.

CLIMATE NORMAL PERIOD 1981 TO 2010
CLIMATE RECORD PERIOD 1901 TO 2017


WEATHER ITEM   OBSERVED TIME   RECORD YEAR NORMAL DEPARTURE LAST
                VALUE   (LST)  VALUE       VALUE  FROM      YEAR
                                                  NORMAL
..................................................................
TEMPERATURE (F)
 TODAY
  MAXIMUM         79    201 PM  90    1939  68     11       70
  MINIMUM         53    558 AM  27    1952  47      6       41
  AVERAGE         66                        57      9       56

PRECIPITATION (IN)
  TODAY            0.00          1.78 1914   0.10  -0.10     0.00
  MONTH TO DATE    2.16                      0.82   1.34     1.17
  SINCE SEP 1      2.83                      4.12  -1.29     4.26
  SINCE JAN 1     28.98                     29.87  -0.89    27.95

DEGREE DAYS
 HEATING
  TODAY            0                         9     -9
  MONTH TO DATE    1                        61    -60
  SINCE SEP 1     32                       143   -111
  SINCE JUL 1     32                       148   -116

 COOLING
  TODAY            1                         1      0
  MONTH TO DATE   29                         9     20
  SINCE SEP 1    209                       132     77
  SINCE JAN 1   1204                      1085    119
..................................................................


WIND (MPH)
  HIGHEST WIND SPEED    17   HIGHEST WIND DIRECTION     S (160)
  HIGHEST GUST SPEED    24   HIGHEST GUST DIRECTION    SE (150)
  AVERAGE WIND SPEED     6.3


SKY COVER
  AVERAGE SKY COVER 0.0



RELATIVE HUMIDITY (PERCENT)
 HIGHEST    93           300 AM
 LOWEST     43           300 PM
 AVERAGE    68

..........................................................


THE QUINCY IL CLIMATE NORMALS FOR TOMORROW
                         NORMAL    RECORD    YEAR
 MAXIMUM TEMPERATURE (F)   68        89      1938
 MINIMUM TEMPERATURE (F)   46        27      2000


SUNRISE AND SUNSET
OCTOBER  8 2017.......SUNRISE   708 AM CDT   SUNSET   635 PM CDT
OCTOBER  9 2017.......SUNRISE   709 AM CDT   SUNSET   634 PM CDT


-  INDICATES NEGATIVE NUMBERS.
R  INDICATES RECORD WAS SET OR TIED.
MM INDICATES DATA IS MISSING.
T  INDICATES TRACE AMOUNT.




$$
