000
CDUS43 KLSX 162145
CLIUIN


CLIMATE REPORT
NATIONAL WEATHER SERVICE ST LOUIS MO
445 PM CDT SUN APR 16 2017


...................................

...THE QUINCY IL CLIMATE SUMMARY FOR APRIL 16 2017...
VALID TODAY AS OF 0400 PM LOCAL TIME.

CLIMATE NORMAL PERIOD 1981 TO 2010
CLIMATE RECORD PERIOD 1901 TO 2017


WEATHER ITEM   OBSERVED TIME   RECORD YEAR NORMAL DEPARTURE LAST
                VALUE   (LST)  VALUE       VALUE  FROM      YEAR
                                                  NORMAL
..................................................................
TEMPERATURE (F)
 TODAY
  MAXIMUM         72    258 PM  87    2002  64      8       79
                                      1963
  MINIMUM         60    432 AM  26    1905  43     17       50
                                      1904
  AVERAGE         66                        54     12       65

PRECIPITATION (IN)
  TODAY            0.38          1.56 1921   0.13   0.25     0.00
  MONTH TO DATE    2.00                      1.86   0.14     0.36
  SINCE MAR 1      5.18                      4.32   0.86     1.44
  SINCE JAN 1      7.23                      7.72  -0.49     2.06

DEGREE DAYS
 HEATING
  TODAY            0                        12    -12
  MONTH TO DATE  139                       232    -93
  SINCE MAR 1    761                       950   -189
  SINCE JUL 1   4202                      5292  -1090

 COOLING
  TODAY            1                         1      0
  MONTH TO DATE   23                         3     20
  SINCE MAR 1     23                         5     18
  SINCE JAN 1     23                         5     18
..................................................................


WIND (MPH)
  HIGHEST WIND SPEED    25   HIGHEST WIND DIRECTION     N (10)
  HIGHEST GUST SPEED    31   HIGHEST GUST DIRECTION     N (360)
  AVERAGE WIND SPEED    11.0


SKY COVER
  AVERAGE SKY COVER 0.8



RELATIVE HUMIDITY (PERCENT)
 HIGHEST    93           500 AM
 LOWEST     35           300 PM
 AVERAGE    64

..........................................................


THE QUINCY IL CLIMATE NORMALS FOR TOMORROW
                         NORMAL    RECORD    YEAR
 MAXIMUM TEMPERATURE (F)   64        87      1914
 MINIMUM TEMPERATURE (F)   44        22      1907


SUNRISE AND SUNSET
APRIL 16 2017.........SUNRISE   625 AM CDT   SUNSET   745 PM CDT
APRIL 17 2017.........SUNRISE   624 AM CDT   SUNSET   746 PM CDT


-  INDICATES NEGATIVE NUMBERS.
R  INDICATES RECORD WAS SET OR TIED.
MM INDICATES DATA IS MISSING.
T  INDICATES TRACE AMOUNT.




$$
