739
CDUS43 KLSX 172233
CLIUIN


CLIMATE REPORT
NATIONAL WEATHER SERVICE ST LOUIS MO
432 PM CST FRI FEB 17 2017


...................................

...THE QUINCY IL CLIMATE SUMMARY FOR FEBRUARY 17 2017...
VALID TODAY AS OF 0400 PM LOCAL TIME.

CLIMATE NORMAL PERIOD 1981 TO 2010
CLIMATE RECORD PERIOD 1901 TO 2017


WEATHER ITEM   OBSERVED TIME   RECORD YEAR NORMAL DEPARTURE LAST
                VALUE   (LST)  VALUE       VALUE  FROM      YEAR
                                                  NORMAL
..................................................................
TEMPERATURE (F)
 TODAY
  MAXIMUM         72R   254 PM  70    2011  40     32       43
  MINIMUM         45    530 AM -18    1903  23     22       32
  AVERAGE         59                        31     28       38

PRECIPITATION (IN)
  TODAY            0.00          1.28 2008   0.06  -0.06     0.00
  MONTH TO DATE    0.09                      1.04  -0.95     0.22
  SINCE DEC 1      2.30                      4.81  -2.51     6.44
  SINCE JAN 1      1.27                      2.56  -1.29     0.62

DEGREE DAYS
 HEATING
  TODAY            6                        34    -28
  MONTH TO DATE  469                       609   -140
  SINCE DEC 1   2608                      2895   -287
  SINCE JUL 1   3296                      3995   -699

 COOLING
  TODAY            0                         0      0
  MONTH TO DATE    0                         0      0
  SINCE DEC 1      0                         0      0
  SINCE JAN 1      0                         0      0
..................................................................


WIND (MPH)
  HIGHEST WIND SPEED    21   HIGHEST WIND DIRECTION    SW (220)
  HIGHEST GUST SPEED    28   HIGHEST GUST DIRECTION    SW (220)
  AVERAGE WIND SPEED    13.4


SKY COVER
  AVERAGE SKY COVER 0.0



RELATIVE HUMIDITY (PERCENT)
 HIGHEST    60           600 AM
 LOWEST     26           400 PM
 AVERAGE    43

..........................................................


THE QUINCY IL CLIMATE NORMALS FOR TOMORROW
                         NORMAL    RECORD    YEAR
 MAXIMUM TEMPERATURE (F)   40        68      1971
 MINIMUM TEMPERATURE (F)   23       -14      1936


SUNRISE AND SUNSET
FEBRUARY 17 2017......SUNRISE   655 AM CST   SUNSET   543 PM CST
FEBRUARY 18 2017......SUNRISE   653 AM CST   SUNSET   545 PM CST


-  INDICATES NEGATIVE NUMBERS.
R  INDICATES RECORD WAS SET OR TIED.
MM INDICATES DATA IS MISSING.
T  INDICATES TRACE AMOUNT.




$$
