000
CDUS43 KLSX 230745
CLIUIN


CLIMATE REPORT
NATIONAL WEATHER SERVICE ST LOUIS MO
245 AM CDT MON MAR 23 2015


...................................

...THE QUINCY IL CLIMATE SUMMARY FOR MARCH 22 2015...

CLIMATE NORMAL PERIOD 1981 TO 2010
CLIMATE RECORD PERIOD 1901 TO 2015


WEATHER ITEM   OBSERVED TIME   RECORD YEAR NORMAL DEPARTURE LAST
                VALUE   (LST)  VALUE       VALUE  FROM      YEAR
                                                  NORMAL
..................................................................
TEMPERATURE (F)
 YESTERDAY
  MAXIMUM         60    317 PM  84    1907  54      6       42
  MINIMUM         39    631 AM  11    1906  35      4       28
  AVERAGE         50                        44      6

PRECIPITATION (IN)
  YESTERDAY        0.00          0.77 1976   0.08  -0.08     0.00
  MONTH TO DATE    0.46                      1.69  -1.23     0.21
  SINCE MAR 1      0.46                      1.69  -1.23     0.21
  SINCE JAN 1      2.50                      5.09  -2.59     2.33

DEGREE DAYS
 HEATING
  YESTERDAY       15                        21     -6
  MONTH TO DATE  513                       549    -36
  SINCE MAR 1    513                       549    -36
  SINCE JUL 1   5179                      4891    288

 COOLING
  YESTERDAY        0                         0      0
  MONTH TO DATE    0                         0      0
  SINCE MAR 1      0                         0      0
  SINCE JAN 1      0                         0      0
..................................................................


WIND (MPH)
  HIGHEST WIND SPEED    18   HIGHEST WIND DIRECTION     E (110)
  HIGHEST GUST SPEED    23   HIGHEST GUST DIRECTION     E (110)
  AVERAGE WIND SPEED    12.1


SKY COVER
  AVERAGE SKY COVER 0.0



RELATIVE HUMIDITY (PERCENT)
 HIGHEST    85           700 AM
 LOWEST     36           300 PM
 AVERAGE    61

..........................................................


THE QUINCY IL CLIMATE NORMALS FOR TODAY
                         NORMAL    RECORD    YEAR
 MAXIMUM TEMPERATURE (F)   55        86      1910
 MINIMUM TEMPERATURE (F)   35        11      1960


SUNRISE AND SUNSET
MARCH 23 2015.........SUNRISE   704 AM CDT   SUNSET   720 PM CDT
MARCH 24 2015.........SUNRISE   702 AM CDT   SUNSET   721 PM CDT


-  INDICATES NEGATIVE NUMBERS.
R  INDICATES RECORD WAS SET OR TIED.
MM INDICATES DATA IS MISSING.
T  INDICATES TRACE AMOUNT.




$$
