000
CDUS43 KLSX 120745
CLIUIN


CLIMATE REPORT
NATIONAL WEATHER SERVICE ST LOUIS MO
245 AM CDT SAT APR 12 2014


...................................

...THE QUINCY IL CLIMATE SUMMARY FOR APRIL 11 2014...

CLIMATE NORMAL PERIOD 1981 TO 2010
CLIMATE RECORD PERIOD 1901 TO 2014


WEATHER ITEM   OBSERVED TIME   RECORD YEAR NORMAL DEPARTURE LAST
                VALUE   (LST)  VALUE       VALUE  FROM      YEAR
                                                  NORMAL
..................................................................
TEMPERATURE (F)
 YESTERDAY
  MAXIMUM         73    434 PM  90    1930  62     11       50
  MINIMUM         40    612 AM  25    1973  41     -1       37
                                      1957
  AVERAGE         57                        52      5

PRECIPITATION (IN)
  YESTERDAY        0.00          4.03 1944   0.12  -0.12     0.03
  MONTH TO DATE    1.58                      1.25   0.33     2.21
  SINCE MAR 1      2.26                      3.71  -1.45     4.36
  SINCE JAN 1      4.38                      7.11  -2.73     9.83

DEGREE DAYS
 HEATING
  YESTERDAY        8                        14     -6
  MONTH TO DATE  168                       169     -1
  SINCE MAR 1   1046                       887    159
  SINCE JUL 1   5940                      5229    711

 COOLING
  YESTERDAY        0                         0      0
  MONTH TO DATE    0                         0      0
  SINCE MAR 1      0                         2     -2
  SINCE JAN 1      0                         2     -2
..................................................................


WIND (MPH)
  HIGHEST WIND SPEED    15   HIGHEST WIND DIRECTION     S (200)
  HIGHEST GUST SPEED    20   HIGHEST GUST DIRECTION    SW (210)
  AVERAGE WIND SPEED     5.1


SKY COVER
  AVERAGE SKY COVER 0.0



RELATIVE HUMIDITY (PERCENT)
 HIGHEST    53           400 AM
 LOWEST     19           200 PM
 AVERAGE    36

..........................................................


THE QUINCY IL CLIMATE NORMALS FOR TODAY
                         NORMAL    RECORD    YEAR
 MAXIMUM TEMPERATURE (F)   62        89      1930
 MINIMUM TEMPERATURE (F)   42        16      1957


SUNRISE AND SUNSET
APRIL 12 2014.........SUNRISE   632 AM CDT   SUNSET   740 PM CDT
APRIL 13 2014.........SUNRISE   630 AM CDT   SUNSET   741 PM CDT


-  INDICATES NEGATIVE NUMBERS.
R  INDICATES RECORD WAS SET OR TIED.
MM INDICATES DATA IS MISSING.
T  INDICATES TRACE AMOUNT.




$$
