255
CDUS43 KLSX 170727
CLIUIN


CLIMATE REPORT
NATIONAL WEATHER SERVICE ST LOUIS MO
126 AM CST SAT FEB 17 2018


...................................

...THE QUINCY IL CLIMATE SUMMARY FOR FEBRUARY 16 2018...

CLIMATE NORMAL PERIOD 1981 TO 2010
CLIMATE RECORD PERIOD 1901 TO 2018


WEATHER ITEM   OBSERVED TIME   RECORD YEAR NORMAL DEPARTURE LAST
                VALUE   (LST)  VALUE       VALUE  FROM      YEAR
                                                  NORMAL
..................................................................
TEMPERATURE (F)
 YESTERDAY
  MAXIMUM         36   1230 AM  71    1921  39     -3       67
  MINIMUM         20   1129 PM -11    1958  23     -3       26
  AVERAGE         28                        31     -3

PRECIPITATION (IN)
  YESTERDAY        0.00          0.84 1976   0.07  -0.07     0.00
  MONTH TO DATE    0.09                      0.98  -0.89     0.09
  SINCE DEC 1      1.55                      4.75  -3.20     2.30
  SINCE JAN 1      1.38                      2.50  -1.12     1.27

DEGREE DAYS
 HEATING
  YESTERDAY       37                        34      3
  MONTH TO DATE  639                       575     64
  SINCE DEC 1   2936                      2861     75
  SINCE JUL 1   3883                      3961    -78

 COOLING
  YESTERDAY        0                         0      0
  MONTH TO DATE    0                         0      0
  SINCE DEC 1      0                         0      0
  SINCE JAN 1      0                         0      0
..................................................................


WIND (MPH)
  HIGHEST WIND SPEED    24   HIGHEST WIND DIRECTION    NW (320)
  HIGHEST GUST SPEED    31   HIGHEST GUST DIRECTION    NW (330)
  AVERAGE WIND SPEED    12.6


SKY COVER
  AVERAGE SKY COVER 0.3



RELATIVE HUMIDITY (PERCENT)
 HIGHEST    85           500 AM
 LOWEST     32           300 PM
 AVERAGE    59

..........................................................


THE QUINCY IL CLIMATE NORMALS FOR TODAY
                         NORMAL    RECORD    YEAR
 MAXIMUM TEMPERATURE (F)   40        72      2017
 MINIMUM TEMPERATURE (F)   23       -18      1903


SUNRISE AND SUNSET
FEBRUARY 17 2018......SUNRISE   655 AM CST   SUNSET   543 PM CST
FEBRUARY 18 2018......SUNRISE   654 AM CST   SUNSET   544 PM CST


-  INDICATES NEGATIVE NUMBERS.
R  INDICATES RECORD WAS SET OR TIED.
MM INDICATES DATA IS MISSING.
T  INDICATES TRACE AMOUNT.




$$
