000
CDUS43 KLSX 142131
CLIUIN


CLIMATE REPORT
NATIONAL WEATHER SERVICE ST LOUIS MO
431 PM CDT SUN AUG 14 2016


...................................

...THE QUINCY IL CLIMATE SUMMARY FOR AUGUST 14 2016...
VALID TODAY AS OF 0400 PM LOCAL TIME.

CLIMATE NORMAL PERIOD 1981 TO 2010
CLIMATE RECORD PERIOD 1901 TO 2016


WEATHER ITEM   OBSERVED TIME   RECORD YEAR NORMAL DEPARTURE LAST
                VALUE   (LST)  VALUE       VALUE  FROM      YEAR
                                                  NORMAL
..................................................................
TEMPERATURE (F)
 TODAY
  MAXIMUM         84    253 PM 104    1936  85     -1       88
  MINIMUM         64    456 AM  49    1992  65     -1       68
  AVERAGE         74                        75     -1       78

PRECIPITATION (IN)
  TODAY            0.00          1.77 1985   0.12  -0.12     0.00
  MONTH TO DATE    2.26                      1.66   0.60     0.87
  SINCE JUN 1      9.98                      9.69   0.29    18.82
  SINCE JAN 1     18.66                     23.78  -5.12    27.50

DEGREE DAYS
 HEATING
  TODAY            0                         0      0
  MONTH TO DATE    0                         0      0
  SINCE JUN 1      6                        16    -10
  SINCE JUL 1      6                         0      6

 COOLING
  TODAY            9                        10     -1
  MONTH TO DATE  174                       145     29
  SINCE JUN 1    905                       715    190
  SINCE JAN 1   1009                       801    208
..................................................................


WIND (MPH)
  HIGHEST WIND SPEED    10   HIGHEST WIND DIRECTION    SE (140)
  HIGHEST GUST SPEED    13   HIGHEST GUST DIRECTION    SE (140)
  AVERAGE WIND SPEED     3.2


SKY COVER
  AVERAGE SKY COVER 0.2



RELATIVE HUMIDITY (PERCENT)
 HIGHEST   100           400 AM
 LOWEST     62          1000 AM
 AVERAGE    81

..........................................................


THE QUINCY IL CLIMATE NORMALS FOR TOMORROW
                         NORMAL    RECORD    YEAR
 MAXIMUM TEMPERATURE (F)   85       103      2007
 MINIMUM TEMPERATURE (F)   65        46      2004


SUNRISE AND SUNSET
AUGUST 14 2016........SUNRISE   616 AM CDT   SUNSET   802 PM CDT
AUGUST 15 2016........SUNRISE   617 AM CDT   SUNSET   801 PM CDT


-  INDICATES NEGATIVE NUMBERS.
R  INDICATES RECORD WAS SET OR TIED.
MM INDICATES DATA IS MISSING.
T  INDICATES TRACE AMOUNT.




$$
