000
CDUS43 KLSX 162143
CLIUIN


CLIMATE REPORT
NATIONAL WEATHER SERVICE ST LOUIS MO
442 PM CDT SAT AUG 16 2014


...................................

...THE QUINCY IL CLIMATE SUMMARY FOR AUGUST 16 2014...
VALID TODAY AS OF 0400 PM LOCAL TIME.

CLIMATE NORMAL PERIOD 1981 TO 2010
CLIMATE RECORD PERIOD 1901 TO 2014


WEATHER ITEM   OBSERVED TIME   RECORD YEAR NORMAL DEPARTURE LAST
                VALUE   (LST)  VALUE       VALUE  FROM      YEAR
                                                  NORMAL
..................................................................
TEMPERATURE (F)
 TODAY
  MAXIMUM         74    258 PM 108    1936  85    -11       79
  MINIMUM         67    833 AM  49    1992  65      2       58
  AVERAGE         71                        75     -4       69

PRECIPITATION (IN)
  TODAY            1.47          2.26 1995   0.12   1.35     0.00
  MONTH TO DATE    4.51                      1.90   2.61     0.01
  SINCE JUN 1     15.55                      9.93   5.62     2.86
  SINCE JAN 1     23.96                     24.02  -0.06    28.10

DEGREE DAYS
 HEATING
  TODAY            0                         0      0
  MONTH TO DATE    0                         0      0
  SINCE JUN 1      9                        16     -7
  SINCE JUL 1      5                         0      5

 COOLING
  TODAY            6                        10     -4
  MONTH TO DATE  108                       165    -57
  SINCE JUN 1    573                       735   -162
  SINCE JAN 1    716                       821   -105
..................................................................


WIND (MPH)
  HIGHEST WIND SPEED    28   HIGHEST WIND DIRECTION     S (200)
  HIGHEST GUST SPEED    39   HIGHEST GUST DIRECTION    SW (210)
  AVERAGE WIND SPEED    12.4


SKY COVER
  AVERAGE SKY COVER 0.9



RELATIVE HUMIDITY (PERCENT)
 HIGHEST    93           800 AM
 LOWEST     79           200 PM
 AVERAGE    86

..........................................................


THE QUINCY IL CLIMATE NORMALS FOR TOMORROW
                         NORMAL    RECORD    YEAR
 MAXIMUM TEMPERATURE (F)   85       106      1936
 MINIMUM TEMPERATURE (F)   65        52      2012


SUNRISE AND SUNSET
AUGUST 16 2014........SUNRISE   617 AM CDT   SUNSET   800 PM CDT
AUGUST 17 2014........SUNRISE   618 AM CDT   SUNSET   759 PM CDT


-  INDICATES NEGATIVE NUMBERS.
R  INDICATES RECORD WAS SET OR TIED.
MM INDICATES DATA IS MISSING.
T  INDICATES TRACE AMOUNT.




$$
