000
CDUS43 KLSX 230731
CLIUIN


CLIMATE REPORT
NATIONAL WEATHER SERVICE ST LOUIS MO
231 AM CDT THU MAR 23 2017


...................................

...THE QUINCY IL CLIMATE SUMMARY FOR MARCH 22 2017...

CLIMATE NORMAL PERIOD 1981 TO 2010
CLIMATE RECORD PERIOD 1901 TO 2017


WEATHER ITEM   OBSERVED TIME   RECORD YEAR NORMAL DEPARTURE LAST
                VALUE   (LST)  VALUE       VALUE  FROM      YEAR
                                                  NORMAL
..................................................................
TEMPERATURE (F)
 YESTERDAY
  MAXIMUM         49    327 PM  84    1907  54     -5       69
  MINIMUM         31    704 AM  11    1906  35     -4       47
  AVERAGE         40                        44     -4

PRECIPITATION (IN)
  YESTERDAY        0.00          0.77 1976   0.08  -0.08     0.00
  MONTH TO DATE    0.59                      1.69  -1.10     0.75
  SINCE MAR 1      0.59                      1.69  -1.10     0.75
  SINCE JAN 1      2.64                      5.09  -2.45     1.37

DEGREE DAYS
 HEATING
  YESTERDAY       25                        21      4
  MONTH TO DATE  506                       549    -43
  SINCE MAR 1    506                       549    -43
  SINCE JUL 1   3947                      4891   -944

 COOLING
  YESTERDAY        0                         0      0
  MONTH TO DATE    0                         0      0
  SINCE MAR 1      0                         0      0
  SINCE JAN 1      0                         0      0
..................................................................


WIND (MPH)
  HIGHEST WIND SPEED    18   HIGHEST WIND DIRECTION    SE (120)
  HIGHEST GUST SPEED    25   HIGHEST GUST DIRECTION     E (90)
  AVERAGE WIND SPEED    12.6


SKY COVER
  AVERAGE SKY COVER 0.3



RELATIVE HUMIDITY (PERCENT)
 HIGHEST    78           600 AM
 LOWEST     21           600 PM
 AVERAGE    50

..........................................................


THE QUINCY IL CLIMATE NORMALS FOR TODAY
                         NORMAL    RECORD    YEAR
 MAXIMUM TEMPERATURE (F)   55        86      1910
 MINIMUM TEMPERATURE (F)   35        11      1960


SUNRISE AND SUNSET
MARCH 23 2017.........SUNRISE   703 AM CDT   SUNSET   720 PM CDT
MARCH 24 2017.........SUNRISE   701 AM CDT   SUNSET   721 PM CDT


-  INDICATES NEGATIVE NUMBERS.
R  INDICATES RECORD WAS SET OR TIED.
MM INDICATES DATA IS MISSING.
T  INDICATES TRACE AMOUNT.




$$
