000
CDUS43 KLSX 220745
CLIUIN


CLIMATE REPORT
NATIONAL WEATHER SERVICE ST LOUIS MO
245 AM CDT SUN MAR 22 2015


...................................

...THE QUINCY IL CLIMATE SUMMARY FOR MARCH 21 2015...

CLIMATE NORMAL PERIOD 1981 TO 2010
CLIMATE RECORD PERIOD 1901 TO 2015


WEATHER ITEM   OBSERVED TIME   RECORD YEAR NORMAL DEPARTURE LAST
                VALUE   (LST)  VALUE       VALUE  FROM      YEAR
                                                  NORMAL
..................................................................
TEMPERATURE (F)
 YESTERDAY
  MAXIMUM         63    402 PM  88    1907  54      9       68
  MINIMUM         38   1216 AM   7    1951  34      4       31
  AVERAGE         51                        44      7

PRECIPITATION (IN)
  YESTERDAY        0.00          0.74 1921   0.08  -0.08     0.00
  MONTH TO DATE    0.46                      1.61  -1.15     0.21
  SINCE MAR 1      0.46                      1.61  -1.15     0.21
  SINCE JAN 1      2.50                      5.01  -2.51     2.33

DEGREE DAYS
 HEATING
  YESTERDAY       14                        21     -7
  MONTH TO DATE  498                       528    -30
  SINCE MAR 1    498                       528    -30
  SINCE JUL 1   5164                      4870    294

 COOLING
  YESTERDAY        0                         0      0
  MONTH TO DATE    0                         0      0
  SINCE MAR 1      0                         0      0
  SINCE JAN 1      0                         0      0
..................................................................


WIND (MPH)
  HIGHEST WIND SPEED    18   HIGHEST WIND DIRECTION     N (20)
  HIGHEST GUST SPEED    22   HIGHEST GUST DIRECTION     N (20)
  AVERAGE WIND SPEED     9.2


SKY COVER
  AVERAGE SKY COVER 0.0



RELATIVE HUMIDITY (PERCENT)
 HIGHEST    92          1200 AM
 LOWEST     36           300 PM
 AVERAGE    64

..........................................................


THE QUINCY IL CLIMATE NORMALS FOR TODAY
                         NORMAL    RECORD    YEAR
 MAXIMUM TEMPERATURE (F)   54        84      1907
 MINIMUM TEMPERATURE (F)   35        11      1906


SUNRISE AND SUNSET
MARCH 22 2015.........SUNRISE   705 AM CDT   SUNSET   719 PM CDT
MARCH 23 2015.........SUNRISE   704 AM CDT   SUNSET   720 PM CDT


-  INDICATES NEGATIVE NUMBERS.
R  INDICATES RECORD WAS SET OR TIED.
MM INDICATES DATA IS MISSING.
T  INDICATES TRACE AMOUNT.




$$
