000
CDUS43 KLSX 280746
CLIUIN


CLIMATE REPORT
NATIONAL WEATHER SERVICE ST LOUIS MO
146 AM CST THU JAN 28 2016


...................................

...THE QUINCY IL CLIMATE SUMMARY FOR JANUARY 27 2016...

CLIMATE NORMAL PERIOD 1981 TO 2010
CLIMATE RECORD PERIOD 1901 TO 2016


WEATHER ITEM   OBSERVED TIME   RECORD YEAR NORMAL DEPARTURE LAST
                VALUE   (LST)  VALUE       VALUE  FROM      YEAR
                                                  NORMAL
..................................................................
TEMPERATURE (F)
 YESTERDAY
  MAXIMUM         39   1116 PM  65    1968  35      4       42
                                      1944
  MINIMUM         26    800 AM -16    1936  19      7       28
  AVERAGE         33                        27      6

PRECIPITATION (IN)
  YESTERDAY        0.00          1.23 1916   0.05  -0.05     0.00
  MONTH TO DATE    0.40                      1.33  -0.93     0.62
  SINCE DEC 1      6.22                      3.58   2.64     1.93
  SINCE JAN 1      0.40                      1.33  -0.93     0.62

DEGREE DAYS
 HEATING
  YESTERDAY       32                        38     -6
  MONTH TO DATE 1066                      1046     20
  SINCE DEC 1   1809                      2137   -328
  SINCE JUL 1   2627                      3237   -610

 COOLING
  YESTERDAY        0                         0      0
  MONTH TO DATE    0                         0      0
  SINCE DEC 1      0                         0      0
  SINCE JAN 1      0                         0      0
..................................................................


WIND (MPH)
  HIGHEST WIND SPEED    20   HIGHEST WIND DIRECTION    SW (210)
  HIGHEST GUST SPEED    23   HIGHEST GUST DIRECTION    SW (210)
  AVERAGE WIND SPEED     9.8


SKY COVER
  AVERAGE SKY COVER 0.5



RELATIVE HUMIDITY (PERCENT)
 HIGHEST    75           500 AM
 LOWEST     59          1200 PM
 AVERAGE    67

..........................................................


THE QUINCY IL CLIMATE NORMALS FOR TODAY
                         NORMAL    RECORD    YEAR
 MAXIMUM TEMPERATURE (F)   35        66      2013
 MINIMUM TEMPERATURE (F)   19       -15      1915


SUNRISE AND SUNSET
JANUARY 28 2016.......SUNRISE   717 AM CST   SUNSET   519 PM CST
JANUARY 29 2016.......SUNRISE   716 AM CST   SUNSET   520 PM CST


-  INDICATES NEGATIVE NUMBERS.
R  INDICATES RECORD WAS SET OR TIED.
MM INDICATES DATA IS MISSING.
T  INDICATES TRACE AMOUNT.




$$
