000
CDUS43 KLSX 180740
CLIUIN


CLIMATE REPORT
NATIONAL WEATHER SERVICE ST LOUIS MO
140 AM CST TUE NOV 18 2014


...................................

...THE QUINCY IL CLIMATE SUMMARY FOR NOVEMBER 17 2014...

CLIMATE NORMAL PERIOD 1981 TO 2010
CLIMATE RECORD PERIOD 1901 TO 2014


WEATHER ITEM   OBSERVED TIME   RECORD YEAR NORMAL DEPARTURE LAST
                VALUE   (LST)  VALUE       VALUE  FROM      YEAR
                                                  NORMAL
..................................................................
TEMPERATURE (F)
 YESTERDAY
  MAXIMUM         24   1256 PM  78    1952  51    -27       73
  MINIMUM         13   1155 PM   3    1959  33    -20       43
  AVERAGE         19                        42    -23

PRECIPITATION (IN)
  YESTERDAY        T             2.47 1928   0.10  -0.10     0.12
  MONTH TO DATE    0.10                      1.74  -1.64     1.02
  SINCE SEP 1     12.44                      8.05   4.39     5.66
  SINCE JAN 1     38.06                     33.80   4.26    33.76

DEGREE DAYS
 HEATING
  YESTERDAY       46                        23     23
  MONTH TO DATE  463                       329    134
  SINCE SEP 1    871                       748    123
  SINCE JUL 1    876                       753    123

 COOLING
  YESTERDAY        0                         0      0
  MONTH TO DATE    0                         0      0
  SINCE SEP 1     92                       140    -48
  SINCE JAN 1   1021                      1093    -72
..................................................................


WIND (MPH)
  HIGHEST WIND SPEED    28   HIGHEST WIND DIRECTION     W (290)
  HIGHEST GUST SPEED    36   HIGHEST GUST DIRECTION     W (280)
  AVERAGE WIND SPEED    16.7


SKY COVER
  AVERAGE SKY COVER 0.5



RELATIVE HUMIDITY (PERCENT)
 HIGHEST    74           800 AM
 LOWEST     36           100 PM
 AVERAGE    55

..........................................................


THE QUINCY IL CLIMATE NORMALS FOR TODAY
                         NORMAL    RECORD    YEAR
 MAXIMUM TEMPERATURE (F)   50        74      1999
                                             1953
 MINIMUM TEMPERATURE (F)   33         7      1903


SUNRISE AND SUNSET
NOVEMBER 18 2014......SUNRISE   653 AM CST   SUNSET   446 PM CST
NOVEMBER 19 2014......SUNRISE   654 AM CST   SUNSET   446 PM CST


-  INDICATES NEGATIVE NUMBERS.
R  INDICATES RECORD WAS SET OR TIED.
MM INDICATES DATA IS MISSING.
T  INDICATES TRACE AMOUNT.




$$
