307
CDUS43 KLSX 160728
CLIUIN


CLIMATE REPORT
NATIONAL WEATHER SERVICE ST LOUIS MO
127 AM CST THU FEB 16 2017


...................................

...THE QUINCY IL CLIMATE SUMMARY FOR FEBRUARY 15 2017...

CLIMATE NORMAL PERIOD 1981 TO 2010
CLIMATE RECORD PERIOD 1901 TO 2017


WEATHER ITEM   OBSERVED TIME   RECORD YEAR NORMAL DEPARTURE LAST
                VALUE   (LST)  VALUE       VALUE  FROM      YEAR
                                                  NORMAL
..................................................................
TEMPERATURE (F)
 YESTERDAY
  MAXIMUM         45    433 PM  74    1921  39      6       33
  MINIMUM         28    726 AM -17    1905  23      5       25
  AVERAGE         37                        31      6

PRECIPITATION (IN)
  YESTERDAY        0.00          1.16 1954   0.06  -0.06     0.00
  MONTH TO DATE    0.09                      0.91  -0.82     0.20
  SINCE DEC 1      2.30                      4.68  -2.38     6.42
  SINCE JAN 1      1.27                      2.43  -1.16     0.60

DEGREE DAYS
 HEATING
  YESTERDAY       28                        34     -6
  MONTH TO DATE  445                       541    -96
  SINCE DEC 1   2584                      2827   -243
  SINCE JUL 1   3272                      3927   -655

 COOLING
  YESTERDAY        0                         0      0
  MONTH TO DATE    0                         0      0
  SINCE DEC 1      0                         0      0
  SINCE JAN 1      0                         0      0
..................................................................


WIND (MPH)
  HIGHEST WIND SPEED    20   HIGHEST WIND DIRECTION    NW (330)
  HIGHEST GUST SPEED    30   HIGHEST GUST DIRECTION    NW (330)
  AVERAGE WIND SPEED     9.3


SKY COVER
  AVERAGE SKY COVER 0.0



RELATIVE HUMIDITY (PERCENT)
 HIGHEST    75           500 AM
 LOWEST     31           200 PM
 AVERAGE    53

..........................................................


THE QUINCY IL CLIMATE NORMALS FOR TODAY
                         NORMAL    RECORD    YEAR
 MAXIMUM TEMPERATURE (F)   39        71      1921
 MINIMUM TEMPERATURE (F)   23       -11      1958


SUNRISE AND SUNSET
FEBRUARY 16 2017......SUNRISE   656 AM CST   SUNSET   542 PM CST
FEBRUARY 17 2017......SUNRISE   655 AM CST   SUNSET   543 PM CST


-  INDICATES NEGATIVE NUMBERS.
R  INDICATES RECORD WAS SET OR TIED.
MM INDICATES DATA IS MISSING.
T  INDICATES TRACE AMOUNT.




$$
