000
CDUS43 KLSX 170733
CLIUIN


CLIMATE REPORT
NATIONAL WEATHER SERVICE ST LOUIS MO
233 AM CDT WED MAY 17 2017


...................................

...THE QUINCY IL CLIMATE SUMMARY FOR MAY 16 2017...

CLIMATE NORMAL PERIOD 1981 TO 2010
CLIMATE RECORD PERIOD 1901 TO 2017


WEATHER ITEM   OBSERVED TIME   RECORD YEAR NORMAL DEPARTURE LAST
                VALUE   (LST)  VALUE       VALUE  FROM      YEAR
                                                  NORMAL
..................................................................
TEMPERATURE (F)
 YESTERDAY
  MAXIMUM         86    259 PM  92    1944  73     13       57
                                      1911
  MINIMUM         66    624 AM  34    1956  53     13       47
                                      1907
  AVERAGE         76                        63     13

PRECIPITATION (IN)
  YESTERDAY        T             2.21 1957   0.14  -0.14     0.21
  MONTH TO DATE    0.88                      2.23  -1.35     1.84
  SINCE MAR 1     10.87                      8.38   2.49     6.26
  SINCE JAN 1     12.92                     11.78   1.14     6.88

DEGREE DAYS
 HEATING
  YESTERDAY        0                         4     -4
  MONTH TO DATE   81                        92    -11
  SINCE MAR 1    951                      1180   -229
  SINCE JUL 1   4392                      5522  -1130

 COOLING
  YESTERDAY       11                         2      9
  MONTH TO DATE   40                        22     18
  SINCE MAR 1     72                        40     32
  SINCE JAN 1     72                        40     32
..................................................................


WIND (MPH)
  HIGHEST WIND SPEED    28   HIGHEST WIND DIRECTION     S (190)
  HIGHEST GUST SPEED    35   HIGHEST GUST DIRECTION     S (190)
  AVERAGE WIND SPEED    15.5


SKY COVER
  AVERAGE SKY COVER 0.0



RELATIVE HUMIDITY (PERCENT)
 HIGHEST    81           400 AM
 LOWEST     40           100 PM
 AVERAGE    61

..........................................................


THE QUINCY IL CLIMATE NORMALS FOR TODAY
                         NORMAL    RECORD    YEAR
 MAXIMUM TEMPERATURE (F)   73        92      1911
 MINIMUM TEMPERATURE (F)   53        35      2014


SUNRISE AND SUNSET
MAY 17 2017...........SUNRISE   548 AM CDT   SUNSET   815 PM CDT
MAY 18 2017...........SUNRISE   547 AM CDT   SUNSET   816 PM CDT


-  INDICATES NEGATIVE NUMBERS.
R  INDICATES RECORD WAS SET OR TIED.
MM INDICATES DATA IS MISSING.
T  INDICATES TRACE AMOUNT.




$$
