000
CDUS43 KLSX 152133
CLIUIN


CLIMATE REPORT
NATIONAL WEATHER SERVICE ST LOUIS MO
430 PM CDT WED OCT 15 2014


...................................

...THE QUINCY IL CLIMATE SUMMARY FOR OCTOBER 15 2014...
VALID TODAY AS OF 0400 PM LOCAL TIME.

CLIMATE NORMAL PERIOD 1981 TO 2010
CLIMATE RECORD PERIOD 1901 TO 2014


WEATHER ITEM   OBSERVED TIME   RECORD YEAR NORMAL DEPARTURE LAST
                VALUE   (LST)  VALUE       VALUE  FROM      YEAR
                                                  NORMAL
..................................................................
TEMPERATURE (F)
 TODAY
  MAXIMUM         61    116 PM  90    1938  65     -4       68
  MINIMUM         50    853 AM  29    1952  45      5       46
  AVERAGE         56                        55      1       57

PRECIPITATION (IN)
  TODAY            0.00          1.66 1967   0.10  -0.10     0.15
  MONTH TO DATE    5.99                      1.48   4.51     0.53
  SINCE SEP 1     12.26                      4.78   7.48     2.33
  SINCE JAN 1     37.88                     30.53   7.35    30.43

DEGREE DAYS
 HEATING
  TODAY            9                        10     -1
  MONTH TO DATE  140                       128     12
  SINCE SEP 1    227                       210     17
  SINCE JUL 1    232                       215     17

 COOLING
  TODAY            0                         0      0
  MONTH TO DATE    0                        14    -14
  SINCE SEP 1     87                       137    -50
  SINCE JAN 1   1016                      1090    -74
..................................................................


WIND (MPH)
  HIGHEST WIND SPEED    21   HIGHEST WIND DIRECTION    NW (310)
  HIGHEST GUST SPEED    25   HIGHEST GUST DIRECTION    NW (310)
  AVERAGE WIND SPEED    12.6


SKY COVER
  AVERAGE SKY COVER 1.0



RELATIVE HUMIDITY (PERCENT)
 HIGHEST    89          1200 AM
 LOWEST     62           100 PM
 AVERAGE    76

..........................................................


THE QUINCY IL CLIMATE NORMALS FOR TOMORROW
                         NORMAL    RECORD    YEAR
 MAXIMUM TEMPERATURE (F)   65        88      1950
 MINIMUM TEMPERATURE (F)   44        29      2002


SUNRISE AND SUNSET
OCTOBER 15 2014.......SUNRISE   715 AM CDT   SUNSET   625 PM CDT
OCTOBER 16 2014.......SUNRISE   716 AM CDT   SUNSET   624 PM CDT


-  INDICATES NEGATIVE NUMBERS.
R  INDICATES RECORD WAS SET OR TIED.
MM INDICATES DATA IS MISSING.
T  INDICATES TRACE AMOUNT.




$$
