000
CDUS43 KLSX 120728
CLIUIN


CLIMATE REPORT
NATIONAL WEATHER SERVICE ST LOUIS MO
226 AM CDT MON JUN 12 2017


...................................

...THE QUINCY IL CLIMATE SUMMARY FOR JUNE 11 2017...

CLIMATE NORMAL PERIOD 1981 TO 2010
CLIMATE RECORD PERIOD 1901 TO 2017


WEATHER ITEM   OBSERVED TIME   RECORD YEAR NORMAL DEPARTURE LAST
                VALUE   (LST)  VALUE       VALUE  FROM      YEAR
                                                  NORMAL
..................................................................
TEMPERATURE (F)
 YESTERDAY
  MAXIMUM         91    333 PM 100    1933  81     10       93
  MINIMUM         70    517 AM  43    1972  61      9       69
  AVERAGE         81                        71     10

PRECIPITATION (IN)
  YESTERDAY        0.00          2.38 1915   0.13  -0.13     0.00
  MONTH TO DATE    0.00                      1.56  -1.56     0.14
  SINCE JUN 1      0.00                      1.56  -1.56     0.14
  SINCE JAN 1     16.78                     15.65   1.13     8.82

DEGREE DAYS
 HEATING
  YESTERDAY        0                         1     -1
  MONTH TO DATE    0                        13    -13
  SINCE JUN 1      0                        13    -13
  SINCE JUL 1   4433                      5579  -1146

 COOLING
  YESTERDAY       16                         7      9
  MONTH TO DATE   93                        60     33
  SINCE JUN 1     93                        60     33
  SINCE JAN 1    202                       146     56
..................................................................


WIND (MPH)
  HIGHEST WIND SPEED    24   HIGHEST WIND DIRECTION     S (200)
  HIGHEST GUST SPEED    31   HIGHEST GUST DIRECTION     S (200)
  AVERAGE WIND SPEED    14.4


SKY COVER
  AVERAGE SKY COVER 0.1



RELATIVE HUMIDITY (PERCENT)
 HIGHEST    73           500 AM
 LOWEST     46          1200 PM
 AVERAGE    60

..........................................................


THE QUINCY IL CLIMATE NORMALS FOR TODAY
                         NORMAL    RECORD    YEAR
 MAXIMUM TEMPERATURE (F)   81       102      1918
 MINIMUM TEMPERATURE (F)   62        39      1903


SUNRISE AND SUNSET
JUNE 12 2017..........SUNRISE   536 AM CDT   SUNSET   834 PM CDT
JUNE 13 2017..........SUNRISE   536 AM CDT   SUNSET   835 PM CDT


-  INDICATES NEGATIVE NUMBERS.
R  INDICATES RECORD WAS SET OR TIED.
MM INDICATES DATA IS MISSING.
T  INDICATES TRACE AMOUNT.




$$
