000
CDUS43 KLSX 072230
CLIUIN


CLIMATE REPORT
NATIONAL WEATHER SERVICE ST LOUIS MO
530 PM CDT MON APR 7 2014


...................................

...THE QUINCY IL CLIMATE SUMMARY FOR APRIL 7 2014...
VALID TODAY AS OF 0500 PM LOCAL TIME.

CLIMATE NORMAL PERIOD 1981 TO 2010
CLIMATE RECORD PERIOD 1901 TO 2014


WEATHER ITEM   OBSERVED TIME   RECORD YEAR NORMAL DEPARTURE LAST
                VALUE   (LST)  VALUE       VALUE  FROM      YEAR
                                                  NORMAL
..................................................................
TEMPERATURE (F)
 TODAY
  MAXIMUM         61    359 PM  84    1948  61      0       74
  MINIMUM         42    613 AM  19    2007  40      2       44
  AVERAGE         52                        50      2       59

PRECIPITATION (IN)
  TODAY            0.00          1.48 1942   0.12  -0.12     0.05
  MONTH TO DATE    1.58                      0.77   0.81     0.05
  SINCE MAR 1      2.26                      3.23  -0.97     2.20
  SINCE JAN 1      4.38                      6.63  -2.25     7.67

DEGREE DAYS
 HEATING
  TODAY           13                        15     -2
  MONTH TO DATE  127                       112     15
  SINCE MAR 1   1005                       830    175
  SINCE JUL 1   5899                      5172    727

 COOLING
  TODAY            0                         0      0
  MONTH TO DATE    0                         0      0
  SINCE MAR 1      0                         2     -2
  SINCE JAN 1      0                         2     -2
..................................................................


WIND (MPH)
  HIGHEST WIND SPEED    17   HIGHEST WIND DIRECTION     N (340)
  HIGHEST GUST SPEED    22   HIGHEST GUST DIRECTION    NW (330)
  AVERAGE WIND SPEED     8.5


SKY COVER
  AVERAGE SKY COVER 0.2



RELATIVE HUMIDITY (PERCENT)
 HIGHEST    76           200 AM
 LOWEST     31           200 PM
 AVERAGE    54

..........................................................


THE QUINCY IL CLIMATE NORMALS FOR TOMORROW
                         NORMAL    RECORD    YEAR
 MAXIMUM TEMPERATURE (F)   61        84      2001
 MINIMUM TEMPERATURE (F)   40        21      1997
                                             1972


SUNRISE AND SUNSET
APRIL  7 2014.........SUNRISE   639 AM CDT   SUNSET   735 PM CDT
APRIL  8 2014.........SUNRISE   638 AM CDT   SUNSET   736 PM CDT


-  INDICATES NEGATIVE NUMBERS.
R  INDICATES RECORD WAS SET OR TIED.
MM INDICATES DATA IS MISSING.
T  INDICATES TRACE AMOUNT.




$$
