000
CDUS43 KLSX 222243
CLIUIN


CLIMATE REPORT
NATIONAL WEATHER SERVICE ST LOUIS MO
540 PM CDT WED JUL 22 2015


...................................

...THE QUINCY IL CLIMATE SUMMARY FOR JULY 22 2015...
VALID TODAY AS OF 0500 PM LOCAL TIME.

CLIMATE NORMAL PERIOD 1981 TO 2010
CLIMATE RECORD PERIOD 1901 TO 2015


WEATHER ITEM   OBSERVED TIME   RECORD YEAR NORMAL DEPARTURE LAST
                VALUE   (LST)  VALUE       VALUE  FROM      YEAR
                                                  NORMAL
..................................................................
TEMPERATURE (F)
 TODAY
  MAXIMUM         82    310 PM 111    1901  86     -4       85
  MINIMUM         61    519 AM  50    1947  66     -5       70
  AVERAGE         72                        76     -4       78

PRECIPITATION (IN)
  TODAY            0.00          4.62 1951   0.13  -0.13     0.02
  MONTH TO DATE    7.36                      2.94   4.42     2.07
  SINCE JUN 1     15.89                      6.93   8.96    10.22
  SINCE JAN 1     24.57                     21.02   3.55    18.63

DEGREE DAYS
 HEATING
  TODAY            0                         0      0
  MONTH TO DATE    3                         0      3
  SINCE JUN 1     11                        16     -5
  SINCE JUL 1      3                         0      3

 COOLING
  TODAY            7                        11     -4
  MONTH TO DATE  217                       242    -25
  SINCE JUN 1    464                       469     -5
  SINCE JAN 1    578                       555     23
..................................................................


WIND (MPH)
  HIGHEST WIND SPEED    10   HIGHEST WIND DIRECTION     E (110)
  HIGHEST GUST SPEED    15   HIGHEST GUST DIRECTION    SE (120)
  AVERAGE WIND SPEED     5.0


SKY COVER
  AVERAGE SKY COVER 0.1



RELATIVE HUMIDITY (PERCENT)
 HIGHEST    97           500 AM
 LOWEST     49           100 PM
 AVERAGE    73

..........................................................


THE QUINCY IL CLIMATE NORMALS FOR TOMORROW
                         NORMAL    RECORD    YEAR
 MAXIMUM TEMPERATURE (F)   86       112      1934
 MINIMUM TEMPERATURE (F)   66        53      1947
                                             1904


SUNRISE AND SUNSET
JULY 22 2015..........SUNRISE   554 AM CDT   SUNSET   828 PM CDT
JULY 23 2015..........SUNRISE   555 AM CDT   SUNSET   827 PM CDT


-  INDICATES NEGATIVE NUMBERS.
R  INDICATES RECORD WAS SET OR TIED.
MM INDICATES DATA IS MISSING.
T  INDICATES TRACE AMOUNT.




$$
