303
CDUS43 KLSX 100727
CLIUIN


CLIMATE REPORT
NATIONAL WEATHER SERVICE ST LOUIS MO
127 AM CST FRI FEB 10 2017


...................................

...THE QUINCY IL CLIMATE SUMMARY FOR FEBRUARY 9 2017...

CLIMATE NORMAL PERIOD 1981 TO 2010
CLIMATE RECORD PERIOD 1901 TO 2017


WEATHER ITEM   OBSERVED TIME   RECORD YEAR NORMAL DEPARTURE LAST
                VALUE   (LST)  VALUE       VALUE  FROM      YEAR
                                                  NORMAL
..................................................................
TEMPERATURE (F)
 YESTERDAY
  MAXIMUM         22   1159 PM  67    1943  37    -15       20
  MINIMUM         11    740 AM -16    1979  21    -10       13
  AVERAGE         17                        29    -12

PRECIPITATION (IN)
  YESTERDAY        0.00          0.77 1966   0.06  -0.06      T
                                      1959
  MONTH TO DATE    0.10                      0.50  -0.40     0.12
  SINCE DEC 1      2.31                      4.27  -1.96     6.34
  SINCE JAN 1      1.28                      2.02  -0.74     0.52

DEGREE DAYS
 HEATING
  YESTERDAY       48                        36     12
  MONTH TO DATE  310                       331    -21
  SINCE DEC 1   2449                      2617   -168
  SINCE JUL 1   3137                      3717   -580

 COOLING
  YESTERDAY        0                         0      0
  MONTH TO DATE    0                         0      0
  SINCE DEC 1      0                         0      0
  SINCE JAN 1      0                         0      0
..................................................................


WIND (MPH)
  HIGHEST WIND SPEED    15   HIGHEST WIND DIRECTION    NW (300)
  HIGHEST GUST SPEED    18   HIGHEST GUST DIRECTION    NW (320)
  AVERAGE WIND SPEED     7.2


SKY COVER
  AVERAGE SKY COVER 0.3



RELATIVE HUMIDITY (PERCENT)
 HIGHEST    83           700 AM
 LOWEST     57           300 PM
 AVERAGE    70

..........................................................


THE QUINCY IL CLIMATE NORMALS FOR TODAY
                         NORMAL    RECORD    YEAR
 MAXIMUM TEMPERATURE (F)   37        74      1932
 MINIMUM TEMPERATURE (F)   21       -10      1982
                                             1936
                                             1905


SUNRISE AND SUNSET
FEBRUARY 10 2017......SUNRISE   703 AM CST   SUNSET   535 PM CST
FEBRUARY 11 2017......SUNRISE   702 AM CST   SUNSET   536 PM CST


-  INDICATES NEGATIVE NUMBERS.
R  INDICATES RECORD WAS SET OR TIED.
MM INDICATES DATA IS MISSING.
T  INDICATES TRACE AMOUNT.




$$
