000
CDUS43 KLSX 140727
CLIUIN


CLIMATE REPORT
NATIONAL WEATHER SERVICE ST LOUIS MO
126 AM CST TUE NOV 14 2017


...................................

...THE QUINCY IL CLIMATE SUMMARY FOR NOVEMBER 13 2017...

CLIMATE NORMAL PERIOD 1981 TO 2010
CLIMATE RECORD PERIOD 1901 TO 2017


WEATHER ITEM   OBSERVED TIME   RECORD YEAR NORMAL DEPARTURE LAST
                VALUE   (LST)  VALUE       VALUE  FROM      YEAR
                                                  NORMAL
..................................................................
TEMPERATURE (F)
 YESTERDAY
  MAXIMUM         50    308 PM  77    1999  53     -3       60
                                      1989
  MINIMUM         38    835 AM   6    1986  35      3       31
  AVERAGE         44                        44      0

PRECIPITATION (IN)
  YESTERDAY        0.00          1.44 1972   0.11  -0.11     0.00
  MONTH TO DATE    0.12                      1.33  -1.21     0.81
  SINCE SEP 1      5.27                      7.64  -2.37     5.81
  SINCE JAN 1     31.42                     33.39  -1.97    29.50

DEGREE DAYS
 HEATING
  YESTERDAY       21                        21      0
  MONTH TO DATE  296                       239     57
  SINCE SEP 1    577                       658    -81
  SINCE JUL 1    577                       663    -86

 COOLING
  YESTERDAY        0                         0      0
  MONTH TO DATE    0                         0      0
  SINCE SEP 1    234                       140     94
  SINCE JAN 1   1229                      1093    136
..................................................................


WIND (MPH)
  HIGHEST WIND SPEED    14   HIGHEST WIND DIRECTION    SE (150)
  HIGHEST GUST SPEED    18   HIGHEST GUST DIRECTION    SE (150)
  AVERAGE WIND SPEED     6.1


SKY COVER
  AVERAGE SKY COVER 0.6



RELATIVE HUMIDITY (PERCENT)
 HIGHEST    85          1200 AM
 LOWEST     56           300 PM
 AVERAGE    71

..........................................................


THE QUINCY IL CLIMATE NORMALS FOR TODAY
                         NORMAL    RECORD    YEAR
 MAXIMUM TEMPERATURE (F)   52        75      1971
                                             1960
 MINIMUM TEMPERATURE (F)   35         9      1940


SUNRISE AND SUNSET
NOVEMBER 14 2017......SUNRISE   649 AM CST   SUNSET   449 PM CST
NOVEMBER 15 2017......SUNRISE   650 AM CST   SUNSET   448 PM CST


-  INDICATES NEGATIVE NUMBERS.
R  INDICATES RECORD WAS SET OR TIED.
MM INDICATES DATA IS MISSING.
T  INDICATES TRACE AMOUNT.




$$
