000
CDUS43 KLSX 192331
CLIUIN


CLIMATE REPORT
NATIONAL WEATHER SERVICE ST LOUIS MO
531 PM CST FRI DEC 19 2014


...................................

...THE QUINCY IL CLIMATE SUMMARY FOR DECEMBER 19 2014...
VALID TODAY AS OF 0500 PM LOCAL TIME.

CLIMATE NORMAL PERIOD 1981 TO 2010
CLIMATE RECORD PERIOD 1901 TO 2014


WEATHER ITEM   OBSERVED TIME   RECORD YEAR NORMAL DEPARTURE LAST
                VALUE   (LST)  VALUE       VALUE  FROM      YEAR
                                                  NORMAL
..................................................................
TEMPERATURE (F)
 TODAY
  MAXIMUM         33    359 PM  60    1988  36     -3       52
                                      1939
  MINIMUM         28    839 AM -16    1901  21      7       40
  AVERAGE         31                        29      2       46

PRECIPITATION (IN)
  TODAY            0.00          1.50 1987   0.07  -0.07      T
  MONTH TO DATE    0.87                      1.51  -0.64     0.79
  SINCE DEC 1      0.87                      1.51  -0.64     0.79
  SINCE JAN 1     39.68                     36.59   3.09    35.38

DEGREE DAYS
 HEATING
  TODAY           34                        36     -2
  MONTH TO DATE  596                       640    -44
  SINCE DEC 1    596                       640    -44
  SINCE JUL 1   1873                      1740    133

 COOLING
  TODAY            0                         0      0
  MONTH TO DATE    0                         0      0
  SINCE DEC 1      0                         0      0
  SINCE JAN 1   1021                      1094    -73
..................................................................


WIND (MPH)
  HIGHEST WIND SPEED     8   HIGHEST WIND DIRECTION     S (190)
  HIGHEST GUST SPEED    10   HIGHEST GUST DIRECTION     S (180)
  AVERAGE WIND SPEED     2.7


SKY COVER
  AVERAGE SKY COVER 1.0



RELATIVE HUMIDITY (PERCENT)
 HIGHEST    85           100 AM
 LOWEST     66          1200 PM
 AVERAGE    76

..........................................................


THE QUINCY IL CLIMATE NORMALS FOR TOMORROW
                         NORMAL    RECORD    YEAR
 MAXIMUM TEMPERATURE (F)   36        66      1949
                                             1941
 MINIMUM TEMPERATURE (F)   21       -19      1901


SUNRISE AND SUNSET
DECEMBER 19 2014......SUNRISE   722 AM CST   SUNSET   442 PM CST
DECEMBER 20 2014......SUNRISE   722 AM CST   SUNSET   442 PM CST


-  INDICATES NEGATIVE NUMBERS.
R  INDICATES RECORD WAS SET OR TIED.
MM INDICATES DATA IS MISSING.
T  INDICATES TRACE AMOUNT.




$$
