000
CDUS43 KLSX 032238
CLIUIN


CLIMATE REPORT
NATIONAL WEATHER SERVICE ST LOUIS MO
436 PM CST SAT FEB 3 2018


...................................

...THE QUINCY IL CLIMATE SUMMARY FOR FEBRUARY 3 2018...
VALID TODAY AS OF 0400 PM LOCAL TIME.

CLIMATE NORMAL PERIOD 1981 TO 2010
CLIMATE RECORD PERIOD 1901 TO 2018


WEATHER ITEM   OBSERVED TIME   RECORD YEAR NORMAL DEPARTURE LAST
                VALUE   (LST)  VALUE       VALUE  FROM      YEAR
                                                  NORMAL
..................................................................
TEMPERATURE (F)
 TODAY
  MAXIMUM         47    204 PM  66    1992  36     11       31
  MINIMUM         23    203 AM -18    1996  20      3       19
  AVERAGE         35                        28      7       25

PRECIPITATION (IN)
  TODAY            0.00          0.79 1903   0.05  -0.05     0.00
  MONTH TO DATE    0.00                      0.15  -0.15     0.00
  SINCE DEC 1      1.46                      3.92  -2.46     2.21
  SINCE JAN 1      1.29                      1.67  -0.38     1.18

DEGREE DAYS
 HEATING
  TODAY           30                        37     -7
  MONTH TO DATE  119                       112      7
  SINCE DEC 1   2416                      2398     18
  SINCE JUL 1   3363                      3498   -135

 COOLING
  TODAY            0                         0      0
  MONTH TO DATE    0                         0      0
  SINCE DEC 1      0                         0      0
  SINCE JAN 1      0                         0      0
..................................................................


WIND (MPH)
  HIGHEST WIND SPEED    25   HIGHEST WIND DIRECTION     S (200)
  HIGHEST GUST SPEED    33   HIGHEST GUST DIRECTION     S (190)
  AVERAGE WIND SPEED    14.8


SKY COVER
  AVERAGE SKY COVER 0.8



RELATIVE HUMIDITY (PERCENT)
 HIGHEST    47           700 AM
 LOWEST     25           200 PM
 AVERAGE    36

..........................................................


THE QUINCY IL CLIMATE NORMALS FOR TOMORROW
                         NORMAL    RECORD    YEAR
 MAXIMUM TEMPERATURE (F)   36        67      1962
 MINIMUM TEMPERATURE (F)   20       -14      1996


SUNRISE AND SUNSET
FEBRUARY  3 2018......SUNRISE   711 AM CST   SUNSET   527 PM CST
FEBRUARY  4 2018......SUNRISE   710 AM CST   SUNSET   528 PM CST


-  INDICATES NEGATIVE NUMBERS.
R  INDICATES RECORD WAS SET OR TIED.
MM INDICATES DATA IS MISSING.
T  INDICATES TRACE AMOUNT.




$$
