067
CDUS43 KLSX 300727
CLIUIN


CLIMATE REPORT
NATIONAL WEATHER SERVICE ST LOUIS MO
126 AM CST WED NOV 30 2016


...................................

...THE QUINCY IL CLIMATE SUMMARY FOR NOVEMBER 29 2016...

CLIMATE NORMAL PERIOD 1981 TO 2010
CLIMATE RECORD PERIOD 1901 TO 2016


WEATHER ITEM   OBSERVED TIME   RECORD YEAR NORMAL DEPARTURE LAST
                VALUE   (LST)  VALUE       VALUE  FROM      YEAR
                                                  NORMAL
..................................................................
TEMPERATURE (F)
 YESTERDAY
  MAXIMUM         58    225 PM  76    1933  44     14       38
  MINIMUM         38   1159 PM  -1    1964  28     10       33
  AVERAGE         48                        36     12

PRECIPITATION (IN)
  YESTERDAY        0.00          2.34 2006   0.10  -0.10    MM
  MONTH TO DATE    1.16                      2.93  -1.77     2.68
  SINCE SEP 1      6.16                      9.24  -3.08     4.91
  SINCE JAN 1     29.85                     34.99  -5.14    33.67

DEGREE DAYS
 HEATING
  YESTERDAY       17                        29    -12
  MONTH TO DATE  460                       647   -187
  SINCE SEP 1    652                      1066   -414
  SINCE JUL 1    658                      1071   -413

 COOLING
  YESTERDAY        0                         0      0
  MONTH TO DATE   15                         0     15
  SINCE SEP 1    296                       140    156
  SINCE JAN 1   1472                      1093    379
..................................................................


WIND (MPH)
  HIGHEST WIND SPEED    16   HIGHEST WIND DIRECTION     W (280)
  HIGHEST GUST SPEED    22   HIGHEST GUST DIRECTION     W (280)
  AVERAGE WIND SPEED     9.6


SKY COVER
  AVERAGE SKY COVER 0.2



RELATIVE HUMIDITY (PERCENT)
 HIGHEST    76           200 AM
 LOWEST     51           100 PM
 AVERAGE    64

..........................................................


THE QUINCY IL CLIMATE NORMALS FOR TODAY
                         NORMAL    RECORD    YEAR
 MAXIMUM TEMPERATURE (F)   43        72      1933
 MINIMUM TEMPERATURE (F)   27       -11      1964


SUNRISE AND SUNSET
NOVEMBER 30 2016......SUNRISE   707 AM CST   SUNSET   440 PM CST
DECEMBER  1 2016......SUNRISE   708 AM CST   SUNSET   440 PM CST


-  INDICATES NEGATIVE NUMBERS.
R  INDICATES RECORD WAS SET OR TIED.
MM INDICATES DATA IS MISSING.
T  INDICATES TRACE AMOUNT.




$$
