000
CDUS43 KLSX 250731
CLIUIN


CLIMATE REPORT
NATIONAL WEATHER SERVICE ST LOUIS MO
230 AM CDT TUE AUG 25 2015


...................................

...THE QUINCY IL CLIMATE SUMMARY FOR AUGUST 24 2015...

CLIMATE NORMAL PERIOD 1981 TO 2010
CLIMATE RECORD PERIOD 1901 TO 2015


WEATHER ITEM   OBSERVED TIME   RECORD YEAR NORMAL DEPARTURE LAST
                VALUE   (LST)  VALUE       VALUE  FROM      YEAR
                                                  NORMAL
..................................................................
TEMPERATURE (F)
 YESTERDAY
  MAXIMUM         78    420 PM 109    1936  84     -6       93
  MINIMUM         51    546 AM  46    1942  64    -13       73
  AVERAGE         65                        74     -9

PRECIPITATION (IN)
  YESTERDAY        0.00          1.13 2007   0.12  -0.12     0.00
  MONTH TO DATE    1.95                      2.82  -0.87     5.48
  SINCE JUN 1     19.90                     10.85   9.05    16.52
  SINCE JAN 1     28.58                     24.94   3.64    24.93

DEGREE DAYS
 HEATING
  YESTERDAY        0                         0      0
  MONTH TO DATE    0                         0      0
  SINCE JUN 1     11                        16     -5
  SINCE JUL 1      3                         0      3

 COOLING
  YESTERDAY        0                         9     -9
  MONTH TO DATE  219                       240    -21
  SINCE JUN 1    802                       810     -8
  SINCE JAN 1    916                       896     20
..................................................................


WIND (MPH)
  HIGHEST WIND SPEED    21   HIGHEST WIND DIRECTION    NW (300)
  HIGHEST GUST SPEED    27   HIGHEST GUST DIRECTION     W (290)
  AVERAGE WIND SPEED     9.1


SKY COVER
  AVERAGE SKY COVER 0.0



RELATIVE HUMIDITY (PERCENT)
 HIGHEST    96           600 AM
 LOWEST     32           200 PM
 AVERAGE    64

..........................................................


THE QUINCY IL CLIMATE NORMALS FOR TODAY
                         NORMAL    RECORD    YEAR
 MAXIMUM TEMPERATURE (F)   84       105      1936
 MINIMUM TEMPERATURE (F)   63        46      1958


SUNRISE AND SUNSET
AUGUST 25 2015........SUNRISE   626 AM CDT   SUNSET   747 PM CDT
AUGUST 26 2015........SUNRISE   627 AM CDT   SUNSET   746 PM CDT


-  INDICATES NEGATIVE NUMBERS.
R  INDICATES RECORD WAS SET OR TIED.
MM INDICATES DATA IS MISSING.
T  INDICATES TRACE AMOUNT.




$$
