000
CDUS43 KLSX 212231
CLIUIN


CLIMATE REPORT
NATIONAL WEATHER SERVICE ST LOUIS MO
430 PM CST SAT FEB 21 2015


...................................

...THE QUINCY IL CLIMATE SUMMARY FOR FEBRUARY 21 2015...
VALID TODAY AS OF 0400 PM LOCAL TIME.

CLIMATE NORMAL PERIOD 1981 TO 2010
CLIMATE RECORD PERIOD 1901 TO 2015


WEATHER ITEM   OBSERVED TIME   RECORD YEAR NORMAL DEPARTURE LAST
                VALUE   (LST)  VALUE       VALUE  FROM      YEAR
                                                  NORMAL
..................................................................
TEMPERATURE (F)
 TODAY
  MAXIMUM         37   1242 PM  69    1930  41     -4       48
  MINIMUM         26    845 AM  -5    1963  24      2       27
  AVERAGE         32                        33     -1       38

PRECIPITATION (IN)
  TODAY            0.04          1.62 1997   0.07  -0.03     0.00
  MONTH TO DATE    0.91                      1.33  -0.42     1.42
  SINCE DEC 1      3.35                      5.10  -1.75     3.20
  SINCE JAN 1      2.04                      2.85  -0.81     2.12

DEGREE DAYS
 HEATING
  TODAY           33                        32      1
  MONTH TO DATE  910                       740    170
  SINCE DEC 1   3026                      3026      0
  SINCE JUL 1   4303                      4126    177

 COOLING
  TODAY            0                         0      0
  MONTH TO DATE    0                         0      0
  SINCE DEC 1      0                         0      0
  SINCE JAN 1      0                         0      0
..................................................................


WIND (MPH)
  HIGHEST WIND SPEED     8   HIGHEST WIND DIRECTION    NW (310)
  HIGHEST GUST SPEED    10   HIGHEST GUST DIRECTION    NW (320)
  AVERAGE WIND SPEED     3.9


SKY COVER
  AVERAGE SKY COVER 0.9



RELATIVE HUMIDITY (PERCENT)
 HIGHEST    92          1200 AM
 LOWEST     75          1200 PM
 AVERAGE    84

..........................................................


THE QUINCY IL CLIMATE NORMALS FOR TOMORROW
                         NORMAL    RECORD    YEAR
 MAXIMUM TEMPERATURE (F)   42        70      1922
 MINIMUM TEMPERATURE (F)   25        -3      1963


SUNRISE AND SUNSET
FEBRUARY 21 2015......SUNRISE   650 AM CST   SUNSET   547 PM CST
FEBRUARY 22 2015......SUNRISE   648 AM CST   SUNSET   549 PM CST


-  INDICATES NEGATIVE NUMBERS.
R  INDICATES RECORD WAS SET OR TIED.
MM INDICATES DATA IS MISSING.
T  INDICATES TRACE AMOUNT.




$$
