000
CDUS43 KLSX 172232
CLIUIN


CLIMATE REPORT
NATIONAL WEATHER SERVICE ST LOUIS MO
527 PM CDT WED MAY 17 2017


...................................

...THE QUINCY IL CLIMATE SUMMARY FOR MAY 17 2017...
VALID TODAY AS OF 0500 PM LOCAL TIME.

CLIMATE NORMAL PERIOD 1981 TO 2010
CLIMATE RECORD PERIOD 1901 TO 2017


WEATHER ITEM   OBSERVED TIME   RECORD YEAR NORMAL DEPARTURE LAST
                VALUE   (LST)  VALUE       VALUE  FROM      YEAR
                                                  NORMAL
..................................................................
TEMPERATURE (F)
 TODAY
  MAXIMUM         81    359 PM  92    1911  73      8       59
  MINIMUM         71    544 AM  35    2014  53     18       48
  AVERAGE         76                        63     13       54

PRECIPITATION (IN)
  TODAY            0.00          2.75 1986   0.15  -0.15     0.02
  MONTH TO DATE    0.88                      2.38  -1.50     1.86
  SINCE MAR 1     10.87                      8.53   2.34     6.28
  SINCE JAN 1     12.92                     11.93   0.99     6.90

DEGREE DAYS
 HEATING
  TODAY            0                         4     -4
  MONTH TO DATE   81                        96    -15
  SINCE MAR 1    951                      1184   -233
  SINCE JUL 1   4392                      5526  -1134

 COOLING
  TODAY           11                         2      9
  MONTH TO DATE   51                        24     27
  SINCE MAR 1     83                        42     41
  SINCE JAN 1     83                        42     41
..................................................................


WIND (MPH)
  HIGHEST WIND SPEED    31   HIGHEST WIND DIRECTION     S (200)
  HIGHEST GUST SPEED    40   HIGHEST GUST DIRECTION    SW (210)
  AVERAGE WIND SPEED    17.3


SKY COVER
  AVERAGE SKY COVER 0.4



RELATIVE HUMIDITY (PERCENT)
 HIGHEST    68           200 AM
 LOWEST     54           100 PM
 AVERAGE    61

..........................................................


THE QUINCY IL CLIMATE NORMALS FOR TOMORROW
                         NORMAL    RECORD    YEAR
 MAXIMUM TEMPERATURE (F)   73        93      1902
 MINIMUM TEMPERATURE (F)   54        35      2002


SUNRISE AND SUNSET
MAY 17 2017...........SUNRISE   548 AM CDT   SUNSET   815 PM CDT
MAY 18 2017...........SUNRISE   547 AM CDT   SUNSET   816 PM CDT


-  INDICATES NEGATIVE NUMBERS.
R  INDICATES RECORD WAS SET OR TIED.
MM INDICATES DATA IS MISSING.
T  INDICATES TRACE AMOUNT.




$$
