000
CDUS43 KLSX 220728
CLIUIN


CLIMATE REPORT
NATIONAL WEATHER SERVICE ST LOUIS MO
227 AM CDT SAT AUG 22 2015


...................................

...THE QUINCY IL CLIMATE SUMMARY FOR AUGUST 21 2015...

CLIMATE NORMAL PERIOD 1981 TO 2010
CLIMATE RECORD PERIOD 1901 TO 2015


WEATHER ITEM   OBSERVED TIME   RECORD YEAR NORMAL DEPARTURE LAST
                VALUE   (LST)  VALUE       VALUE  FROM      YEAR
                                                  NORMAL
..................................................................
TEMPERATURE (F)
 YESTERDAY
  MAXIMUM         84    101 PM 102    1947  84      0       91
                                      1936
  MINIMUM         59    534 AM  44    1950  64     -5       72
  AVERAGE         72                        74     -2

PRECIPITATION (IN)
  YESTERDAY        0.00          1.64 1944   0.12  -0.12     0.00
  MONTH TO DATE    1.90                      2.48  -0.58     5.47
  SINCE JUN 1     19.85                     10.51   9.34    16.51
  SINCE JAN 1     28.53                     24.60   3.93    24.92

DEGREE DAYS
 HEATING
  YESTERDAY        0                         0      0
  MONTH TO DATE    0                         0      0
  SINCE JUN 1     11                        16     -5
  SINCE JUL 1      3                         0      3

 COOLING
  YESTERDAY        7                         9     -2
  MONTH TO DATE  212                       213     -1
  SINCE JUN 1    795                       783     12
  SINCE JAN 1    909                       869     40
..................................................................


WIND (MPH)
  HIGHEST WIND SPEED    17   HIGHEST WIND DIRECTION     S (190)
  HIGHEST GUST SPEED    23   HIGHEST GUST DIRECTION    SW (210)
  AVERAGE WIND SPEED     8.4


SKY COVER
  AVERAGE SKY COVER 0.0



RELATIVE HUMIDITY (PERCENT)
 HIGHEST    90          1200 AM
 LOWEST     37           100 PM
 AVERAGE    64

..........................................................


THE QUINCY IL CLIMATE NORMALS FOR TODAY
                         NORMAL    RECORD    YEAR
 MAXIMUM TEMPERATURE (F)   84       103      1936
 MINIMUM TEMPERATURE (F)   64        50      1923


SUNRISE AND SUNSET
AUGUST 22 2015........SUNRISE   623 AM CDT   SUNSET   752 PM CDT
AUGUST 23 2015........SUNRISE   624 AM CDT   SUNSET   750 PM CDT


-  INDICATES NEGATIVE NUMBERS.
R  INDICATES RECORD WAS SET OR TIED.
MM INDICATES DATA IS MISSING.
T  INDICATES TRACE AMOUNT.




$$
