000
CDUS43 KLSX 170745
CLIUIN


CLIMATE REPORT
NATIONAL WEATHER SERVICE ST LOUIS MO
145 AM CST SAT JAN 17 2015


...................................

...THE QUINCY IL CLIMATE SUMMARY FOR JANUARY 16 2015...

CLIMATE NORMAL PERIOD 1981 TO 2010
CLIMATE RECORD PERIOD 1901 TO 2015


WEATHER ITEM   OBSERVED TIME   RECORD YEAR NORMAL DEPARTURE LAST
                VALUE   (LST)  VALUE       VALUE  FROM      YEAR
                                                  NORMAL
..................................................................
TEMPERATURE (F)
 YESTERDAY
  MAXIMUM         49    403 PM  69    1990  34     15       43
  MINIMUM         23    742 AM -19    1977  18      5       13
  AVERAGE         36                        26     10

PRECIPITATION (IN)
  YESTERDAY        0.01          0.52 1907   0.04  -0.03     0.01
  MONTH TO DATE    0.56                      0.81  -0.25     0.61
  SINCE DEC 1      1.87                      3.06  -1.19     1.69
  SINCE JAN 1      0.56                      0.81  -0.25     0.61

DEGREE DAYS
 HEATING
  YESTERDAY       29                        39    -10
  MONTH TO DATE  709                       620     89
  SINCE DEC 1   1672                      1711    -39
  SINCE JUL 1   2949                      2811    138

 COOLING
  YESTERDAY        0                         0      0
  MONTH TO DATE    0                         0      0
  SINCE DEC 1      0                         0      0
  SINCE JAN 1      0                         0      0
..................................................................


WIND (MPH)
  HIGHEST WIND SPEED    14   HIGHEST WIND DIRECTION     S (170)
  HIGHEST GUST SPEED    17   HIGHEST GUST DIRECTION     S (170)
  AVERAGE WIND SPEED     7.8


SKY COVER
  AVERAGE SKY COVER 0.0



RELATIVE HUMIDITY (PERCENT)
 HIGHEST    92           600 AM
 LOWEST     53           500 PM
 AVERAGE    73

..........................................................


THE QUINCY IL CLIMATE NORMALS FOR TODAY
                         NORMAL    RECORD    YEAR
 MAXIMUM TEMPERATURE (F)   34        63      1996
 MINIMUM TEMPERATURE (F)   18       -19      1977


SUNRISE AND SUNSET
JANUARY 17 2015.......SUNRISE   724 AM CST   SUNSET   506 PM CST
JANUARY 18 2015.......SUNRISE   723 AM CST   SUNSET   507 PM CST


-  INDICATES NEGATIVE NUMBERS.
R  INDICATES RECORD WAS SET OR TIED.
MM INDICATES DATA IS MISSING.
T  INDICATES TRACE AMOUNT.




$$
