000
CDUS43 KLSX 202228
CLIUIN


CLIMATE REPORT
NATIONAL WEATHER SERVICE ST LOUIS MO
528 PM CDT TUE JUN 20 2017


...................................

...THE QUINCY IL CLIMATE SUMMARY FOR JUNE 20 2017...
VALID TODAY AS OF 0500 PM LOCAL TIME.

CLIMATE NORMAL PERIOD 1981 TO 2010
CLIMATE RECORD PERIOD 1901 TO 2017


WEATHER ITEM   OBSERVED TIME   RECORD YEAR NORMAL DEPARTURE LAST
                VALUE   (LST)  VALUE       VALUE  FROM      YEAR
                                                  NORMAL
..................................................................
TEMPERATURE (F)
 TODAY
  MAXIMUM         88    344 PM 104    1936  83      5       95
  MINIMUM         62    519 AM  49    2003  64     -2       71
  AVERAGE         75                        74      1       83

PRECIPITATION (IN)
  TODAY            0.00          1.90 2015   0.13  -0.13     0.17
  MONTH TO DATE    2.08                      2.74  -0.66     0.57
  SINCE JUN 1      2.08                      2.74  -0.66     0.57
  SINCE JAN 1     18.86                     16.83   2.03     9.25

DEGREE DAYS
 HEATING
  TODAY            0                         0      0
  MONTH TO DATE    0                        14    -14
  SINCE JUN 1      0                        14    -14
  SINCE JUL 1   4433                      5580  -1147

 COOLING
  TODAY           10                         9      1
  MONTH TO DATE  203                       131     72
  SINCE JUN 1    203                       131     72
  SINCE JAN 1    312                       217     95
..................................................................


WIND (MPH)
  HIGHEST WIND SPEED    20   HIGHEST WIND DIRECTION    SW (240)
  HIGHEST GUST SPEED    24   HIGHEST GUST DIRECTION    SW (230)
  AVERAGE WIND SPEED     8.4


SKY COVER
  AVERAGE SKY COVER 0.2



RELATIVE HUMIDITY (PERCENT)
 HIGHEST    90           500 AM
 LOWEST     43           300 PM
 AVERAGE    67

..........................................................


THE QUINCY IL CLIMATE NORMALS FOR TOMORROW
                         NORMAL    RECORD    YEAR
 MAXIMUM TEMPERATURE (F)   83       100      1988
 MINIMUM TEMPERATURE (F)   64        45      1992
                                             1902


SUNRISE AND SUNSET
JUNE 20 2017..........SUNRISE   536 AM CDT   SUNSET   837 PM CDT
JUNE 21 2017..........SUNRISE   536 AM CDT   SUNSET   837 PM CDT


-  INDICATES NEGATIVE NUMBERS.
R  INDICATES RECORD WAS SET OR TIED.
MM INDICATES DATA IS MISSING.
T  INDICATES TRACE AMOUNT.




$$
