000
CDUS43 KLSX 232227
CLIUIN


CLIMATE REPORT
NATIONAL WEATHER SERVICE ST LOUIS MO
526 PM CDT MON MAR 23 2015


...................................

...THE QUINCY IL CLIMATE SUMMARY FOR MARCH 23 2015...
VALID TODAY AS OF 0500 PM LOCAL TIME.

CLIMATE NORMAL PERIOD 1981 TO 2010
CLIMATE RECORD PERIOD 1901 TO 2015


WEATHER ITEM   OBSERVED TIME   RECORD YEAR NORMAL DEPARTURE LAST
                VALUE   (LST)  VALUE       VALUE  FROM      YEAR
                                                  NORMAL
..................................................................
TEMPERATURE (F)
 TODAY
  MAXIMUM         45   1232 PM  86    1910  55    -10       37
  MINIMUM         36    750 AM  11    1960  35      1       21
  AVERAGE         41                        45     -4       29

PRECIPITATION (IN)
  TODAY            0.01          0.95 1969   0.08  -0.07     0.00
  MONTH TO DATE    0.47                      1.77  -1.30     0.21
  SINCE MAR 1      0.47                      1.77  -1.30     0.21
  SINCE JAN 1      2.51                      5.17  -2.66     2.33

DEGREE DAYS
 HEATING
  TODAY           24                        20      4
  MONTH TO DATE  537                       569    -32
  SINCE MAR 1    537                       569    -32
  SINCE JUL 1   5203                      4911    292

 COOLING
  TODAY            0                         0      0
  MONTH TO DATE    0                         0      0
  SINCE MAR 1      0                         0      0
  SINCE JAN 1      0                         0      0
..................................................................


WIND (MPH)
  HIGHEST WIND SPEED    20   HIGHEST WIND DIRECTION    SE (130)
  HIGHEST GUST SPEED    23   HIGHEST GUST DIRECTION    SE (130)
  AVERAGE WIND SPEED    12.9


SKY COVER
  AVERAGE SKY COVER 0.7



RELATIVE HUMIDITY (PERCENT)
 HIGHEST    79           900 AM
 LOWEST     55           100 AM
 AVERAGE    67

..........................................................


THE QUINCY IL CLIMATE NORMALS FOR TOMORROW
                         NORMAL    RECORD    YEAR
 MAXIMUM TEMPERATURE (F)   55        85      1929
 MINIMUM TEMPERATURE (F)   35         9      1974
                                             1960


SUNRISE AND SUNSET
MARCH 23 2015.........SUNRISE   704 AM CDT   SUNSET   720 PM CDT
MARCH 24 2015.........SUNRISE   702 AM CDT   SUNSET   721 PM CDT


-  INDICATES NEGATIVE NUMBERS.
R  INDICATES RECORD WAS SET OR TIED.
MM INDICATES DATA IS MISSING.
T  INDICATES TRACE AMOUNT.




$$
