000
CDUS43 KLSX 210736
CLIUIN


CLIMATE REPORT
NATIONAL WEATHER SERVICE ST LOUIS MO
134 AM CST SAT FEB 21 2015


...................................

...THE QUINCY IL CLIMATE SUMMARY FOR FEBRUARY 20 2015...

CLIMATE NORMAL PERIOD 1981 TO 2010
CLIMATE RECORD PERIOD 1901 TO 2015


WEATHER ITEM   OBSERVED TIME   RECORD YEAR NORMAL DEPARTURE LAST
                VALUE   (LST)  VALUE       VALUE  FROM      YEAR
                                                  NORMAL
..................................................................
TEMPERATURE (F)
 YESTERDAY
  MAXIMUM         27   1159 PM  66    2011  41    -14       62
                                      1996
                                      1983
  MINIMUM         10    145 AM  -3    1929  24    -14       35
  AVERAGE         19                        32    -13

PRECIPITATION (IN)
  YESTERDAY        0.37          1.91 1997   0.07   0.30     0.10
  MONTH TO DATE    0.87                      1.26  -0.39     1.42
  SINCE DEC 1      3.31                      5.03  -1.72     3.20
  SINCE JAN 1      2.00                      2.78  -0.78     2.12

DEGREE DAYS
 HEATING
  YESTERDAY       46                        33     13
  MONTH TO DATE  877                       708    169
  SINCE DEC 1   2993                      2994     -1
  SINCE JUL 1   4270                      4094    176

 COOLING
  YESTERDAY        0                         0      0
  MONTH TO DATE    0                         0      0
  SINCE DEC 1      0                         0      0
  SINCE JAN 1      0                         0      0
..................................................................


WIND (MPH)
  HIGHEST WIND SPEED    21   HIGHEST WIND DIRECTION     S (170)
  HIGHEST GUST SPEED    28   HIGHEST GUST DIRECTION     S (190)
  AVERAGE WIND SPEED    11.6


SKY COVER
  AVERAGE SKY COVER 0.9



RELATIVE HUMIDITY (PERCENT)
 HIGHEST    92           900 PM
 LOWEST     47          1100 AM
 AVERAGE    70

..........................................................


THE QUINCY IL CLIMATE NORMALS FOR TODAY
                         NORMAL    RECORD    YEAR
 MAXIMUM TEMPERATURE (F)   41        69      1930
 MINIMUM TEMPERATURE (F)   24        -5      1963


SUNRISE AND SUNSET
FEBRUARY 21 2015......SUNRISE   650 AM CST   SUNSET   547 PM CST
FEBRUARY 22 2015......SUNRISE   648 AM CST   SUNSET   549 PM CST


-  INDICATES NEGATIVE NUMBERS.
R  INDICATES RECORD WAS SET OR TIED.
MM INDICATES DATA IS MISSING.
T  INDICATES TRACE AMOUNT.




$$
