000
CDUS43 KLSX 090745
CLIUIN


CLIMATE REPORT
NATIONAL WEATHER SERVICE ST LOUIS MO
145 AM CST TUE DEC 9 2014


...................................

...THE QUINCY IL CLIMATE SUMMARY FOR DECEMBER 8 2014...

CLIMATE NORMAL PERIOD 1981 TO 2010
CLIMATE RECORD PERIOD 1901 TO 2014


WEATHER ITEM   OBSERVED TIME   RECORD YEAR NORMAL DEPARTURE LAST
                VALUE   (LST)  VALUE       VALUE  FROM      YEAR
                                                  NORMAL
..................................................................
TEMPERATURE (F)
 YESTERDAY
  MAXIMUM         46    243 PM  70    1991  40      6       24
  MINIMUM         33   1159 PM  -6    1917  24      9       16
  AVERAGE         40                        32      8

PRECIPITATION (IN)
  YESTERDAY        T             0.70 1980   0.09  -0.09      T
  MONTH TO DATE    0.50                      0.69  -0.19      T
  SINCE DEC 1      0.50                      0.69  -0.19      T
  SINCE JAN 1     39.31                     35.77   3.54    34.59

DEGREE DAYS
 HEATING
  YESTERDAY       25                        33     -8
  MONTH TO DATE  274                       254     20
  SINCE DEC 1    274                       254     20
  SINCE JUL 1   1551                      1354    197

 COOLING
  YESTERDAY        0                         0      0
  MONTH TO DATE    0                         0      0
  SINCE DEC 1      0                         0      0
  SINCE JAN 1   1021                      1094    -73
..................................................................


WIND (MPH)
  HIGHEST WIND SPEED    20   HIGHEST WIND DIRECTION     N (350)
  HIGHEST GUST SPEED    24   HIGHEST GUST DIRECTION    NW (330)
  AVERAGE WIND SPEED    10.8


SKY COVER
  AVERAGE SKY COVER 0.9



RELATIVE HUMIDITY (PERCENT)
 HIGHEST    93          1000 AM
 LOWEST     70           400 PM
 AVERAGE    82

..........................................................


THE QUINCY IL CLIMATE NORMALS FOR TODAY
                         NORMAL    RECORD    YEAR
 MAXIMUM TEMPERATURE (F)   39        71      1940
 MINIMUM TEMPERATURE (F)   24        -8      1917
                                             1909


SUNRISE AND SUNSET
DECEMBER  9 2014......SUNRISE   715 AM CST   SUNSET   440 PM CST
DECEMBER 10 2014......SUNRISE   716 AM CST   SUNSET   440 PM CST


-  INDICATES NEGATIVE NUMBERS.
R  INDICATES RECORD WAS SET OR TIED.
MM INDICATES DATA IS MISSING.
T  INDICATES TRACE AMOUNT.




$$
