000
CDUS43 KLSX 080733
CLIUIN


CLIMATE REPORT
NATIONAL WEATHER SERVICE ST LOUIS MO
232 AM CDT SUN OCT 8 2017


...................................

...THE QUINCY IL CLIMATE SUMMARY FOR OCTOBER 7 2017...

CLIMATE NORMAL PERIOD 1981 TO 2010
CLIMATE RECORD PERIOD 1901 TO 2017


WEATHER ITEM   OBSERVED TIME   RECORD YEAR NORMAL DEPARTURE LAST
                VALUE   (LST)  VALUE       VALUE  FROM      YEAR
                                                  NORMAL
..................................................................
TEMPERATURE (F)
 YESTERDAY
  MAXIMUM         73    918 AM  96    1939  68      5       66
  MINIMUM         56   1159 PM  22    1952  47      9       45
  AVERAGE         65                        58      7

PRECIPITATION (IN)
  YESTERDAY        0.30          2.36 1930   0.10   0.20     0.01
  MONTH TO DATE    2.16                      0.72   1.44     1.17
  SINCE SEP 1      2.83                      4.02  -1.19     4.26
  SINCE JAN 1     28.98                     29.77  -0.79    27.95

DEGREE DAYS
 HEATING
  YESTERDAY        0                         8     -8
  MONTH TO DATE    1                        52    -51
  SINCE SEP 1     32                       134   -102
  SINCE JUL 1     32                       139   -107

 COOLING
  YESTERDAY        0                         1     -1
  MONTH TO DATE   28                         8     20
  SINCE SEP 1    208                       131     77
  SINCE JAN 1   1203                      1084    119
..................................................................


WIND (MPH)
  HIGHEST WIND SPEED    26   HIGHEST WIND DIRECTION     W (250)
  HIGHEST GUST SPEED    35   HIGHEST GUST DIRECTION    SW (230)
  AVERAGE WIND SPEED    13.7


SKY COVER
  AVERAGE SKY COVER 0.6



RELATIVE HUMIDITY (PERCENT)
 HIGHEST    86           900 PM
 LOWEST     59           400 PM
 AVERAGE    73

..........................................................


THE QUINCY IL CLIMATE NORMALS FOR TODAY
                         NORMAL    RECORD    YEAR
 MAXIMUM TEMPERATURE (F)   68        90      1939
 MINIMUM TEMPERATURE (F)   47        27      1952


SUNRISE AND SUNSET
OCTOBER  8 2017.......SUNRISE   708 AM CDT   SUNSET   635 PM CDT
OCTOBER  9 2017.......SUNRISE   709 AM CDT   SUNSET   634 PM CDT


-  INDICATES NEGATIVE NUMBERS.
R  INDICATES RECORD WAS SET OR TIED.
MM INDICATES DATA IS MISSING.
T  INDICATES TRACE AMOUNT.




$$
