000
CDUS43 KLSX 082244
CLIUIN


CLIMATE REPORT
NATIONAL WEATHER SERVICE ST LOUIS MO
444 PM CST WED FEB 8 2017


...................................

...THE QUINCY IL CLIMATE SUMMARY FOR FEBRUARY 8 2017...
VALID TODAY AS OF 0400 PM LOCAL TIME.

CLIMATE NORMAL PERIOD 1981 TO 2010
CLIMATE RECORD PERIOD 1901 TO 2017


WEATHER ITEM   OBSERVED TIME   RECORD YEAR NORMAL DEPARTURE LAST
                VALUE   (LST)  VALUE       VALUE  FROM      YEAR
                                                  NORMAL
..................................................................
TEMPERATURE (F)
 TODAY
  MAXIMUM         30    109 AM  69    1990  37     -7       35
  MINIMUM         23    359 PM -12    1933  21      2       17
  AVERAGE         27                        29     -2       26

PRECIPITATION (IN)
  TODAY            0.01          1.09 1969   0.07  -0.06     0.02
  MONTH TO DATE    0.10                      0.44  -0.34     0.12
  SINCE DEC 1      2.31                      4.21  -1.90     6.34
  SINCE JAN 1      1.28                      1.96  -0.68     0.52

DEGREE DAYS
 HEATING
  TODAY           38                        36      2
  MONTH TO DATE  257                       295    -38
  SINCE DEC 1   2396                      2581   -185
  SINCE JUL 1   3084                      3681   -597

 COOLING
  TODAY            0                         0      0
  MONTH TO DATE    0                         0      0
  SINCE DEC 1      0                         0      0
  SINCE JAN 1      0                         0      0
..................................................................


WIND (MPH)
  HIGHEST WIND SPEED    20   HIGHEST WIND DIRECTION     N (340)
  HIGHEST GUST SPEED    25   HIGHEST GUST DIRECTION     N (10)
  AVERAGE WIND SPEED    13.5


SKY COVER
  AVERAGE SKY COVER 0.9



RELATIVE HUMIDITY (PERCENT)
 HIGHEST    88          1200 PM
 LOWEST     75           200 AM
 AVERAGE    82

..........................................................


THE QUINCY IL CLIMATE NORMALS FOR TOMORROW
                         NORMAL    RECORD    YEAR
 MAXIMUM TEMPERATURE (F)   37        67      1943
 MINIMUM TEMPERATURE (F)   21       -16      1979


SUNRISE AND SUNSET
FEBRUARY  8 2017......SUNRISE   706 AM CST   SUNSET   533 PM CST
FEBRUARY  9 2017......SUNRISE   704 AM CST   SUNSET   534 PM CST


-  INDICATES NEGATIVE NUMBERS.
R  INDICATES RECORD WAS SET OR TIED.
MM INDICATES DATA IS MISSING.
T  INDICATES TRACE AMOUNT.




$$
