000
CDUS43 KLSX 030730
CLIUIN


CLIMATE REPORT
NATIONAL WEATHER SERVICE ST LOUIS MO
130 AM CST TUE MAR 3 2015


...................................

...THE QUINCY IL CLIMATE SUMMARY FOR MARCH 2 2015...

CLIMATE NORMAL PERIOD 1981 TO 2010
CLIMATE RECORD PERIOD 1901 TO 2015


WEATHER ITEM   OBSERVED TIME   RECORD YEAR NORMAL DEPARTURE LAST
                VALUE   (LST)  VALUE       VALUE  FROM      YEAR
                                                  NORMAL
..................................................................
TEMPERATURE (F)
 YESTERDAY
  MAXIMUM         34    343 PM  77    1976  45    -11       12
  MINIMUM         15    646 AM  -2    1980  28    -13       -1
  AVERAGE         25                        36    -11

PRECIPITATION (IN)
  YESTERDAY        T             1.25 1970   0.08  -0.08    MM
  MONTH TO DATE    0.16                      0.16   0.00     0.01
  SINCE MAR 1      0.16                      0.16   0.00     0.01
  SINCE JAN 1      2.20                      3.56  -1.36     2.13

DEGREE DAYS
 HEATING
  YESTERDAY       40                        29     11
  MONTH TO DATE   80                        58     22
  SINCE MAR 1     80                        58     22
  SINCE JUL 1   4746                      4400    346

 COOLING
  YESTERDAY        0                         0      0
  MONTH TO DATE    0                         0      0
  SINCE MAR 1      0                         0      0
  SINCE JAN 1      0                         0      0
..................................................................


WIND (MPH)
  HIGHEST WIND SPEED    15   HIGHEST WIND DIRECTION    SE (150)
  HIGHEST GUST SPEED    19   HIGHEST GUST DIRECTION    SE (140)
  AVERAGE WIND SPEED     5.8


SKY COVER
  AVERAGE SKY COVER 0.2



RELATIVE HUMIDITY (PERCENT)
 HIGHEST    92           500 AM
 LOWEST     51           200 PM
 AVERAGE    72

..........................................................


THE QUINCY IL CLIMATE NORMALS FOR TODAY
                         NORMAL    RECORD    YEAR
 MAXIMUM TEMPERATURE (F)   46        77      1946
 MINIMUM TEMPERATURE (F)   28        -9      2014


SUNRISE AND SUNSET
MARCH  3 2015.........SUNRISE   635 AM CST   SUNSET   559 PM CST
MARCH  4 2015.........SUNRISE   634 AM CST   SUNSET   600 PM CST


-  INDICATES NEGATIVE NUMBERS.
R  INDICATES RECORD WAS SET OR TIED.
MM INDICATES DATA IS MISSING.
T  INDICATES TRACE AMOUNT.




$$
