000
CDUS43 KLSX 292231
CLIUIN


CLIMATE REPORT
NATIONAL WEATHER SERVICE ST LOUIS MO
530 PM CDT MON AUG 29 2016


...................................

...THE QUINCY IL CLIMATE SUMMARY FOR AUGUST 29 2016...
VALID TODAY AS OF 0500 PM LOCAL TIME.

CLIMATE NORMAL PERIOD 1981 TO 2010
CLIMATE RECORD PERIOD 1901 TO 2016


WEATHER ITEM   OBSERVED TIME   RECORD YEAR NORMAL DEPARTURE LAST
                VALUE   (LST)  VALUE       VALUE  FROM      YEAR
                                                  NORMAL
..................................................................
TEMPERATURE (F)
 TODAY
  MAXIMUM         88   1241 PM 103    1984  83      5       81
  MINIMUM         70    527 AM  43    1986  62      8       67
  AVERAGE         79                        73      6       74

PRECIPITATION (IN)
  TODAY            0.06          2.99 1955   0.12  -0.06     0.00
  MONTH TO DATE    6.77                      3.40   3.37     2.13
  SINCE JUN 1     14.49                     11.43   3.06    20.08
  SINCE JAN 1     23.17                     25.52  -2.35    28.76

DEGREE DAYS
 HEATING
  TODAY            0                         0      0
  MONTH TO DATE    0                         0      0
  SINCE JUN 1      6                        16    -10
  SINCE JUL 1      6                         0      6

 COOLING
  TODAY           14                         8      6
  MONTH TO DATE  323                       282     41
  SINCE JUN 1   1054                       852    202
  SINCE JAN 1   1158                       938    220
..................................................................


WIND (MPH)
  HIGHEST WIND SPEED    16   HIGHEST WIND DIRECTION    NE (30)
  HIGHEST GUST SPEED    20   HIGHEST GUST DIRECTION     N (10)
  AVERAGE WIND SPEED     5.3


SKY COVER
  AVERAGE SKY COVER 0.3



RELATIVE HUMIDITY (PERCENT)
 HIGHEST   100           100 AM
 LOWEST     63          1100 AM
 AVERAGE    82

..........................................................


THE QUINCY IL CLIMATE NORMALS FOR TOMORROW
                         NORMAL    RECORD    YEAR
 MAXIMUM TEMPERATURE (F)   83       106      1947
 MINIMUM TEMPERATURE (F)   62        46      1911


SUNRISE AND SUNSET
AUGUST 29 2016........SUNRISE   630 AM CDT   SUNSET   740 PM CDT
AUGUST 30 2016........SUNRISE   631 AM CDT   SUNSET   738 PM CDT


-  INDICATES NEGATIVE NUMBERS.
R  INDICATES RECORD WAS SET OR TIED.
MM INDICATES DATA IS MISSING.
T  INDICATES TRACE AMOUNT.




$$
