974
CDUS43 KLSX 192252
CLIUIN


CLIMATE REPORT
NATIONAL WEATHER SERVICE ST LOUIS MO
451 PM CST MON FEB 19 2018


...................................

...THE QUINCY IL CLIMATE SUMMARY FOR FEBRUARY 19 2018...
VALID TODAY AS OF 0400 PM LOCAL TIME.

CLIMATE NORMAL PERIOD 1981 TO 2010
CLIMATE RECORD PERIOD 1901 TO 2018


WEATHER ITEM   OBSERVED TIME   RECORD YEAR NORMAL DEPARTURE LAST
                VALUE   (LST)  VALUE       VALUE  FROM      YEAR
                                                  NORMAL
..................................................................
TEMPERATURE (F)
 TODAY
  MAXIMUM         64   1236 PM  72    2017  40     24       72
  MINIMUM         45    301 AM -11    1903  24     21       40
  AVERAGE         55                        32     23       56

PRECIPITATION (IN)
  TODAY            0.47          1.37 1994   0.08   0.39     0.00
  MONTH TO DATE    0.62                      1.19  -0.57     0.09
  SINCE DEC 1      2.08                      4.96  -2.88     2.30
  SINCE JAN 1      1.91                      2.71  -0.80     1.27

DEGREE DAYS
 HEATING
  TODAY           10                        33    -23
  MONTH TO DATE  708                       675     33
  SINCE DEC 1   3005                      2961     44
  SINCE JUL 1   3952                      4061   -109

 COOLING
  TODAY            0                         0      0
  MONTH TO DATE    0                         0      0
  SINCE DEC 1      0                         0      0
  SINCE JAN 1      0                         0      0
..................................................................


WIND (MPH)
  HIGHEST WIND SPEED    22   HIGHEST WIND DIRECTION     S (190)
  HIGHEST GUST SPEED    29   HIGHEST GUST DIRECTION     S (180)
  AVERAGE WIND SPEED    13.3


SKY COVER
  AVERAGE SKY COVER 1.0



RELATIVE HUMIDITY (PERCENT)
 HIGHEST   100           600 AM
 LOWEST     66          1200 AM
 AVERAGE    83

..........................................................


THE QUINCY IL CLIMATE NORMALS FOR TOMORROW
                         NORMAL    RECORD    YEAR
 MAXIMUM TEMPERATURE (F)   41        77      2017
 MINIMUM TEMPERATURE (F)   24        -3      1929


SUNRISE AND SUNSET
FEBRUARY 19 2018......SUNRISE   652 AM CST   SUNSET   546 PM CST
FEBRUARY 20 2018......SUNRISE   651 AM CST   SUNSET   547 PM CST


-  INDICATES NEGATIVE NUMBERS.
R  INDICATES RECORD WAS SET OR TIED.
MM INDICATES DATA IS MISSING.
T  INDICATES TRACE AMOUNT.




$$
