000
CDUS43 KLSX 280728
CLIUIN


CLIMATE REPORT
NATIONAL WEATHER SERVICE ST LOUIS MO
228 AM CDT WED JUN 28 2017


...................................

...THE QUINCY IL CLIMATE SUMMARY FOR JUNE 27 2017...

CLIMATE NORMAL PERIOD 1981 TO 2010
CLIMATE RECORD PERIOD 1901 TO 2017


WEATHER ITEM   OBSERVED TIME   RECORD YEAR NORMAL DEPARTURE LAST
                VALUE   (LST)  VALUE       VALUE  FROM      YEAR
                                                  NORMAL
..................................................................
TEMPERATURE (F)
 YESTERDAY
  MAXIMUM         78    456 PM 102    1931  85     -7       94
  MINIMUM         53    519 AM  48    1992  65    -12       65
                                      1905
  AVERAGE         66                        75     -9

PRECIPITATION (IN)
  YESTERDAY        0.00          1.29 1923   0.13  -0.13     0.00
  MONTH TO DATE    2.33                      3.63  -1.30     0.61
  SINCE JUN 1      2.33                      3.63  -1.30     0.61
  SINCE JAN 1     19.11                     17.72   1.39     9.29

DEGREE DAYS
 HEATING
  YESTERDAY        0                         0      0
  MONTH TO DATE    4                        14    -10
  SINCE JUN 1      4                        14    -10
  SINCE JUL 1   4437                      5580  -1143

 COOLING
  YESTERDAY        1                        10     -9
  MONTH TO DATE  241                       198     43
  SINCE JUN 1    241                       198     43
  SINCE JAN 1    350                       284     66
..................................................................


WIND (MPH)
  HIGHEST WIND SPEED    13   HIGHEST WIND DIRECTION     S (200)
  HIGHEST GUST SPEED    16   HIGHEST GUST DIRECTION    SE (150)
  AVERAGE WIND SPEED     6.0


SKY COVER
  AVERAGE SKY COVER 0.0



RELATIVE HUMIDITY (PERCENT)
 HIGHEST   100           400 AM
 LOWEST     35           400 PM
 AVERAGE    68

..........................................................


THE QUINCY IL CLIMATE NORMALS FOR TODAY
                         NORMAL    RECORD    YEAR
 MAXIMUM TEMPERATURE (F)   85       104      2012
                                             1934
 MINIMUM TEMPERATURE (F)   66        53      1968


SUNRISE AND SUNSET
JUNE 28 2017..........SUNRISE   539 AM CDT   SUNSET   838 PM CDT
JUNE 29 2017..........SUNRISE   539 AM CDT   SUNSET   837 PM CDT


-  INDICATES NEGATIVE NUMBERS.
R  INDICATES RECORD WAS SET OR TIED.
MM INDICATES DATA IS MISSING.
T  INDICATES TRACE AMOUNT.




$$
