000
CDUS43 KLSX 032256
CLIUIN


CLIMATE REPORT
NATIONAL WEATHER SERVICE ST LOUIS MO
555 PM CDT THU SEP 3 2015


...................................

...THE QUINCY IL CLIMATE SUMMARY FOR SEPTEMBER 3 2015...
VALID TODAY AS OF 0500 PM LOCAL TIME.

CLIMATE NORMAL PERIOD 1981 TO 2010
CLIMATE RECORD PERIOD 1901 TO 2015


WEATHER ITEM   OBSERVED TIME   RECORD YEAR NORMAL DEPARTURE LAST
                VALUE   (LST)  VALUE       VALUE  FROM      YEAR
                                                  NORMAL
..................................................................
TEMPERATURE (F)
 TODAY
  MAXIMUM         93    332 PM 103    1913  82     11       83
  MINIMUM         70    411 AM  41    1952  61      9       64
  AVERAGE         82                        71     11       74

PRECIPITATION (IN)
  TODAY            0.00          2.78 1936   0.11  -0.11     0.00
  MONTH TO DATE    0.00                      0.33  -0.33     0.03
  SINCE SEP 1      0.00                      0.33  -0.33     0.03
  SINCE JAN 1     28.76                     26.08   2.68    25.65

DEGREE DAYS
 HEATING
  TODAY            0                         1     -1
  MONTH TO DATE    0                         2     -2
  SINCE SEP 1      0                         2     -2
  SINCE JUL 1      4                         7     -3

 COOLING
  TODAY           17                         7     10
  MONTH TO DATE   49                        21     28
  SINCE SEP 1     49                        21     28
  SINCE JAN 1   1003                       974     29
..................................................................


WIND (MPH)
  HIGHEST WIND SPEED    13   HIGHEST WIND DIRECTION     W (260)
  HIGHEST GUST SPEED    18   HIGHEST GUST DIRECTION    SW (240)
  AVERAGE WIND SPEED     6.7


SKY COVER
  AVERAGE SKY COVER 0.1



RELATIVE HUMIDITY (PERCENT)
 HIGHEST    87          1200 AM
 LOWEST     38           300 PM
 AVERAGE    63

..........................................................


THE QUINCY IL CLIMATE NORMALS FOR TOMORROW
                         NORMAL    RECORD    YEAR
 MAXIMUM TEMPERATURE (F)   82       105      1913
 MINIMUM TEMPERATURE (F)   60        41      1974
                                             1902


SUNRISE AND SUNSET
SEPTEMBER  3 2015.....SUNRISE   634 AM CDT   SUNSET   733 PM CDT
SEPTEMBER  4 2015.....SUNRISE   635 AM CDT   SUNSET   732 PM CDT


-  INDICATES NEGATIVE NUMBERS.
R  INDICATES RECORD WAS SET OR TIED.
MM INDICATES DATA IS MISSING.
T  INDICATES TRACE AMOUNT.




$$
