000
CDUS43 KLSX 232236
CLIUIN


CLIMATE REPORT
NATIONAL WEATHER SERVICE ST LOUIS MO
526 PM CDT SAT MAY 23 2015


...................................

...THE QUINCY IL CLIMATE SUMMARY FOR MAY 23 2015...
VALID TODAY AS OF 0500 PM LOCAL TIME.

CLIMATE NORMAL PERIOD 1981 TO 2010
CLIMATE RECORD PERIOD 1901 TO 2015


WEATHER ITEM   OBSERVED TIME   RECORD YEAR NORMAL DEPARTURE LAST
                VALUE   (LST)  VALUE       VALUE  FROM      YEAR
                                                  NORMAL
..................................................................
TEMPERATURE (F)
 TODAY
  MAXIMUM         77    258 PM  93    1921  75      2       80
  MINIMUM         54    522 AM  40    1963  55     -1       53
                                      1917
  AVERAGE         66                        65      1       67

PRECIPITATION (IN)
  TODAY            0.00          1.16 1966   0.15  -0.15     0.00
  MONTH TO DATE    2.23                      3.29  -1.06     1.85
  SINCE MAR 1      4.88                      9.44  -4.56     5.98
  SINCE JAN 1      6.92                     12.84  -5.92     8.10

DEGREE DAYS
 HEATING
  TODAY            0                         3     -3
  MONTH TO DATE   84                       117    -33
  SINCE MAR 1   1072                      1205   -133
  SINCE JUL 1   5738                      5547    191

 COOLING
  TODAY            1                         3     -2
  MONTH TO DATE   67                        39     28
  SINCE MAR 1     73                        57     16
  SINCE JAN 1     73                        57     16
..................................................................


WIND (MPH)
  HIGHEST WIND SPEED    16   HIGHEST WIND DIRECTION    SE (140)
  HIGHEST GUST SPEED    22   HIGHEST GUST DIRECTION    SE (140)
  AVERAGE WIND SPEED     6.9


SKY COVER
  AVERAGE SKY COVER 0.4



RELATIVE HUMIDITY (PERCENT)
 HIGHEST    86           100 AM
 LOWEST     36           100 PM
 AVERAGE    61

..........................................................


THE QUINCY IL CLIMATE NORMALS FOR TOMORROW
                         NORMAL    RECORD    YEAR
 MAXIMUM TEMPERATURE (F)   75        94      1921
 MINIMUM TEMPERATURE (F)   55        40      1917


SUNRISE AND SUNSET
MAY 23 2015...........SUNRISE   543 AM CDT   SUNSET   820 PM CDT
MAY 24 2015...........SUNRISE   543 AM CDT   SUNSET   821 PM CDT


-  INDICATES NEGATIVE NUMBERS.
R  INDICATES RECORD WAS SET OR TIED.
MM INDICATES DATA IS MISSING.
T  INDICATES TRACE AMOUNT.




$$
