000
CDUS43 KLSX 222227
CLIUIN


CLIMATE REPORT
NATIONAL WEATHER SERVICE ST LOUIS MO
526 PM CDT FRI SEP 22 2017


...................................

...THE QUINCY IL CLIMATE SUMMARY FOR SEPTEMBER 22 2017...
VALID TODAY AS OF 0500 PM LOCAL TIME.

CLIMATE NORMAL PERIOD 1981 TO 2010
CLIMATE RECORD PERIOD 1901 TO 2017


WEATHER ITEM   OBSERVED TIME   RECORD YEAR NORMAL DEPARTURE LAST
                VALUE   (LST)  VALUE       VALUE  FROM      YEAR
                                                  NORMAL
..................................................................
TEMPERATURE (F)
 TODAY
  MAXIMUM         93    231 PM  96    1937  75     18       88
  MINIMUM         71    557 AM  34    1995  53     18       65
  AVERAGE         82                        64     18       77

PRECIPITATION (IN)
  TODAY            0.00          2.65 1970   0.11  -0.11     0.00
  MONTH TO DATE    0.67                      2.41  -1.74     3.09
  SINCE SEP 1      0.67                      2.41  -1.74     3.09
  SINCE JAN 1     26.82                     28.16  -1.34    26.78

DEGREE DAYS
 HEATING
  TODAY            0                         4     -4
  MONTH TO DATE   19                        40    -21
  SINCE SEP 1     19                        40    -21
  SINCE JUL 1     19                        45    -26

 COOLING
  TODAY           17                         3     14
  MONTH TO DATE  128                       107     21
  SINCE SEP 1    128                       107     21
  SINCE JAN 1   1123                      1060     63
..................................................................


WIND (MPH)
  HIGHEST WIND SPEED    18   HIGHEST WIND DIRECTION     S (170)
  HIGHEST GUST SPEED    23   HIGHEST GUST DIRECTION     S (170)
  AVERAGE WIND SPEED     8.6


SKY COVER
  AVERAGE SKY COVER 0.0



RELATIVE HUMIDITY (PERCENT)
 HIGHEST    84           300 AM
 LOWEST     38           400 PM
 AVERAGE    61

..........................................................


THE QUINCY IL CLIMATE NORMALS FOR TOMORROW
                         NORMAL    RECORD    YEAR
 MAXIMUM TEMPERATURE (F)   74        95      1937
 MINIMUM TEMPERATURE (F)   52        33      1995


SUNRISE AND SUNSET
SEPTEMBER 22 2017.....SUNRISE   653 AM CDT   SUNSET   701 PM CDT
SEPTEMBER 23 2017.....SUNRISE   654 AM CDT   SUNSET   700 PM CDT


-  INDICATES NEGATIVE NUMBERS.
R  INDICATES RECORD WAS SET OR TIED.
MM INDICATES DATA IS MISSING.
T  INDICATES TRACE AMOUNT.




$$
