000
CDUS43 KLSX 040727
CLIUIN


CLIMATE REPORT
NATIONAL WEATHER SERVICE ST LOUIS MO
226 AM CDT WED OCT 4 2017


...................................

...THE QUINCY IL CLIMATE SUMMARY FOR OCTOBER 3 2017...

CLIMATE NORMAL PERIOD 1981 TO 2010
CLIMATE RECORD PERIOD 1901 TO 2017


WEATHER ITEM   OBSERVED TIME   RECORD YEAR NORMAL DEPARTURE LAST
                VALUE   (LST)  VALUE       VALUE  FROM      YEAR
                                                  NORMAL
..................................................................
TEMPERATURE (F)
 YESTERDAY
  MAXIMUM         80    309 PM  93    2006  70     10       72
                                      1922
  MINIMUM         68   1154 PM  31    1974  48     20       59
  AVERAGE         74                        59     15

PRECIPITATION (IN)
  YESTERDAY        0.00          1.82 1971   0.10  -0.10     0.00
  MONTH TO DATE    0.00                      0.31  -0.31     0.06
  SINCE SEP 1      0.67                      3.61  -2.94     3.15
  SINCE JAN 1     26.82                     29.36  -2.54    26.84

DEGREE DAYS
 HEATING
  YESTERDAY        0                         7     -7
  MONTH TO DATE    1                        21    -20
  SINCE SEP 1     32                       103    -71
  SINCE JUL 1     32                       108    -76

 COOLING
  YESTERDAY        9                         1      8
  MONTH TO DATE   20                         4     16
  SINCE SEP 1    200                       127     73
  SINCE JAN 1   1195                      1080    115
..................................................................


WIND (MPH)
  HIGHEST WIND SPEED    17   HIGHEST WIND DIRECTION     S (200)
  HIGHEST GUST SPEED    25   HIGHEST GUST DIRECTION     S (190)
  AVERAGE WIND SPEED    12.6


SKY COVER
  AVERAGE SKY COVER 0.8



RELATIVE HUMIDITY (PERCENT)
 HIGHEST    90          1100 PM
 LOWEST     64          1200 AM
 AVERAGE    77

..........................................................


THE QUINCY IL CLIMATE NORMALS FOR TODAY
                         NORMAL    RECORD    YEAR
 MAXIMUM TEMPERATURE (F)   70        92      1938
 MINIMUM TEMPERATURE (F)   48        29      1935


SUNRISE AND SUNSET
OCTOBER  4 2017.......SUNRISE   704 AM CDT   SUNSET   642 PM CDT
OCTOBER  5 2017.......SUNRISE   705 AM CDT   SUNSET   640 PM CDT


-  INDICATES NEGATIVE NUMBERS.
R  INDICATES RECORD WAS SET OR TIED.
MM INDICATES DATA IS MISSING.
T  INDICATES TRACE AMOUNT.




$$
