000
CDUS43 KLSX 252231
CLIUIN


CLIMATE REPORT
NATIONAL WEATHER SERVICE ST LOUIS MO
429 PM CST SAT NOV 25 2017


...................................

...THE QUINCY IL CLIMATE SUMMARY FOR NOVEMBER 25 2017...
VALID TODAY AS OF 0400 PM LOCAL TIME.

CLIMATE NORMAL PERIOD 1981 TO 2010
CLIMATE RECORD PERIOD 1901 TO 2017


WEATHER ITEM   OBSERVED TIME   RECORD YEAR NORMAL DEPARTURE LAST
                VALUE   (LST)  VALUE       VALUE  FROM      YEAR
                                                  NORMAL
..................................................................
TEMPERATURE (F)
 TODAY
  MAXIMUM         58    254 PM  68    1915  46     12       44
  MINIMUM         35    703 AM  -1    1950  29      6       31
  AVERAGE         47                        38      9       38

PRECIPITATION (IN)
  TODAY            0.00          0.69 1992   0.09  -0.09     0.00
  MONTH TO DATE    1.30                      2.53  -1.23     0.91
  SINCE SEP 1      6.45                      8.84  -2.39     5.91
  SINCE JAN 1     32.60                     34.59  -1.99    29.60

DEGREE DAYS
 HEATING
  TODAY           18                        27     -9
  MONTH TO DATE  575                       533     42
  SINCE SEP 1    856                       952    -96
  SINCE JUL 1    856                       957   -101

 COOLING
  TODAY            0                         0      0
  MONTH TO DATE    0                         0      0
  SINCE SEP 1    234                       140     94
  SINCE JAN 1   1229                      1093    136
..................................................................


WIND (MPH)
  HIGHEST WIND SPEED    21   HIGHEST WIND DIRECTION    NW (330)
  HIGHEST GUST SPEED    26   HIGHEST GUST DIRECTION    NW (320)
  AVERAGE WIND SPEED    11.0


SKY COVER
  AVERAGE SKY COVER 0.0



RELATIVE HUMIDITY (PERCENT)
 HIGHEST    85           600 AM
 LOWEST     38           100 PM
 AVERAGE    62

..........................................................


THE QUINCY IL CLIMATE NORMALS FOR TOMORROW
                         NORMAL    RECORD    YEAR
 MAXIMUM TEMPERATURE (F)   45        75      1965
 MINIMUM TEMPERATURE (F)   29         5      1977


SUNRISE AND SUNSET
NOVEMBER 25 2017......SUNRISE   701 AM CST   SUNSET   442 PM CST
NOVEMBER 26 2017......SUNRISE   702 AM CST   SUNSET   442 PM CST


-  INDICATES NEGATIVE NUMBERS.
R  INDICATES RECORD WAS SET OR TIED.
MM INDICATES DATA IS MISSING.
T  INDICATES TRACE AMOUNT.




$$
