000
CDUS43 KLSX 182329
CLIUIN


CLIMATE REPORT
NATIONAL WEATHER SERVICE ST LOUIS MO
528 PM CST TUE NOV 18 2014


...................................

...THE QUINCY IL CLIMATE SUMMARY FOR NOVEMBER 18 2014...
VALID TODAY AS OF 0500 PM LOCAL TIME.

CLIMATE NORMAL PERIOD 1981 TO 2010
CLIMATE RECORD PERIOD 1901 TO 2014


WEATHER ITEM   OBSERVED TIME   RECORD YEAR NORMAL DEPARTURE LAST
                VALUE   (LST)  VALUE       VALUE  FROM      YEAR
                                                  NORMAL
..................................................................
TEMPERATURE (F)
 TODAY
  MAXIMUM         26    308 PM  74    1999  50    -24       51
                                      1953
  MINIMUM         10    654 AM   7    1903  33    -23       34
  AVERAGE         18                        41    -23       43

PRECIPITATION (IN)
  TODAY            0.00          3.47 1985   0.10  -0.10     0.00
  MONTH TO DATE    0.10                      1.84  -1.74     1.02
  SINCE SEP 1     12.44                      8.15   4.29     5.66
  SINCE JAN 1     38.06                     33.90   4.16    33.76

DEGREE DAYS
 HEATING
  TODAY           47                        24     23
  MONTH TO DATE  510                       353    157
  SINCE SEP 1    918                       772    146
  SINCE JUL 1    923                       777    146

 COOLING
  TODAY            0                         0      0
  MONTH TO DATE    0                         0      0
  SINCE SEP 1     92                       140    -48
  SINCE JAN 1   1021                      1093    -72
..................................................................


WIND (MPH)
  HIGHEST WIND SPEED    23   HIGHEST WIND DIRECTION     W (290)
  HIGHEST GUST SPEED    32   HIGHEST GUST DIRECTION     W (280)
  AVERAGE WIND SPEED    13.3


SKY COVER
  AVERAGE SKY COVER 0.3



RELATIVE HUMIDITY (PERCENT)
 HIGHEST    84          1200 AM
 LOWEST     40           200 PM
 AVERAGE    62

..........................................................


THE QUINCY IL CLIMATE NORMALS FOR TOMORROW
                         NORMAL    RECORD    YEAR
 MAXIMUM TEMPERATURE (F)   49        78      1942
 MINIMUM TEMPERATURE (F)   32         9      1903


SUNRISE AND SUNSET
NOVEMBER 18 2014......SUNRISE   653 AM CST   SUNSET   446 PM CST
NOVEMBER 19 2014......SUNRISE   654 AM CST   SUNSET   446 PM CST


-  INDICATES NEGATIVE NUMBERS.
R  INDICATES RECORD WAS SET OR TIED.
MM INDICATES DATA IS MISSING.
T  INDICATES TRACE AMOUNT.




$$
