003
CDUS43 KLSX 040732
CLIUIN


CLIMATE REPORT
NATIONAL WEATHER SERVICE ST LOUIS MO
131 AM CST THU FEB 4 2016


...................................

...THE QUINCY IL CLIMATE SUMMARY FOR FEBRUARY 3 2016...

CLIMATE NORMAL PERIOD 1981 TO 2010
CLIMATE RECORD PERIOD 1901 TO 2016


WEATHER ITEM   OBSERVED TIME   RECORD YEAR NORMAL DEPARTURE LAST
                VALUE   (LST)  VALUE       VALUE  FROM      YEAR
                                                  NORMAL
..................................................................
TEMPERATURE (F)
 YESTERDAY
  MAXIMUM         42   1203 AM  66    1992  36      6       38
  MINIMUM         22   1159 PM -18    1996  20      2       14
  AVERAGE         32                        28      4

PRECIPITATION (IN)
  YESTERDAY        0.00          0.79 1903   0.05  -0.05     0.00
  MONTH TO DATE    0.10                      0.15  -0.05     0.50
  SINCE DEC 1      6.32                      3.92   2.40     2.94
  SINCE JAN 1      0.50                      1.67  -1.17     1.63

DEGREE DAYS
 HEATING
  YESTERDAY       33                        37     -4
  MONTH TO DATE   73                       112    -39
  SINCE DEC 1   1982                      2398   -416
  SINCE JUL 1   2800                      3498   -698

 COOLING
  YESTERDAY        0                         0      0
  MONTH TO DATE    0                         0      0
  SINCE DEC 1      0                         0      0
  SINCE JAN 1      0                         0      0
..................................................................


WIND (MPH)
  HIGHEST WIND SPEED    28   HIGHEST WIND DIRECTION     W (290)
  HIGHEST GUST SPEED    36   HIGHEST GUST DIRECTION     W (280)
  AVERAGE WIND SPEED    18.7


SKY COVER
  AVERAGE SKY COVER 0.9



RELATIVE HUMIDITY (PERCENT)
 HIGHEST    82           500 AM
 LOWEST     57           900 PM
 AVERAGE    70

..........................................................


THE QUINCY IL CLIMATE NORMALS FOR TODAY
                         NORMAL    RECORD    YEAR
 MAXIMUM TEMPERATURE (F)   36        67      1962
 MINIMUM TEMPERATURE (F)   20       -14      1996


SUNRISE AND SUNSET
FEBRUARY  4 2016......SUNRISE   711 AM CST   SUNSET   527 PM CST
FEBRUARY  5 2016......SUNRISE   710 AM CST   SUNSET   528 PM CST


-  INDICATES NEGATIVE NUMBERS.
R  INDICATES RECORD WAS SET OR TIED.
MM INDICATES DATA IS MISSING.
T  INDICATES TRACE AMOUNT.




$$
