000
CDUS43 KLSX 080737
CLIUIN


CLIMATE REPORT
NATIONAL WEATHER SERVICE ST LOUIS MO
135 AM CST WED MAR 8 2017


...................................

...THE QUINCY IL CLIMATE SUMMARY FOR MARCH 7 2017...

CLIMATE NORMAL PERIOD 1981 TO 2010
CLIMATE RECORD PERIOD 1901 TO 2017


WEATHER ITEM   OBSERVED TIME   RECORD YEAR NORMAL DEPARTURE LAST
                VALUE   (LST)  VALUE       VALUE  FROM      YEAR
                                                  NORMAL
..................................................................
TEMPERATURE (F)
 YESTERDAY
  MAXIMUM         55    359 PM  79    2000  47      8       72
  MINIMUM         40   1026 PM  -4    1943  29     11       51
  AVERAGE         48                        38     10

PRECIPITATION (IN)
  YESTERDAY        0.02          1.45 1911   0.08  -0.06     0.01
  MONTH TO DATE    0.56                      0.55   0.01     0.23
  SINCE MAR 1      0.56                      0.55   0.01     0.23
  SINCE JAN 1      2.61                      3.95  -1.34     0.85

DEGREE DAYS
 HEATING
  YESTERDAY       17                        27    -10
  MONTH TO DATE  130                       196    -66
  SINCE MAR 1    130                       196    -66
  SINCE JUL 1   3571                      4538   -967

 COOLING
  YESTERDAY        0                         0      0
  MONTH TO DATE    0                         0      0
  SINCE MAR 1      0                         0      0
  SINCE JAN 1      0                         0      0
..................................................................


WIND (MPH)
  HIGHEST WIND SPEED    28   HIGHEST WIND DIRECTION     W (250)
  HIGHEST GUST SPEED    38   HIGHEST GUST DIRECTION     W (250)
  AVERAGE WIND SPEED    15.0


SKY COVER
  AVERAGE SKY COVER 0.1



RELATIVE HUMIDITY (PERCENT)
 HIGHEST    93          1200 AM
 LOWEST     26           500 PM
 AVERAGE    60

..........................................................


THE QUINCY IL CLIMATE NORMALS FOR TODAY
                         NORMAL    RECORD    YEAR
 MAXIMUM TEMPERATURE (F)   48        77      2000
 MINIMUM TEMPERATURE (F)   30         0      1996
                                             1943


SUNRISE AND SUNSET
MARCH  8 2017.........SUNRISE   627 AM CST   SUNSET   605 PM CST
MARCH  9 2017.........SUNRISE   625 AM CST   SUNSET   606 PM CST


-  INDICATES NEGATIVE NUMBERS.
R  INDICATES RECORD WAS SET OR TIED.
MM INDICATES DATA IS MISSING.
T  INDICATES TRACE AMOUNT.




$$
