000
CDUS43 KLSX 220726
CLIUIN


CLIMATE REPORT
NATIONAL WEATHER SERVICE ST LOUIS MO
125 AM CST THU JAN 22 2015


...................................

...THE QUINCY IL CLIMATE SUMMARY FOR JANUARY 21 2015...

CLIMATE NORMAL PERIOD 1981 TO 2010
CLIMATE RECORD PERIOD 1901 TO 2015


WEATHER ITEM   OBSERVED TIME   RECORD YEAR NORMAL DEPARTURE LAST
                VALUE   (LST)  VALUE       VALUE  FROM      YEAR
                                                  NORMAL
..................................................................
TEMPERATURE (F)
 YESTERDAY
  MAXIMUM         38    112 PM  69    1957  34      4       22
  MINIMUM         26   1042 PM -16    1970  18      8        4
  AVERAGE         32                        26      6

PRECIPITATION (IN)
  YESTERDAY        0.00          1.13 1916   0.05  -0.05      T
  MONTH TO DATE    0.55                      1.05  -0.50     0.64
  SINCE DEC 1      1.86                      3.30  -1.44     1.72
  SINCE JAN 1      0.55                      1.05  -0.50     0.64

DEGREE DAYS
 HEATING
  YESTERDAY       33                        39     -6
  MONTH TO DATE  841                       815     26
  SINCE DEC 1   1804                      1906   -102
  SINCE JUL 1   3081                      3006     75

 COOLING
  YESTERDAY        0                         0      0
  MONTH TO DATE    0                         0      0
  SINCE DEC 1      0                         0      0
  SINCE JAN 1      0                         0      0
..................................................................


WIND (MPH)
  HIGHEST WIND SPEED    21   HIGHEST WIND DIRECTION     W (290)
  HIGHEST GUST SPEED    25   HIGHEST GUST DIRECTION     W (280)
  AVERAGE WIND SPEED    10.1


SKY COVER
  AVERAGE SKY COVER 0.6



RELATIVE HUMIDITY (PERCENT)
 HIGHEST    85          1100 PM
 LOWEST     64           400 AM
 AVERAGE    75

..........................................................


THE QUINCY IL CLIMATE NORMALS FOR TODAY
                         NORMAL    RECORD    YEAR
 MAXIMUM TEMPERATURE (F)   34        70      1967
 MINIMUM TEMPERATURE (F)   18       -14      1930


SUNRISE AND SUNSET
JANUARY 22 2015.......SUNRISE   721 AM CST   SUNSET   512 PM CST
JANUARY 23 2015.......SUNRISE   721 AM CST   SUNSET   513 PM CST


-  INDICATES NEGATIVE NUMBERS.
R  INDICATES RECORD WAS SET OR TIED.
MM INDICATES DATA IS MISSING.
T  INDICATES TRACE AMOUNT.




$$
