000
CDUS43 KLSX 130745
CLIUIN


CLIMATE REPORT
NATIONAL WEATHER SERVICE ST LOUIS MO
245 AM CDT WED AUG 13 2014


...................................

...THE QUINCY IL CLIMATE SUMMARY FOR AUGUST 12 2014...

CLIMATE NORMAL PERIOD 1981 TO 2010
CLIMATE RECORD PERIOD 1901 TO 2014


WEATHER ITEM   OBSERVED TIME   RECORD YEAR NORMAL DEPARTURE LAST
                VALUE   (LST)  VALUE       VALUE  FROM      YEAR
                                                  NORMAL
..................................................................
TEMPERATURE (F)
 YESTERDAY
  MAXIMUM         77    423 PM 105    1936  85     -8       83
  MINIMUM         60    541 AM  48    1979  65     -5       64
  AVERAGE         69                        75     -6

PRECIPITATION (IN)
  YESTERDAY        0.00          1.98 1939   0.12  -0.12     0.00
  MONTH TO DATE    2.93                      1.43   1.50     0.01
  SINCE JUN 1     13.97                      9.46   4.51     2.86
  SINCE JAN 1     22.38                     23.55  -1.17    28.10

DEGREE DAYS
 HEATING
  YESTERDAY        0                         0      0
  MONTH TO DATE    0                         0      0
  SINCE JUN 1      9                        16     -7
  SINCE JUL 1      5                         0      5

 COOLING
  YESTERDAY        4                        10     -6
  MONTH TO DATE   87                       125    -38
  SINCE JUN 1    552                       695   -143
  SINCE JAN 1    695                       781    -86
..................................................................


WIND (MPH)
  HIGHEST WIND SPEED    21   HIGHEST WIND DIRECTION    NW (310)
  HIGHEST GUST SPEED    28   HIGHEST GUST DIRECTION    NW (310)
  AVERAGE WIND SPEED     9.8


SKY COVER
  AVERAGE SKY COVER 0.0



RELATIVE HUMIDITY (PERCENT)
 HIGHEST    93           100 AM
 LOWEST     43           200 PM
 AVERAGE    68

..........................................................


THE QUINCY IL CLIMATE NORMALS FOR TODAY
                         NORMAL    RECORD    YEAR
 MAXIMUM TEMPERATURE (F)   85       105      1936
 MINIMUM TEMPERATURE (F)   65        44      1964


SUNRISE AND SUNSET
AUGUST 13 2014........SUNRISE   615 AM CDT   SUNSET   804 PM CDT
AUGUST 14 2014........SUNRISE   616 AM CDT   SUNSET   803 PM CDT


-  INDICATES NEGATIVE NUMBERS.
R  INDICATES RECORD WAS SET OR TIED.
MM INDICATES DATA IS MISSING.
T  INDICATES TRACE AMOUNT.




$$
