000
CDUS43 KLSX 210736
CLIUIN


CLIMATE REPORT
NATIONAL WEATHER SERVICE ST LOUIS MO
233 AM CDT SAT MAY 21 2016


...................................

...THE QUINCY IL CLIMATE SUMMARY FOR MAY 20 2016...

CLIMATE NORMAL PERIOD 1981 TO 2010
CLIMATE RECORD PERIOD 1901 TO 2016


WEATHER ITEM   OBSERVED TIME   RECORD YEAR NORMAL DEPARTURE LAST
                VALUE   (LST)  VALUE       VALUE  FROM      YEAR
                                                  NORMAL
..................................................................
TEMPERATURE (F)
 YESTERDAY
  MAXIMUM         67    324 PM  94    1902  74     -7       53
  MINIMUM         55    601 AM  38    2002  54      1       43
                                      1954
  AVERAGE         61                        64     -3

PRECIPITATION (IN)
  YESTERDAY        0.01          2.42 1984   0.15  -0.14     0.20
  MONTH TO DATE    1.87                      2.83  -0.96     2.23
  SINCE MAR 1      6.29                      8.98  -2.69     4.88
  SINCE JAN 1      6.91                     12.38  -5.47     6.92

DEGREE DAYS
 HEATING
  YESTERDAY        4                         4      0
  MONTH TO DATE  145                       108     37
  SINCE MAR 1    992                      1196   -204
  SINCE JUL 1   4589                      5538   -949

 COOLING
  YESTERDAY        0                         2     -2
  MONTH TO DATE   11                        30    -19
  SINCE MAR 1     32                        48    -16
  SINCE JAN 1     32                        48    -16
..................................................................


WIND (MPH)
  HIGHEST WIND SPEED    12   HIGHEST WIND DIRECTION     N (10)
  HIGHEST GUST SPEED    14   HIGHEST GUST DIRECTION    NW (330)
  AVERAGE WIND SPEED     6.4


SKY COVER
  AVERAGE SKY COVER 0.8



RELATIVE HUMIDITY (PERCENT)
 HIGHEST    86           200 AM
 LOWEST     56           700 PM
 AVERAGE    71

..........................................................


THE QUINCY IL CLIMATE NORMALS FOR TODAY
                         NORMAL    RECORD    YEAR
 MAXIMUM TEMPERATURE (F)   74        95      1925
 MINIMUM TEMPERATURE (F)   54        38      2002


SUNRISE AND SUNSET
MAY 21 2016...........SUNRISE   544 AM CDT   SUNSET   819 PM CDT
MAY 22 2016...........SUNRISE   544 AM CDT   SUNSET   820 PM CDT


-  INDICATES NEGATIVE NUMBERS.
R  INDICATES RECORD WAS SET OR TIED.
MM INDICATES DATA IS MISSING.
T  INDICATES TRACE AMOUNT.




$$
