862
CDUS43 KLSX 062232
CLIUIN


CLIMATE REPORT
NATIONAL WEATHER SERVICE ST LOUIS MO
432 PM CST FRI JAN 6 2017


...................................

...THE QUINCY IL CLIMATE SUMMARY FOR JANUARY 6 2017...
VALID TODAY AS OF 0400 PM LOCAL TIME.

CLIMATE NORMAL PERIOD 1981 TO 2010
CLIMATE RECORD PERIOD 1901 TO 2017


WEATHER ITEM   OBSERVED TIME   RECORD YEAR NORMAL DEPARTURE LAST
                VALUE   (LST)  VALUE       VALUE  FROM      YEAR
                                                  NORMAL
..................................................................
TEMPERATURE (F)
 TODAY
  MAXIMUM          8    332 PM  66    2008  34    -26       39
  MINIMUM         -2    758 AM -13    2014  19    -21       27
  AVERAGE          3                        26    -23       33

PRECIPITATION (IN)
  TODAY            0.00          0.43 1998   0.05  -0.05      T
  MONTH TO DATE    0.08                      0.33  -0.25      T
  SINCE DEC 1      1.11                      2.58  -1.47     5.82
  SINCE JAN 1      0.08                      0.33  -0.25      T

DEGREE DAYS
 HEATING
  TODAY           62                        39     23
  MONTH TO DATE  263                       230     33
  SINCE DEC 1   1376                      1321     55
  SINCE JUL 1   2064                      2421   -357

 COOLING
  TODAY            0                         0      0
  MONTH TO DATE    0                         0      0
  SINCE DEC 1      0                         0      0
  SINCE JAN 1      0                         0      0
..................................................................


WIND (MPH)
  HIGHEST WIND SPEED    16   HIGHEST WIND DIRECTION    NW (320)
  HIGHEST GUST SPEED    20   HIGHEST GUST DIRECTION    NW (300)
  AVERAGE WIND SPEED     7.5


SKY COVER
  AVERAGE SKY COVER 0.1



RELATIVE HUMIDITY (PERCENT)
 HIGHEST    87          1200 AM
 LOWEST     57           200 PM
 AVERAGE    72

..........................................................


THE QUINCY IL CLIMATE NORMALS FOR TOMORROW
                         NORMAL    RECORD    YEAR
 MAXIMUM TEMPERATURE (F)   34        70      1907
 MINIMUM TEMPERATURE (F)   19       -19      1912


SUNRISE AND SUNSET
JANUARY  6 2017.......SUNRISE   727 AM CST   SUNSET   455 PM CST
JANUARY  7 2017.......SUNRISE   727 AM CST   SUNSET   456 PM CST


-  INDICATES NEGATIVE NUMBERS.
R  INDICATES RECORD WAS SET OR TIED.
MM INDICATES DATA IS MISSING.
T  INDICATES TRACE AMOUNT.




$$
