000
CDUS43 KLSX 212241
CLIUIN


CLIMATE REPORT
NATIONAL WEATHER SERVICE ST LOUIS MO
440 PM CST MON NOV 21 2016


...................................

...THE QUINCY IL CLIMATE SUMMARY FOR NOVEMBER 21 2016...
VALID TODAY AS OF 0400 PM LOCAL TIME.

CLIMATE NORMAL PERIOD 1981 TO 2010
CLIMATE RECORD PERIOD 1901 TO 2016


WEATHER ITEM   OBSERVED TIME   RECORD YEAR NORMAL DEPARTURE LAST
                VALUE   (LST)  VALUE       VALUE  FROM      YEAR
                                                  NORMAL
..................................................................
TEMPERATURE (F)
 TODAY
  MAXIMUM         47    250 PM  74    1913  48     -1       42
  MINIMUM         26    705 AM   5    1937  31     -5       18
  AVERAGE         37                        40     -3       30

PRECIPITATION (IN)
  TODAY            0.00          1.20 1908   0.10  -0.10    MM
  MONTH TO DATE    0.81                      2.14  -1.33     2.68
  SINCE SEP 1      5.81                      8.45  -2.64     4.91
  SINCE JAN 1     29.50                     34.20  -4.70    33.67

DEGREE DAYS
 HEATING
  TODAY           28                        25      3
  MONTH TO DATE  285                       427   -142
  SINCE SEP 1    477                       846   -369
  SINCE JUL 1    483                       851   -368

 COOLING
  TODAY            0                         0      0
  MONTH TO DATE   15                         0     15
  SINCE SEP 1    296                       140    156
  SINCE JAN 1   1472                      1093    379
..................................................................


WIND (MPH)
  HIGHEST WIND SPEED    16   HIGHEST WIND DIRECTION     E (110)
  HIGHEST GUST SPEED    19   HIGHEST GUST DIRECTION     E (110)
  AVERAGE WIND SPEED    10.0


SKY COVER
  AVERAGE SKY COVER 0.0



RELATIVE HUMIDITY (PERCENT)
 HIGHEST    75           600 AM
 LOWEST     42           100 PM
 AVERAGE    59

..........................................................


THE QUINCY IL CLIMATE NORMALS FOR TOMORROW
                         NORMAL    RECORD    YEAR
 MAXIMUM TEMPERATURE (F)   48        75      2010
                                             1913
 MINIMUM TEMPERATURE (F)   31         8      1937


SUNRISE AND SUNSET
NOVEMBER 21 2016......SUNRISE   657 AM CST   SUNSET   444 PM CST
NOVEMBER 22 2016......SUNRISE   658 AM CST   SUNSET   444 PM CST


-  INDICATES NEGATIVE NUMBERS.
R  INDICATES RECORD WAS SET OR TIED.
MM INDICATES DATA IS MISSING.
T  INDICATES TRACE AMOUNT.




$$
