000
CDUS43 KLSX 080745
CLIUIN


CLIMATE REPORT
NATIONAL WEATHER SERVICE ST LOUIS MO
145 AM CST WED FEB 8 2017


...................................

...THE QUINCY IL CLIMATE SUMMARY FOR FEBRUARY 7 2017...

CLIMATE NORMAL PERIOD 1981 TO 2010
CLIMATE RECORD PERIOD 1901 TO 2017


WEATHER ITEM   OBSERVED TIME   RECORD YEAR NORMAL DEPARTURE LAST
                VALUE   (LST)  VALUE       VALUE  FROM      YEAR
                                                  NORMAL
..................................................................
TEMPERATURE (F)
 YESTERDAY
  MAXIMUM         59    311 AM  69    2009  37     22       50
  MINIMUM         30   1159 PM -11    2014  20     10       34
  AVERAGE         45                        29     16

PRECIPITATION (IN)
  YESTERDAY        0.09          1.02 1928   0.05   0.04      T
  MONTH TO DATE    0.09                      0.37  -0.28     0.10
  SINCE DEC 1      2.30                      4.14  -1.84     6.32
  SINCE JAN 1      1.27                      1.89  -0.62     0.50

DEGREE DAYS
 HEATING
  YESTERDAY       20                        36    -16
  MONTH TO DATE  219                       259    -40
  SINCE DEC 1   2358                      2545   -187
  SINCE JUL 1   3046                      3645   -599

 COOLING
  YESTERDAY        0                         0      0
  MONTH TO DATE    0                         0      0
  SINCE DEC 1      0                         0      0
  SINCE JAN 1      0                         0      0
..................................................................


WIND (MPH)
  HIGHEST WIND SPEED    24   HIGHEST WIND DIRECTION    NW (300)
  HIGHEST GUST SPEED    30   HIGHEST GUST DIRECTION     W (280)
  AVERAGE WIND SPEED    13.7


SKY COVER
  AVERAGE SKY COVER 0.9



RELATIVE HUMIDITY (PERCENT)
 HIGHEST   100           800 AM
 LOWEST     75           900 PM
 AVERAGE    88

..........................................................


THE QUINCY IL CLIMATE NORMALS FOR TODAY
                         NORMAL    RECORD    YEAR
 MAXIMUM TEMPERATURE (F)   37        69      1990
 MINIMUM TEMPERATURE (F)   21       -12      1933


SUNRISE AND SUNSET
FEBRUARY  8 2017......SUNRISE   706 AM CST   SUNSET   533 PM CST
FEBRUARY  9 2017......SUNRISE   704 AM CST   SUNSET   534 PM CST


-  INDICATES NEGATIVE NUMBERS.
R  INDICATES RECORD WAS SET OR TIED.
MM INDICATES DATA IS MISSING.
T  INDICATES TRACE AMOUNT.




$$
