000
CDUS43 KLSX 232130
CLIUIN


CLIMATE REPORT
NATIONAL WEATHER SERVICE ST LOUIS MO
430 PM CDT THU JUL 23 2015


...................................

...THE QUINCY IL CLIMATE SUMMARY FOR JULY 23 2015...
VALID TODAY AS OF 0400 PM LOCAL TIME.

CLIMATE NORMAL PERIOD 1981 TO 2010
CLIMATE RECORD PERIOD 1901 TO 2015


WEATHER ITEM   OBSERVED TIME   RECORD YEAR NORMAL DEPARTURE LAST
                VALUE   (LST)  VALUE       VALUE  FROM      YEAR
                                                  NORMAL
..................................................................
TEMPERATURE (F)
 TODAY
  MAXIMUM         84    156 PM 112    1934  86     -2       82
  MINIMUM         65    315 AM  53    1947  66     -1       62
                                      1904
  AVERAGE         75                        76     -1       72

PRECIPITATION (IN)
  TODAY            0.00          1.23 1981   0.13  -0.13     0.00
  MONTH TO DATE    7.36                      3.07   4.29     2.07
  SINCE JUN 1     15.89                      7.06   8.83    10.22
  SINCE JAN 1     24.57                     21.15   3.42    18.63

DEGREE DAYS
 HEATING
  TODAY            0                         0      0
  MONTH TO DATE    3                         0      3
  SINCE JUN 1     11                        16     -5
  SINCE JUL 1      3                         0      3

 COOLING
  TODAY           10                        11     -1
  MONTH TO DATE  227                       253    -26
  SINCE JUN 1    474                       480     -6
  SINCE JAN 1    588                       566     22
..................................................................


WIND (MPH)
  HIGHEST WIND SPEED    12   HIGHEST WIND DIRECTION    SE (140)
  HIGHEST GUST SPEED    14   HIGHEST GUST DIRECTION    SE (140)
  AVERAGE WIND SPEED     6.9


SKY COVER
  AVERAGE SKY COVER 0.1



RELATIVE HUMIDITY (PERCENT)
 HIGHEST    87           200 AM
 LOWEST     47          1200 PM
 AVERAGE    67

..........................................................


THE QUINCY IL CLIMATE NORMALS FOR TOMORROW
                         NORMAL    RECORD    YEAR
 MAXIMUM TEMPERATURE (F)   86       111      1934
 MINIMUM TEMPERATURE (F)   66        52      1904


SUNRISE AND SUNSET
JULY 23 2015..........SUNRISE   555 AM CDT   SUNSET   827 PM CDT
JULY 24 2015..........SUNRISE   556 AM CDT   SUNSET   826 PM CDT


-  INDICATES NEGATIVE NUMBERS.
R  INDICATES RECORD WAS SET OR TIED.
MM INDICATES DATA IS MISSING.
T  INDICATES TRACE AMOUNT.




$$
