000
CDUS43 KLSX 090726
CLIUIN


CLIMATE REPORT
NATIONAL WEATHER SERVICE ST LOUIS MO
126 AM CST FRI FEB 9 2018


...................................

...THE QUINCY IL CLIMATE SUMMARY FOR FEBRUARY 8 2018...

CLIMATE NORMAL PERIOD 1981 TO 2010
CLIMATE RECORD PERIOD 1901 TO 2018


WEATHER ITEM   OBSERVED TIME   RECORD YEAR NORMAL DEPARTURE LAST
                VALUE   (LST)  VALUE       VALUE  FROM      YEAR
                                                  NORMAL
..................................................................
TEMPERATURE (F)
 YESTERDAY
  MAXIMUM         43    426 PM  69    1990  37      6       30
  MINIMUM         17    336 AM -12    1933  21     -4       13
  AVERAGE         30                        29      1

PRECIPITATION (IN)
  YESTERDAY        T             1.09 1969   0.07  -0.07    MM
  MONTH TO DATE    0.03                      0.44  -0.41     0.09
  SINCE DEC 1      1.49                      4.21  -2.72     2.30
  SINCE JAN 1      1.32                      1.96  -0.64     1.27

DEGREE DAYS
 HEATING
  YESTERDAY       35                        36     -1
  MONTH TO DATE  355                       295     60
  SINCE DEC 1   2652                      2581     71
  SINCE JUL 1   3599                      3681    -82

 COOLING
  YESTERDAY        0                         0      0
  MONTH TO DATE    0                         0      0
  SINCE DEC 1      0                         0      0
  SINCE JAN 1      0                         0      0
..................................................................


WIND (MPH)
  HIGHEST WIND SPEED    15   HIGHEST WIND DIRECTION     S (190)
  HIGHEST GUST SPEED    20   HIGHEST GUST DIRECTION     S (190)
  AVERAGE WIND SPEED     8.1


SKY COVER
  AVERAGE SKY COVER 0.6



RELATIVE HUMIDITY (PERCENT)
 HIGHEST    80           200 AM
 LOWEST     39           200 PM
 AVERAGE    60

..........................................................


THE QUINCY IL CLIMATE NORMALS FOR TODAY
                         NORMAL    RECORD    YEAR
 MAXIMUM TEMPERATURE (F)   37        67      1943
 MINIMUM TEMPERATURE (F)   21       -16      1979


SUNRISE AND SUNSET
FEBRUARY  9 2018......SUNRISE   705 AM CST   SUNSET   534 PM CST
FEBRUARY 10 2018......SUNRISE   704 AM CST   SUNSET   535 PM CST


-  INDICATES NEGATIVE NUMBERS.
R  INDICATES RECORD WAS SET OR TIED.
MM INDICATES DATA IS MISSING.
T  INDICATES TRACE AMOUNT.




$$
