000
CDUS43 KLSX 222127
CLIUIN


CLIMATE REPORT
NATIONAL WEATHER SERVICE ST LOUIS MO
426 PM CDT MON AUG 22 2016


...................................

...THE QUINCY IL CLIMATE SUMMARY FOR AUGUST 22 2016...
VALID TODAY AS OF 0400 PM LOCAL TIME.

CLIMATE NORMAL PERIOD 1981 TO 2010
CLIMATE RECORD PERIOD 1901 TO 2016


WEATHER ITEM   OBSERVED TIME   RECORD YEAR NORMAL DEPARTURE LAST
                VALUE   (LST)  VALUE       VALUE  FROM      YEAR
                                                  NORMAL
..................................................................
TEMPERATURE (F)
 TODAY
  MAXIMUM         81    259 PM 103    1936  84     -3       78
  MINIMUM         56    526 AM  50    1923  64     -8       61
  AVERAGE         69                        74     -5       70

PRECIPITATION (IN)
  TODAY            0.00          1.12 1905   0.11  -0.11     0.00
  MONTH TO DATE    2.55                      2.59  -0.04     1.90
  SINCE JUN 1     10.27                     10.62  -0.35    19.85
  SINCE JAN 1     18.95                     24.71  -5.76    28.53

DEGREE DAYS
 HEATING
  TODAY            0                         0      0
  MONTH TO DATE    0                         0      0
  SINCE JUN 1      6                        16    -10
  SINCE JUL 1      6                         0      6

 COOLING
  TODAY            4                         9     -5
  MONTH TO DATE  243                       222     21
  SINCE JUN 1    974                       792    182
  SINCE JAN 1   1078                       878    200
..................................................................


WIND (MPH)
  HIGHEST WIND SPEED    14   HIGHEST WIND DIRECTION     S (200)
  HIGHEST GUST SPEED    18   HIGHEST GUST DIRECTION     S (180)
  AVERAGE WIND SPEED     5.6


SKY COVER
  AVERAGE SKY COVER 0.0



RELATIVE HUMIDITY (PERCENT)
 HIGHEST    93           400 AM
 LOWEST     45           200 PM
 AVERAGE    69

..........................................................


THE QUINCY IL CLIMATE NORMALS FOR TOMORROW
                         NORMAL    RECORD    YEAR
 MAXIMUM TEMPERATURE (F)   84       103      1947
 MINIMUM TEMPERATURE (F)   64        48      1939


SUNRISE AND SUNSET
AUGUST 22 2016........SUNRISE   624 AM CDT   SUNSET   751 PM CDT
AUGUST 23 2016........SUNRISE   625 AM CDT   SUNSET   749 PM CDT


-  INDICATES NEGATIVE NUMBERS.
R  INDICATES RECORD WAS SET OR TIED.
MM INDICATES DATA IS MISSING.
T  INDICATES TRACE AMOUNT.




$$
