000
CDUS43 KLSX 140727
CLIUIN


CLIMATE REPORT
NATIONAL WEATHER SERVICE ST LOUIS MO
126 AM CST SUN DEC 14 2014


...................................

...THE QUINCY IL CLIMATE SUMMARY FOR DECEMBER 13 2014...

CLIMATE NORMAL PERIOD 1981 TO 2010
CLIMATE RECORD PERIOD 1901 TO 2014


WEATHER ITEM   OBSERVED TIME   RECORD YEAR NORMAL DEPARTURE LAST
                VALUE   (LST)  VALUE       VALUE  FROM      YEAR
                                                  NORMAL
..................................................................
TEMPERATURE (F)
 YESTERDAY
  MAXIMUM         50    431 PM  67    1948  38     12       36
  MINIMUM         33    334 AM -11    1903  22     11       22
  AVERAGE         42                        30     12

PRECIPITATION (IN)
  YESTERDAY        0.00          1.22 1923   0.07  -0.07     0.65
  MONTH TO DATE    0.50                      1.08  -0.58     0.65
  SINCE DEC 1      0.50                      1.08  -0.58     0.65
  SINCE JAN 1     39.31                     36.16   3.15    35.24

DEGREE DAYS
 HEATING
  YESTERDAY       23                        35    -12
  MONTH TO DATE  421                       426     -5
  SINCE DEC 1    421                       426     -5
  SINCE JUL 1   1698                      1526    172

 COOLING
  YESTERDAY        0                         0      0
  MONTH TO DATE    0                         0      0
  SINCE DEC 1      0                         0      0
  SINCE JAN 1   1021                      1094    -73
..................................................................


WIND (MPH)
  HIGHEST WIND SPEED    13   HIGHEST WIND DIRECTION     S (180)
  HIGHEST GUST SPEED    16   HIGHEST GUST DIRECTION     S (170)
  AVERAGE WIND SPEED     7.1


SKY COVER
  AVERAGE SKY COVER 0.6



RELATIVE HUMIDITY (PERCENT)
 HIGHEST    96          1200 AM
 LOWEST     80           100 PM
 AVERAGE    88

..........................................................


THE QUINCY IL CLIMATE NORMALS FOR TODAY
                         NORMAL    RECORD    YEAR
 MAXIMUM TEMPERATURE (F)   37        68      1975
 MINIMUM TEMPERATURE (F)   22       -12      1901


SUNRISE AND SUNSET
DECEMBER 14 2014......SUNRISE   719 AM CST   SUNSET   440 PM CST
DECEMBER 15 2014......SUNRISE   719 AM CST   SUNSET   441 PM CST


-  INDICATES NEGATIVE NUMBERS.
R  INDICATES RECORD WAS SET OR TIED.
MM INDICATES DATA IS MISSING.
T  INDICATES TRACE AMOUNT.




$$
