000
CDUS43 KLSX 130734
CLIUIN


CLIMATE REPORT
NATIONAL WEATHER SERVICE ST LOUIS MO
231 AM CDT THU APR 13 2017


...................................

...THE QUINCY IL CLIMATE SUMMARY FOR APRIL 12 2017...

CLIMATE NORMAL PERIOD 1981 TO 2010
CLIMATE RECORD PERIOD 1901 TO 2017


WEATHER ITEM   OBSERVED TIME   RECORD YEAR NORMAL DEPARTURE LAST
                VALUE   (LST)  VALUE       VALUE  FROM      YEAR
                                                  NORMAL
..................................................................
TEMPERATURE (F)
 YESTERDAY
  MAXIMUM         72    324 PM  89    1930  62     10       58
  MINIMUM         42    548 AM  16    1957  42      0       29
  AVERAGE         57                        52      5

PRECIPITATION (IN)
  YESTERDAY        0.00          0.99 1952   0.11  -0.11     0.00
  MONTH TO DATE    1.62                      1.36   0.26     0.36
  SINCE MAR 1      4.80                      3.82   0.98     1.44
  SINCE JAN 1      6.85                      7.22  -0.37     2.06

DEGREE DAYS
 HEATING
  YESTERDAY        8                        13     -5
  MONTH TO DATE  139                       182    -43
  SINCE MAR 1    761                       900   -139
  SINCE JUL 1   4202                      5242  -1040

 COOLING
  YESTERDAY        0                         0      0
  MONTH TO DATE    7                         0      7
  SINCE MAR 1      7                         2      5
  SINCE JAN 1      7                         2      5
..................................................................


WIND (MPH)
  HIGHEST WIND SPEED    16   HIGHEST WIND DIRECTION     S (170)
  HIGHEST GUST SPEED    21   HIGHEST GUST DIRECTION     S (190)
  AVERAGE WIND SPEED     8.6


SKY COVER
  AVERAGE SKY COVER 0.0



RELATIVE HUMIDITY (PERCENT)
 HIGHEST    82           600 AM
 LOWEST     34           300 PM
 AVERAGE    58

..........................................................


THE QUINCY IL CLIMATE NORMALS FOR TODAY
                         NORMAL    RECORD    YEAR
 MAXIMUM TEMPERATURE (F)   63        89      1941
 MINIMUM TEMPERATURE (F)   42        19      1950


SUNRISE AND SUNSET
APRIL 13 2017.........SUNRISE   630 AM CDT   SUNSET   742 PM CDT
APRIL 14 2017.........SUNRISE   628 AM CDT   SUNSET   743 PM CDT


-  INDICATES NEGATIVE NUMBERS.
R  INDICATES RECORD WAS SET OR TIED.
MM INDICATES DATA IS MISSING.
T  INDICATES TRACE AMOUNT.




$$
