000
CDUS43 KLSX 150730
CLIUIN


CLIMATE REPORT
NATIONAL WEATHER SERVICE ST LOUIS MO
229 AM CDT TUE JUL 15 2014


...................................

...THE QUINCY IL CLIMATE SUMMARY FOR JULY 14 2014...

CLIMATE NORMAL PERIOD 1981 TO 2010
CLIMATE RECORD PERIOD 1901 TO 2014


WEATHER ITEM   OBSERVED TIME   RECORD YEAR NORMAL DEPARTURE LAST
                VALUE   (LST)  VALUE       VALUE  FROM      YEAR
                                                  NORMAL
..................................................................
TEMPERATURE (F)
 YESTERDAY
  MAXIMUM         79    838 AM 112    1954  86     -7       88
  MINIMUM         57   1159 PM  47    1950  67    -10       66
  AVERAGE         68                        76     -8

PRECIPITATION (IN)
  YESTERDAY        0.02          3.09 1920   0.14  -0.12     0.00
  MONTH TO DATE    2.05                      1.88   0.17     0.02
  SINCE JUN 1     10.20                      5.87   4.33     1.80
  SINCE JAN 1     18.61                     19.96  -1.35    27.04

DEGREE DAYS
 HEATING
  YESTERDAY        0                         0      0
  MONTH TO DATE    1                         0      1
  SINCE JUN 1      5                        16    -11
  SINCE JUL 1      1                         0      1

 COOLING
  YESTERDAY        3                        11     -8
  MONTH TO DATE  105                       154    -49
  SINCE JUN 1    372                       381     -9
  SINCE JAN 1    515                       467     48
..................................................................


WIND (MPH)
  HIGHEST WIND SPEED    18   HIGHEST WIND DIRECTION    NW (330)
  HIGHEST GUST SPEED    24   HIGHEST GUST DIRECTION     N (340)
  AVERAGE WIND SPEED     8.8


SKY COVER
  AVERAGE SKY COVER 0.3



RELATIVE HUMIDITY (PERCENT)
 HIGHEST    93           500 AM
 LOWEST     43           500 PM
 AVERAGE    68

..........................................................


THE QUINCY IL CLIMATE NORMALS FOR TODAY
                         NORMAL    RECORD    YEAR
 MAXIMUM TEMPERATURE (F)   86       114      1936
 MINIMUM TEMPERATURE (F)   67        52      1967
                                             1945


SUNRISE AND SUNSET
JULY 15 2014..........SUNRISE   549 AM CDT   SUNSET   832 PM CDT
JULY 16 2014..........SUNRISE   550 AM CDT   SUNSET   832 PM CDT


-  INDICATES NEGATIVE NUMBERS.
R  INDICATES RECORD WAS SET OR TIED.
MM INDICATES DATA IS MISSING.
T  INDICATES TRACE AMOUNT.




$$
