000
CDUS43 KLSX 180741
CLIUIN


CLIMATE REPORT
NATIONAL WEATHER SERVICE ST LOUIS MO
237 AM CDT MON APR 18 2016


...................................

...THE QUINCY IL CLIMATE SUMMARY FOR APRIL 17 2016...

CLIMATE NORMAL PERIOD 1981 TO 2010
CLIMATE RECORD PERIOD 1901 TO 2016


WEATHER ITEM   OBSERVED TIME   RECORD YEAR NORMAL DEPARTURE LAST
                VALUE   (LST)  VALUE       VALUE  FROM      YEAR
                                                  NORMAL
..................................................................
TEMPERATURE (F)
 YESTERDAY
  MAXIMUM         81    331 PM  87    1914  64     17       79
  MINIMUM         56    547 AM  22    1907  44     12       53
  AVERAGE         69                        54     15

PRECIPITATION (IN)
  YESTERDAY        0.00          1.24 1939   0.12  -0.12     0.00
  MONTH TO DATE    0.36                      1.98  -1.62     0.62
  SINCE MAR 1      1.44                      4.44  -3.00     1.57
  SINCE JAN 1      2.06                      7.84  -5.78     3.61

DEGREE DAYS
 HEATING
  YESTERDAY        0                        12    -12
  MONTH TO DATE  262                       244     18
  SINCE MAR 1    782                       962   -180
  SINCE JUL 1   4379                      5304   -925

 COOLING
  YESTERDAY        4                         1      3
  MONTH TO DATE    4                         4      0
  SINCE MAR 1      6                         6      0
  SINCE JAN 1      6                         6      0
..................................................................


WIND (MPH)
  HIGHEST WIND SPEED    18   HIGHEST WIND DIRECTION    SE (140)
  HIGHEST GUST SPEED    24   HIGHEST GUST DIRECTION    SE (150)
  AVERAGE WIND SPEED     9.5


SKY COVER
  AVERAGE SKY COVER 0.2



RELATIVE HUMIDITY (PERCENT)
 HIGHEST    67           200 AM
 LOWEST     33           300 PM
 AVERAGE    50

..........................................................


THE QUINCY IL CLIMATE NORMALS FOR TODAY
                         NORMAL    RECORD    YEAR
 MAXIMUM TEMPERATURE (F)   64        88      1948
                                             1925
 MINIMUM TEMPERATURE (F)   44        24      1983


SUNRISE AND SUNSET
APRIL 18 2016.........SUNRISE   622 AM CDT   SUNSET   747 PM CDT
APRIL 19 2016.........SUNRISE   620 AM CDT   SUNSET   748 PM CDT


-  INDICATES NEGATIVE NUMBERS.
R  INDICATES RECORD WAS SET OR TIED.
MM INDICATES DATA IS MISSING.
T  INDICATES TRACE AMOUNT.




$$
