000
CDUS43 KLSX 170738
CLIUIN


CLIMATE REPORT
NATIONAL WEATHER SERVICE ST LOUIS MO
137 AM CST FRI FEB 17 2017


...................................

...THE QUINCY IL CLIMATE SUMMARY FOR FEBRUARY 16 2017...

CLIMATE NORMAL PERIOD 1981 TO 2010
CLIMATE RECORD PERIOD 1901 TO 2017


WEATHER ITEM   OBSERVED TIME   RECORD YEAR NORMAL DEPARTURE LAST
                VALUE   (LST)  VALUE       VALUE  FROM      YEAR
                                                  NORMAL
..................................................................
TEMPERATURE (F)
 YESTERDAY
  MAXIMUM         67    350 PM  71    1921  39     28       40
  MINIMUM         26    435 AM -11    1958  23      3       28
  AVERAGE         47                        31     16

PRECIPITATION (IN)
  YESTERDAY        0.00          0.84 1976   0.07  -0.07     0.02
  MONTH TO DATE    0.09                      0.98  -0.89     0.22
  SINCE DEC 1      2.30                      4.75  -2.45     6.44
  SINCE JAN 1      1.27                      2.50  -1.23     0.62

DEGREE DAYS
 HEATING
  YESTERDAY       18                        34    -16
  MONTH TO DATE  463                       575   -112
  SINCE DEC 1   2602                      2861   -259
  SINCE JUL 1   3290                      3961   -671

 COOLING
  YESTERDAY        0                         0      0
  MONTH TO DATE    0                         0      0
  SINCE DEC 1      0                         0      0
  SINCE JAN 1      0                         0      0
..................................................................


WIND (MPH)
  HIGHEST WIND SPEED    22   HIGHEST WIND DIRECTION    SW (240)
  HIGHEST GUST SPEED    28   HIGHEST GUST DIRECTION    SW (210)
  AVERAGE WIND SPEED    11.3


SKY COVER
  AVERAGE SKY COVER 0.0



RELATIVE HUMIDITY (PERCENT)
 HIGHEST    69           300 AM
 LOWEST     24           300 PM
 AVERAGE    47

..........................................................


THE QUINCY IL CLIMATE NORMALS FOR TODAY
                         NORMAL    RECORD    YEAR
 MAXIMUM TEMPERATURE (F)   40        70      2011
 MINIMUM TEMPERATURE (F)   23       -18      1903


SUNRISE AND SUNSET
FEBRUARY 17 2017......SUNRISE   655 AM CST   SUNSET   543 PM CST
FEBRUARY 18 2017......SUNRISE   653 AM CST   SUNSET   545 PM CST


-  INDICATES NEGATIVE NUMBERS.
R  INDICATES RECORD WAS SET OR TIED.
MM INDICATES DATA IS MISSING.
T  INDICATES TRACE AMOUNT.




$$
