000
CDUS43 KLSX 042228
CLIUIN


CLIMATE REPORT
NATIONAL WEATHER SERVICE ST LOUIS MO
528 PM CDT FRI JUL 4 2014


...................................

...THE QUINCY IL CLIMATE SUMMARY FOR JULY 4 2014...
VALID TODAY AS OF 0500 PM LOCAL TIME.

CLIMATE NORMAL PERIOD 1981 TO 2010
CLIMATE RECORD PERIOD 1901 TO 2014


WEATHER ITEM   OBSERVED TIME   RECORD YEAR NORMAL DEPARTURE LAST
                VALUE   (LST)  VALUE       VALUE  FROM      YEAR
                                                  NORMAL
..................................................................
TEMPERATURE (F)
 TODAY
  MAXIMUM         79    337 PM 103    1936  86     -7       85
                                      1911
  MINIMUM         58    502 AM  48    1940  66     -8       61
  AVERAGE         69                        76     -7       73

PRECIPITATION (IN)
  TODAY            0.00          2.60 1981   0.13  -0.13     0.00
  MONTH TO DATE    0.01                      0.51  -0.50     0.00
  SINCE JUN 1      8.16                      4.50   3.66     1.78
  SINCE JAN 1     16.57                     18.59  -2.02    27.02

DEGREE DAYS
 HEATING
  TODAY            0                         0      0
  MONTH TO DATE    1                         0      1
  SINCE JUN 1      5                        16    -11
  SINCE JUL 1      1                         0      1

 COOLING
  TODAY            4                        11     -7
  MONTH TO DATE   16                        44    -28
  SINCE JUN 1    283                       271     12
  SINCE JAN 1    426                       357     69
..................................................................


WIND (MPH)
  HIGHEST WIND SPEED    10   HIGHEST WIND DIRECTION    SE (140)
  HIGHEST GUST SPEED    19   HIGHEST GUST DIRECTION     E (80)
  AVERAGE WIND SPEED     4.5


SKY COVER
  AVERAGE SKY COVER 0.3



RELATIVE HUMIDITY (PERCENT)
 HIGHEST    86           500 AM
 LOWEST     38          1100 AM
 AVERAGE    62

..........................................................


THE QUINCY IL CLIMATE NORMALS FOR TOMORROW
                         NORMAL    RECORD    YEAR
 MAXIMUM TEMPERATURE (F)   86       104      1911
 MINIMUM TEMPERATURE (F)   66        50      1997
                                             1972
                                             1940


SUNRISE AND SUNSET
JULY  4 2014..........SUNRISE   541 AM CDT   SUNSET   837 PM CDT
JULY  5 2014..........SUNRISE   542 AM CDT   SUNSET   837 PM CDT


-  INDICATES NEGATIVE NUMBERS.
R  INDICATES RECORD WAS SET OR TIED.
MM INDICATES DATA IS MISSING.
T  INDICATES TRACE AMOUNT.




$$
