308
CDUS43 KLSX 202130
CLIUIN


CLIMATE REPORT
NATIONAL WEATHER SERVICE ST LOUIS MO
430 PM CDT TUE SEP 20 2016


...................................

...THE QUINCY IL CLIMATE SUMMARY FOR SEPTEMBER 20 2016...
VALID TODAY AS OF 0400 PM LOCAL TIME.

CLIMATE NORMAL PERIOD 1981 TO 2010
CLIMATE RECORD PERIOD 1901 TO 2016


WEATHER ITEM   OBSERVED TIME   RECORD YEAR NORMAL DEPARTURE LAST
                VALUE   (LST)  VALUE       VALUE  FROM      YEAR
                                                  NORMAL
..................................................................
TEMPERATURE (F)
 TODAY
  MAXIMUM         90    227 PM  95    1940  75     15       74
  MINIMUM         67    624 AM  34    1991  54     13       48
  AVERAGE         79                        65     14       61

PRECIPITATION (IN)
  TODAY            0.00          2.67 1986   0.11  -0.11     0.00
  MONTH TO DATE    3.09                      2.18   0.91     1.21
  SINCE SEP 1      3.09                      2.18   0.91     1.21
  SINCE JAN 1     26.78                     27.93  -1.15    29.97

DEGREE DAYS
 HEATING
  TODAY            0                         3     -3
  MONTH TO DATE    0                        32    -32
  SINCE SEP 1      0                        32    -32
  SINCE JUL 1      6                        37    -31

 COOLING
  TODAY           14                         3     11
  MONTH TO DATE  158                       101     57
  SINCE SEP 1    158                       101     57
  SINCE JAN 1   1334                      1054    280
..................................................................


WIND (MPH)
  HIGHEST WIND SPEED     8   HIGHEST WIND DIRECTION     W (260)
  HIGHEST GUST SPEED    10   HIGHEST GUST DIRECTION     S (190)
  AVERAGE WIND SPEED     4.1


SKY COVER
  AVERAGE SKY COVER 0.0



RELATIVE HUMIDITY (PERCENT)
 HIGHEST   100           600 AM
 LOWEST     44           300 PM
 AVERAGE    72

..........................................................


THE QUINCY IL CLIMATE NORMALS FOR TOMORROW
                         NORMAL    RECORD    YEAR
 MAXIMUM TEMPERATURE (F)   75        95      1940
 MINIMUM TEMPERATURE (F)   53        38      1995
                                             1991
                                             1918


SUNRISE AND SUNSET
SEPTEMBER 20 2016.....SUNRISE   651 AM CDT   SUNSET   704 PM CDT
SEPTEMBER 21 2016.....SUNRISE   652 AM CDT   SUNSET   703 PM CDT


-  INDICATES NEGATIVE NUMBERS.
R  INDICATES RECORD WAS SET OR TIED.
MM INDICATES DATA IS MISSING.
T  INDICATES TRACE AMOUNT.




$$
