000
CDUS43 KLSX 142227
CLIUIN


CLIMATE REPORT
NATIONAL WEATHER SERVICE ST LOUIS MO
427 PM CST MON NOV 14 2016


...................................

...THE QUINCY IL CLIMATE SUMMARY FOR NOVEMBER 14 2016...
VALID TODAY AS OF 0400 PM LOCAL TIME.

CLIMATE NORMAL PERIOD 1981 TO 2010
CLIMATE RECORD PERIOD 1901 TO 2016


WEATHER ITEM   OBSERVED TIME   RECORD YEAR NORMAL DEPARTURE LAST
                VALUE   (LST)  VALUE       VALUE  FROM      YEAR
                                                  NORMAL
..................................................................
TEMPERATURE (F)
 TODAY
  MAXIMUM         64    336 PM  75    1971  52     12       67
                                      1960
  MINIMUM         40    550 AM   9    1940  35      5       35
  AVERAGE         52                        43      9       51

PRECIPITATION (IN)
  TODAY            0.00          1.03 1926   0.11  -0.11     0.00
  MONTH TO DATE    0.81                      1.44  -0.63     0.16
  SINCE SEP 1      5.81                      7.75  -1.94     2.39
  SINCE JAN 1     29.50                     33.50  -4.00    31.15

DEGREE DAYS
 HEATING
  TODAY           13                        22     -9
  MONTH TO DATE  156                       261   -105
  SINCE SEP 1    348                       680   -332
  SINCE JUL 1    354                       685   -331

 COOLING
  TODAY            0                         0      0
  MONTH TO DATE   11                         0     11
  SINCE SEP 1    292                       140    152
  SINCE JAN 1   1468                      1093    375
..................................................................


WIND (MPH)
  HIGHEST WIND SPEED    13   HIGHEST WIND DIRECTION    SW (230)
  HIGHEST GUST SPEED    18   HIGHEST GUST DIRECTION    SW (220)
  AVERAGE WIND SPEED     8.7


SKY COVER
  AVERAGE SKY COVER 0.0



RELATIVE HUMIDITY (PERCENT)
 HIGHEST    86           600 AM
 LOWEST     56           100 PM
 AVERAGE    71

..........................................................


THE QUINCY IL CLIMATE NORMALS FOR TOMORROW
                         NORMAL    RECORD    YEAR
 MAXIMUM TEMPERATURE (F)   52        75      1950
 MINIMUM TEMPERATURE (F)   34         7      1940


SUNRISE AND SUNSET
NOVEMBER 14 2016......SUNRISE   649 AM CST   SUNSET   449 PM CST
NOVEMBER 15 2016......SUNRISE   650 AM CST   SUNSET   448 PM CST


-  INDICATES NEGATIVE NUMBERS.
R  INDICATES RECORD WAS SET OR TIED.
MM INDICATES DATA IS MISSING.
T  INDICATES TRACE AMOUNT.




$$
