000
CDUS43 KLSX 030731
CLIUIN


CLIMATE REPORT
NATIONAL WEATHER SERVICE ST LOUIS MO
130 AM CST TUE JAN 3 2017


...................................

...THE QUINCY IL CLIMATE SUMMARY FOR JANUARY 2 2017...

CLIMATE NORMAL PERIOD 1981 TO 2010
CLIMATE RECORD PERIOD 1901 TO 2017


WEATHER ITEM   OBSERVED TIME   RECORD YEAR NORMAL DEPARTURE LAST
                VALUE   (LST)  VALUE       VALUE  FROM      YEAR
                                                  NORMAL
..................................................................
TEMPERATURE (F)
 YESTERDAY
  MAXIMUM         45    354 PM  68    2004  34     11       39
  MINIMUM         35   1201 AM -11    1979  19     16       23
  AVERAGE         40                        27     13

PRECIPITATION (IN)
  YESTERDAY        0.06          1.32 1951   0.05   0.01     0.00
  MONTH TO DATE    0.06                      0.11  -0.05     0.00
  SINCE DEC 1      1.09                      2.36  -1.27     5.82
  SINCE JAN 1      0.06                      0.11  -0.05     0.00

DEGREE DAYS
 HEATING
  YESTERDAY       25                        38    -13
  MONTH TO DATE   60                        76    -16
  SINCE DEC 1   1173                      1167      6
  SINCE JUL 1   1861                      2267   -406

 COOLING
  YESTERDAY        0                         0      0
  MONTH TO DATE    0                         0      0
  SINCE DEC 1      0                         0      0
  SINCE JAN 1      0                         0      0
..................................................................


WIND (MPH)
  HIGHEST WIND SPEED    14   HIGHEST WIND DIRECTION     E (110)
  HIGHEST GUST SPEED    16   HIGHEST GUST DIRECTION    SE (140)
  AVERAGE WIND SPEED     7.5


SKY COVER
  AVERAGE SKY COVER 1.0



RELATIVE HUMIDITY (PERCENT)
 HIGHEST   100           500 PM
 LOWEST     75          1200 AM
 AVERAGE    88

..........................................................


THE QUINCY IL CLIMATE NORMALS FOR TODAY
                         NORMAL    RECORD    YEAR
 MAXIMUM TEMPERATURE (F)   34        63      1998
 MINIMUM TEMPERATURE (F)   19       -16      1904


SUNRISE AND SUNSET
JANUARY  3 2017.......SUNRISE   727 AM CST   SUNSET   452 PM CST
JANUARY  4 2017.......SUNRISE   727 AM CST   SUNSET   453 PM CST


-  INDICATES NEGATIVE NUMBERS.
R  INDICATES RECORD WAS SET OR TIED.
MM INDICATES DATA IS MISSING.
T  INDICATES TRACE AMOUNT.




$$
