000
CDUS43 KLSX 110735
CLIUIN


CLIMATE REPORT
NATIONAL WEATHER SERVICE ST LOUIS MO
233 AM CDT THU SEP 11 2014


...................................

...THE QUINCY IL CLIMATE SUMMARY FOR SEPTEMBER 10 2014...

CLIMATE NORMAL PERIOD 1981 TO 2010
CLIMATE RECORD PERIOD 1901 TO 2014


WEATHER ITEM   OBSERVED TIME   RECORD YEAR NORMAL DEPARTURE LAST
                VALUE   (LST)  VALUE       VALUE  FROM      YEAR
                                                  NORMAL
..................................................................
TEMPERATURE (F)
 YESTERDAY
  MAXIMUM         78    236 PM 100    1933  80     -2       98
  MINIMUM         58   1159 PM  43    1976  58      0       70
                                      1967
  AVERAGE         68                        69     -1

PRECIPITATION (IN)
  YESTERDAY        3.51R         2.63 1922   0.11   3.40     0.00
  MONTH TO DATE    5.10                      1.11   3.99     0.11
  SINCE SEP 1      5.10                      1.11   3.99     0.11
  SINCE JAN 1     30.72                     26.86   3.86    28.21

DEGREE DAYS
 HEATING
  YESTERDAY        0                         1     -1
  MONTH TO DATE    1                         9     -8
  SINCE SEP 1      1                         9     -8
  SINCE JUL 1      6                        14     -8

 COOLING
  YESTERDAY        3                         5     -2
  MONTH TO DATE   49                        62    -13
  SINCE SEP 1     49                        62    -13
  SINCE JAN 1    978                      1015    -37
..................................................................


WIND (MPH)
  HIGHEST WIND SPEED    28   HIGHEST WIND DIRECTION     S (180)
  HIGHEST GUST SPEED    41   HIGHEST GUST DIRECTION     S (180)
  AVERAGE WIND SPEED    13.1


SKY COVER
  AVERAGE SKY COVER 0.9



RELATIVE HUMIDITY (PERCENT)
 HIGHEST    93           100 AM
 LOWEST     73           500 PM
 AVERAGE    83

..........................................................


THE QUINCY IL CLIMATE NORMALS FOR TODAY
                         NORMAL    RECORD    YEAR
 MAXIMUM TEMPERATURE (F)   79        99      1936
 MINIMUM TEMPERATURE (F)   58        41      1940
                                             1917


SUNRISE AND SUNSET
SEPTEMBER 11 2014.....SUNRISE   642 AM CDT   SUNSET   720 PM CDT
SEPTEMBER 12 2014.....SUNRISE   643 AM CDT   SUNSET   718 PM CDT


-  INDICATES NEGATIVE NUMBERS.
R  INDICATES RECORD WAS SET OR TIED.
MM INDICATES DATA IS MISSING.
T  INDICATES TRACE AMOUNT.




$$
