000
CDUS43 KLSX 210727
CLIUIN


CLIMATE REPORT
NATIONAL WEATHER SERVICE ST LOUIS MO
126 AM CST WED JAN 21 2015


...................................

...THE QUINCY IL CLIMATE SUMMARY FOR JANUARY 20 2015...

CLIMATE NORMAL PERIOD 1981 TO 2010
CLIMATE RECORD PERIOD 1901 TO 2015


WEATHER ITEM   OBSERVED TIME   RECORD YEAR NORMAL DEPARTURE LAST
                VALUE   (LST)  VALUE       VALUE  FROM      YEAR
                                                  NORMAL
..................................................................
TEMPERATURE (F)
 YESTERDAY
  MAXIMUM         46    359 PM  66    1906  34     12       44
  MINIMUM         32    718 AM -21    1985  18     14       22
  AVERAGE         39                        26     13

PRECIPITATION (IN)
  YESTERDAY        0.00          1.24 1904   0.04  -0.04     0.01
  MONTH TO DATE    0.55                      1.00  -0.45     0.64
  SINCE DEC 1      1.86                      3.25  -1.39     1.72
  SINCE JAN 1      0.55                      1.00  -0.45     0.64

DEGREE DAYS
 HEATING
  YESTERDAY       26                        39    -13
  MONTH TO DATE  808                       776     32
  SINCE DEC 1   1771                      1867    -96
  SINCE JUL 1   3048                      2967     81

 COOLING
  YESTERDAY        0                         0      0
  MONTH TO DATE    0                         0      0
  SINCE DEC 1      0                         0      0
  SINCE JAN 1      0                         0      0
..................................................................


WIND (MPH)
  HIGHEST WIND SPEED    15   HIGHEST WIND DIRECTION    NW (300)
  HIGHEST GUST SPEED    19   HIGHEST GUST DIRECTION    NW (310)
  AVERAGE WIND SPEED     7.5


SKY COVER
  AVERAGE SKY COVER 0.3



RELATIVE HUMIDITY (PERCENT)
 HIGHEST    78           700 AM
 LOWEST     60           400 PM
 AVERAGE    69

..........................................................


THE QUINCY IL CLIMATE NORMALS FOR TODAY
                         NORMAL    RECORD    YEAR
 MAXIMUM TEMPERATURE (F)   34        69      1957
 MINIMUM TEMPERATURE (F)   18       -16      1970


SUNRISE AND SUNSET
JANUARY 21 2015.......SUNRISE   722 AM CST   SUNSET   511 PM CST
JANUARY 22 2015.......SUNRISE   721 AM CST   SUNSET   512 PM CST


-  INDICATES NEGATIVE NUMBERS.
R  INDICATES RECORD WAS SET OR TIED.
MM INDICATES DATA IS MISSING.
T  INDICATES TRACE AMOUNT.




$$
