000
CDUS43 KLSX 270741
CLIUIN


CLIMATE REPORT
NATIONAL WEATHER SERVICE ST LOUIS MO
239 AM CDT SAT JUN 27 2015


...................................

...THE QUINCY IL CLIMATE SUMMARY FOR JUNE 26 2015...

CLIMATE NORMAL PERIOD 1981 TO 2010
CLIMATE RECORD PERIOD 1901 TO 2015


WEATHER ITEM   OBSERVED TIME   RECORD YEAR NORMAL DEPARTURE LAST
                VALUE   (LST)  VALUE       VALUE  FROM      YEAR
                                                  NORMAL
..................................................................
TEMPERATURE (F)
 YESTERDAY
  MAXIMUM         72    530 PM 101    1954  84    -12       86
                                      1931
                                      1914
  MINIMUM         65   1159 PM  49    1958  65      0       68
  AVERAGE         69                        75     -6

PRECIPITATION (IN)
  YESTERDAY        0.41          1.98 1942   0.12   0.29     0.00
  MONTH TO DATE    8.11                      3.50   4.61     7.72
  SINCE JUN 1      8.11                      3.50   4.61     7.72
  SINCE JAN 1     16.79                     17.59  -0.80    16.13

DEGREE DAYS
 HEATING
  YESTERDAY        0                         0      0
  MONTH TO DATE    8                        14     -6
  SINCE JUN 1      8                        14     -6
  SINCE JUL 1   5760                      5580    180

 COOLING
  YESTERDAY        4                        10     -6
  MONTH TO DATE  222                       188     34
  SINCE JUN 1    222                       188     34
  SINCE JAN 1    336                       274     62
..................................................................


WIND (MPH)
  HIGHEST WIND SPEED    20   HIGHEST WIND DIRECTION     N (10)
  HIGHEST GUST SPEED    23   HIGHEST GUST DIRECTION     N (20)
  AVERAGE WIND SPEED     8.7


SKY COVER
  AVERAGE SKY COVER 0.7



RELATIVE HUMIDITY (PERCENT)
 HIGHEST   100           100 AM
 LOWEST     84           400 PM
 AVERAGE    92

..........................................................


THE QUINCY IL CLIMATE NORMALS FOR TODAY
                         NORMAL    RECORD    YEAR
 MAXIMUM TEMPERATURE (F)   85       102      1931
 MINIMUM TEMPERATURE (F)   65        48      1992
                                             1905


SUNRISE AND SUNSET
JUNE 27 2015..........SUNRISE   538 AM CDT   SUNSET   838 PM CDT
JUNE 28 2015..........SUNRISE   538 AM CDT   SUNSET   838 PM CDT


-  INDICATES NEGATIVE NUMBERS.
R  INDICATES RECORD WAS SET OR TIED.
MM INDICATES DATA IS MISSING.
T  INDICATES TRACE AMOUNT.




$$
