000
CDUS43 KLSX 112228
CLIUIN


CLIMATE REPORT
NATIONAL WEATHER SERVICE ST LOUIS MO
428 PM CST WED JAN 11 2017


...................................

...THE QUINCY IL CLIMATE SUMMARY FOR JANUARY 11 2017...
VALID TODAY AS OF 0400 PM LOCAL TIME.

CLIMATE NORMAL PERIOD 1981 TO 2010
CLIMATE RECORD PERIOD 1901 TO 2017


WEATHER ITEM   OBSERVED TIME   RECORD YEAR NORMAL DEPARTURE LAST
                VALUE   (LST)  VALUE       VALUE  FROM      YEAR
                                                  NORMAL
..................................................................
TEMPERATURE (F)
 TODAY
  MAXIMUM         57    317 PM  59    2013  34     23       33
  MINIMUM         24    142 AM -15    1977  18      6        8
  AVERAGE         41                        26     15       21

PRECIPITATION (IN)
  TODAY            0.00          1.06 1905   0.04  -0.04     0.00
  MONTH TO DATE    0.08                      0.58  -0.50     0.20
  SINCE DEC 1      1.11                      2.83  -1.72     6.02
  SINCE JAN 1      0.08                      0.58  -0.50     0.20

DEGREE DAYS
 HEATING
  TODAY           24                        39    -15
  MONTH TO DATE  448                       425     23
  SINCE DEC 1   1561                      1516     45
  SINCE JUL 1   2249                      2616   -367

 COOLING
  TODAY            0                         0      0
  MONTH TO DATE    0                         0      0
  SINCE DEC 1      0                         0      0
  SINCE JAN 1      0                         0      0
..................................................................


WIND (MPH)
  HIGHEST WIND SPEED    18   HIGHEST WIND DIRECTION     S (160)
  HIGHEST GUST SPEED    26   HIGHEST GUST DIRECTION    SE (150)
  AVERAGE WIND SPEED    11.0


SKY COVER
  AVERAGE SKY COVER 0.1



RELATIVE HUMIDITY (PERCENT)
 HIGHEST    92           100 AM
 LOWEST     74          1200 PM
 AVERAGE    83

..........................................................


THE QUINCY IL CLIMATE NORMALS FOR TOMORROW
                         NORMAL    RECORD    YEAR
 MAXIMUM TEMPERATURE (F)   34        63      2005
 MINIMUM TEMPERATURE (F)   18       -20      1918


SUNRISE AND SUNSET
JANUARY 11 2017.......SUNRISE   726 AM CST   SUNSET   500 PM CST
JANUARY 12 2017.......SUNRISE   726 AM CST   SUNSET   501 PM CST


-  INDICATES NEGATIVE NUMBERS.
R  INDICATES RECORD WAS SET OR TIED.
MM INDICATES DATA IS MISSING.
T  INDICATES TRACE AMOUNT.




$$
