000
CDUS43 KLSX 252253
CLIUIN


CLIMATE REPORT
NATIONAL WEATHER SERVICE ST LOUIS MO
551 PM CDT THU JUN 25 2015


...................................

...THE QUINCY IL CLIMATE SUMMARY FOR JUNE 25 2015...
VALID TODAY AS OF 0500 PM LOCAL TIME.

CLIMATE NORMAL PERIOD 1981 TO 2010
CLIMATE RECORD PERIOD 1901 TO 2015


WEATHER ITEM   OBSERVED TIME   RECORD YEAR NORMAL DEPARTURE LAST
                VALUE   (LST)  VALUE       VALUE  FROM      YEAR
                                                  NORMAL
..................................................................
TEMPERATURE (F)
 TODAY
  MAXIMUM         86    359 PM 102    1931  84      2       85
  MINIMUM         MM        MM  50    1974  65     MM       64
  AVERAGE         MM                        75     MM       75

PRECIPITATION (IN)
  TODAY           MM             4.93 1913   0.13  MM        0.00
  MONTH TO DATE    7.70                      3.38   4.32     7.72
  SINCE JUN 1      7.70                      3.38   4.32     7.72
  SINCE JAN 1     16.38                     17.47  -1.09    16.13

DEGREE DAYS
 HEATING
  TODAY           MM                         0     MM
  MONTH TO DATE    8                        14     -6
  SINCE JUN 1      8                        14     -6
  SINCE JUL 1   5760                      5580    180

 COOLING
  TODAY           MM                        10     MM
  MONTH TO DATE  218                       178     40
  SINCE JUN 1    218                       178     40
  SINCE JAN 1    332                       264     68
..................................................................


WIND (MPH)
  HIGHEST WIND SPEED    MM   HIGHEST WIND DIRECTION    MM
  HIGHEST GUST SPEED    MM   HIGHEST GUST DIRECTION    MM
  AVERAGE WIND SPEED     8.4


SKY COVER
  AVERAGE SKY COVER 0.5



RELATIVE HUMIDITY (PERCENT)
 HIGHEST    79          1200 AM
 LOWEST     61           100 PM
 AVERAGE    70

..........................................................


THE QUINCY IL CLIMATE NORMALS FOR TOMORROW
                         NORMAL    RECORD    YEAR
 MAXIMUM TEMPERATURE (F)   84       101      1954
                                             1931
                                             1914
 MINIMUM TEMPERATURE (F)   65        49      1958


SUNRISE AND SUNSET
JUNE 25 2015..........SUNRISE   537 AM CDT   SUNSET   837 PM CDT
JUNE 26 2015..........SUNRISE   538 AM CDT   SUNSET   838 PM CDT


-  INDICATES NEGATIVE NUMBERS.
R  INDICATES RECORD WAS SET OR TIED.
MM INDICATES DATA IS MISSING.
T  INDICATES TRACE AMOUNT.




$$
