000
CDUS43 KLSX 050747
CLIUIN


CLIMATE REPORT
NATIONAL WEATHER SERVICE ST LOUIS MO
243 AM CDT SAT APR 5 2014


...................................

...THE QUINCY IL CLIMATE SUMMARY FOR APRIL 4 2014...

CLIMATE NORMAL PERIOD 1981 TO 2010
CLIMATE RECORD PERIOD 1901 TO 2014


WEATHER ITEM   OBSERVED TIME   RECORD YEAR NORMAL DEPARTURE LAST
                VALUE   (LST)  VALUE       VALUE  FROM      YEAR
                                                  NORMAL
..................................................................
TEMPERATURE (F)
 YESTERDAY
  MAXIMUM         58   1227 AM  86    1942  59     -1       59
                                      1929
  MINIMUM         36    833 AM  20    2002  39     -3       32
  AVERAGE         47                        49     -2

PRECIPITATION (IN)
  YESTERDAY        T             1.77 1947   0.11  -0.11     0.00
  MONTH TO DATE    1.58                      0.43   1.15     0.00
  SINCE MAR 1      2.26                      2.89  -0.63     2.15
  SINCE JAN 1      4.38                      6.29  -1.91     7.62

DEGREE DAYS
 HEATING
  YESTERDAY       18                        16      2
  MONTH TO DATE   74                        66      8
  SINCE MAR 1    952                       784    168
  SINCE JUL 1   5846                      5126    720

 COOLING
  YESTERDAY        0                         0      0
  MONTH TO DATE    0                         0      0
  SINCE MAR 1      0                         2     -2
  SINCE JAN 1      0                         2     -2
..................................................................


WIND (MPH)
  HIGHEST WIND SPEED    33   HIGHEST WIND DIRECTION    NW (300)
  HIGHEST GUST SPEED    42   HIGHEST GUST DIRECTION    NW (300)
  AVERAGE WIND SPEED    19.0


SKY COVER
  AVERAGE SKY COVER 1.0



RELATIVE HUMIDITY (PERCENT)
 HIGHEST    93          1200 AM
 LOWEST     55           700 PM
 AVERAGE    74

..........................................................


THE QUINCY IL CLIMATE NORMALS FOR TODAY
                         NORMAL    RECORD    YEAR
 MAXIMUM TEMPERATURE (F)   60        84      1942
 MINIMUM TEMPERATURE (F)   39        15      1929


SUNRISE AND SUNSET
APRIL  5 2014.........SUNRISE   642 AM CDT   SUNSET   733 PM CDT
APRIL  6 2014.........SUNRISE   641 AM CDT   SUNSET   734 PM CDT


-  INDICATES NEGATIVE NUMBERS.
R  INDICATES RECORD WAS SET OR TIED.
MM INDICATES DATA IS MISSING.
T  INDICATES TRACE AMOUNT.




$$
