000
CDUS43 KLSX 110737
CLIUIN


CLIMATE REPORT
NATIONAL WEATHER SERVICE ST LOUIS MO
134 AM CST THU JAN 11 2018


...................................

...THE QUINCY IL CLIMATE SUMMARY FOR JANUARY 10 2018...

CLIMATE NORMAL PERIOD 1981 TO 2010
CLIMATE RECORD PERIOD 1901 TO 2018


WEATHER ITEM   OBSERVED TIME   RECORD YEAR NORMAL DEPARTURE LAST
                VALUE   (LST)  VALUE       VALUE  FROM      YEAR
                                                  NORMAL
..................................................................
TEMPERATURE (F)
 YESTERDAY
  MAXIMUM         57    128 PM  60    2017  34     23       60
  MINIMUM         37   1252 AM -21    1982  18     19       25
  AVERAGE         47                        26     21

PRECIPITATION (IN)
  YESTERDAY        0.00          0.84 1904   0.06  -0.06      T
  MONTH TO DATE    0.20                      0.54  -0.34     0.08
  SINCE DEC 1      0.37                      2.79  -2.42     1.11
  SINCE JAN 1      0.20                      0.54  -0.34     0.08

DEGREE DAYS
 HEATING
  YESTERDAY       18                        39    -21
  MONTH TO DATE  485                       386     99
  SINCE DEC 1   1567                      1477     90
  SINCE JUL 1   2514                      2577    -63

 COOLING
  YESTERDAY        0                         0      0
  MONTH TO DATE    0                         0      0
  SINCE DEC 1      0                         0      0
  SINCE JAN 1      0                         0      0
..................................................................


WIND (MPH)
  HIGHEST WIND SPEED    23   HIGHEST WIND DIRECTION     S (180)
  HIGHEST GUST SPEED    31   HIGHEST GUST DIRECTION     S (190)
  AVERAGE WIND SPEED    14.8


SKY COVER
  AVERAGE SKY COVER 0.5



RELATIVE HUMIDITY (PERCENT)
 HIGHEST   100          1200 AM
 LOWEST     66           200 PM
 AVERAGE    83

..........................................................


THE QUINCY IL CLIMATE NORMALS FOR TODAY
                         NORMAL    RECORD    YEAR
 MAXIMUM TEMPERATURE (F)   34        59      2013
 MINIMUM TEMPERATURE (F)   18       -15      1977


SUNRISE AND SUNSET
JANUARY 11 2018.......SUNRISE   726 AM CST   SUNSET   500 PM CST
JANUARY 12 2018.......SUNRISE   726 AM CST   SUNSET   501 PM CST


-  INDICATES NEGATIVE NUMBERS.
R  INDICATES RECORD WAS SET OR TIED.
MM INDICATES DATA IS MISSING.
T  INDICATES TRACE AMOUNT.




$$
