000
CDUS43 KLSX 172129
CLIUIN


CLIMATE REPORT
NATIONAL WEATHER SERVICE ST LOUIS MO
428 PM CDT THU JUL 17 2014


...................................

...THE QUINCY IL CLIMATE SUMMARY FOR JULY 17 2014...
VALID TODAY AS OF 0400 PM LOCAL TIME.

CLIMATE NORMAL PERIOD 1981 TO 2010
CLIMATE RECORD PERIOD 1901 TO 2014


WEATHER ITEM   OBSERVED TIME   RECORD YEAR NORMAL DEPARTURE LAST
                VALUE   (LST)  VALUE       VALUE  FROM      YEAR
                                                  NORMAL
..................................................................
TEMPERATURE (F)
 TODAY
  MAXIMUM         79    234 PM 104    1936  86     -7       95
  MINIMUM         56    508 AM  54    1941  67    -11       74
                                      1911
  AVERAGE         68                        76     -8       85

PRECIPITATION (IN)
  TODAY            0.00          1.88 1972   0.13  -0.13     0.00
  MONTH TO DATE    2.05                      2.29  -0.24     0.02
  SINCE JUN 1     10.20                      6.28   3.92     1.80
  SINCE JAN 1     18.61                     20.37  -1.76    27.04

DEGREE DAYS
 HEATING
  TODAY            0                         0      0
  MONTH TO DATE    5                         0      5
  SINCE JUN 1      9                        16     -7
  SINCE JUL 1      5                         0      5

 COOLING
  TODAY            3                        11     -8
  MONTH TO DATE  108                       187    -79
  SINCE JUN 1    375                       414    -39
  SINCE JAN 1    518                       500     18
..................................................................


WIND (MPH)
  HIGHEST WIND SPEED     9   HIGHEST WIND DIRECTION     S (190)
  HIGHEST GUST SPEED    13   HIGHEST GUST DIRECTION     S (190)
  AVERAGE WIND SPEED     3.5


SKY COVER
  AVERAGE SKY COVER 0.1



RELATIVE HUMIDITY (PERCENT)
 HIGHEST    87           600 AM
 LOWEST     39           200 PM
 AVERAGE    63

..........................................................


THE QUINCY IL CLIMATE NORMALS FOR TOMORROW
                         NORMAL    RECORD    YEAR
 MAXIMUM TEMPERATURE (F)   86       108      1934
 MINIMUM TEMPERATURE (F)   67        55      1911
                                             1910
                                             1906


SUNRISE AND SUNSET
JULY 17 2014..........SUNRISE   550 AM CDT   SUNSET   831 PM CDT
JULY 18 2014..........SUNRISE   551 AM CDT   SUNSET   831 PM CDT


-  INDICATES NEGATIVE NUMBERS.
R  INDICATES RECORD WAS SET OR TIED.
MM INDICATES DATA IS MISSING.
T  INDICATES TRACE AMOUNT.




$$
