000
CDUS43 KLSX 312230
CLIUIN


CLIMATE REPORT
NATIONAL WEATHER SERVICE ST LOUIS MO
529 PM CDT TUE OCT 31 2017


...................................

...THE QUINCY IL CLIMATE SUMMARY FOR OCTOBER 31 2017...
VALID TODAY AS OF 0500 PM LOCAL TIME.

CLIMATE NORMAL PERIOD 1981 TO 2010
CLIMATE RECORD PERIOD 1901 TO 2017


WEATHER ITEM   OBSERVED TIME   RECORD YEAR NORMAL DEPARTURE LAST
                VALUE   (LST)  VALUE       VALUE  FROM      YEAR
                                                  NORMAL
..................................................................
TEMPERATURE (F)
 TODAY
  MAXIMUM         41    151 PM  88    1950  59    -18       69
  MINIMUM         28    705 AM  20    1925  40    -12       46
  AVERAGE         35                        50    -15       58

PRECIPITATION (IN)
  TODAY            0.00          2.20 1984   0.09  -0.09     0.00
  MONTH TO DATE    4.48                      3.01   1.47     1.91
  SINCE SEP 1      5.15                      6.31  -1.16     5.00
  SINCE JAN 1     31.30                     32.06  -0.76    28.69

DEGREE DAYS
 HEATING
  TODAY           30                        15     15
  MONTH TO DATE  250                       335    -85
  SINCE SEP 1    281                       419   -138
  SINCE JUL 1    281                       424   -143

 COOLING
  TODAY            0                         0      0
  MONTH TO DATE   54                        17     37
  SINCE SEP 1    234                       140     94
  SINCE JAN 1   1229                      1093    136
..................................................................


WIND (MPH)
  HIGHEST WIND SPEED    22   HIGHEST WIND DIRECTION    NW (310)
  HIGHEST GUST SPEED    27   HIGHEST GUST DIRECTION    NW (320)
  AVERAGE WIND SPEED     8.5


SKY COVER
  AVERAGE SKY COVER 0.5



RELATIVE HUMIDITY (PERCENT)
 HIGHEST    69           700 AM
 LOWEST     40          1200 PM
 AVERAGE    55

..........................................................


THE QUINCY IL CLIMATE NORMALS FOR TOMORROW
                         NORMAL    RECORD    YEAR
 MAXIMUM TEMPERATURE (F)   59        83      1938
 MINIMUM TEMPERATURE (F)   40        23      2014
                                             1993
                                             1954


SUNRISE AND SUNSET
OCTOBER 31 2017.......SUNRISE   733 AM CDT   SUNSET   603 PM CDT
NOVEMBER  1 2017......SUNRISE   734 AM CDT   SUNSET   602 PM CDT


-  INDICATES NEGATIVE NUMBERS.
R  INDICATES RECORD WAS SET OR TIED.
MM INDICATES DATA IS MISSING.
T  INDICATES TRACE AMOUNT.




$$
