000
CDUS43 KLSX 062229
CLIUIN


CLIMATE REPORT
NATIONAL WEATHER SERVICE ST LOUIS MO
528 PM CDT SUN AUG 6 2017


...................................

...THE QUINCY IL CLIMATE SUMMARY FOR AUGUST 6 2017...
VALID TODAY AS OF 0500 PM LOCAL TIME.

CLIMATE NORMAL PERIOD 1981 TO 2010
CLIMATE RECORD PERIOD 1901 TO 2017


WEATHER ITEM   OBSERVED TIME   RECORD YEAR NORMAL DEPARTURE LAST
                VALUE   (LST)  VALUE       VALUE  FROM      YEAR
                                                  NORMAL
..................................................................
TEMPERATURE (F)
 TODAY
  MAXIMUM         75    313 PM 106    1918  85    -10       81
  MINIMUM         63    444 AM  51    2004  66     -3       63
                                      1994
  AVERAGE         69                        75     -6       72

PRECIPITATION (IN)
  TODAY            0.26          2.81 1940   0.12   0.14     0.00
  MONTH TO DATE    0.57                      0.72  -0.15     2.20
  SINCE JUN 1      5.63                      8.75  -3.12     9.92
  SINCE JAN 1     22.41                     22.84  -0.43    18.60

DEGREE DAYS
 HEATING
  TODAY            0                         0      0
  MONTH TO DATE    0                         0      0
  SINCE JUN 1      4                        16    -12
  SINCE JUL 1      0                         0      0

 COOLING
  TODAY            4                        10     -6
  MONTH TO DATE   38                        65    -27
  SINCE JUN 1    727                       635     92
  SINCE JAN 1    836                       721    115
..................................................................


WIND (MPH)
  HIGHEST WIND SPEED     9   HIGHEST WIND DIRECTION     E (80)
  HIGHEST GUST SPEED    12   HIGHEST GUST DIRECTION    NE (60)
  AVERAGE WIND SPEED     5.5


SKY COVER
  AVERAGE SKY COVER 1.0



RELATIVE HUMIDITY (PERCENT)
 HIGHEST   100           200 AM
 LOWEST     73           200 PM
 AVERAGE    87

..........................................................


THE QUINCY IL CLIMATE NORMALS FOR TOMORROW
                         NORMAL    RECORD    YEAR
 MAXIMUM TEMPERATURE (F)   85       105      1930
 MINIMUM TEMPERATURE (F)   66        51      1990
                                             1989


SUNRISE AND SUNSET
AUGUST  6 2017........SUNRISE   608 AM CDT   SUNSET   812 PM CDT
AUGUST  7 2017........SUNRISE   609 AM CDT   SUNSET   811 PM CDT


-  INDICATES NEGATIVE NUMBERS.
R  INDICATES RECORD WAS SET OR TIED.
MM INDICATES DATA IS MISSING.
T  INDICATES TRACE AMOUNT.




$$
