000
CDUS43 KLSX 020745
CLIUIN


CLIMATE REPORT
NATIONAL WEATHER SERVICE ST LOUIS MO
145 AM CST TUE JAN 2 2018


...................................

...THE QUINCY IL CLIMATE SUMMARY FOR JANUARY 1 2018...

CLIMATE NORMAL PERIOD 1981 TO 2010
CLIMATE RECORD PERIOD 1901 TO 2018


WEATHER ITEM   OBSERVED TIME   RECORD YEAR NORMAL DEPARTURE LAST
                VALUE   (LST)  VALUE       VALUE  FROM      YEAR
                                                  NORMAL
..................................................................
TEMPERATURE (F)
 YESTERDAY
  MAXIMUM          3    317 PM  60    1905  34    -31       41
  MINIMUM        -13R   814 AM -13    1974  19    -32       18
  AVERAGE         -5                        27    -32

PRECIPITATION (IN)
  YESTERDAY        T             3.38 1965   0.06  -0.06     0.00
  MONTH TO DATE    T                         0.06  -0.06     0.00
  SINCE DEC 1      0.17                      2.31  -2.14     1.03
  SINCE JAN 1      T                         0.06  -0.06     0.00

DEGREE DAYS
 HEATING
  YESTERDAY       70                        38     32
  MONTH TO DATE   70                        38     32
  SINCE DEC 1   1152                      1129     23
  SINCE JUL 1   2099                      2229   -130

 COOLING
  YESTERDAY        0                         0      0
  MONTH TO DATE    0                         0      0
  SINCE DEC 1      0                         0      0
  SINCE JAN 1      0                         0      0
..................................................................


WIND (MPH)
  HIGHEST WIND SPEED    14   HIGHEST WIND DIRECTION    NW (320)
  HIGHEST GUST SPEED    17   HIGHEST GUST DIRECTION    NW (320)
  AVERAGE WIND SPEED     8.2


SKY COVER
  AVERAGE SKY COVER 0.0



RELATIVE HUMIDITY (PERCENT)
 HIGHEST    77           600 AM
 LOWEST     58          1200 PM
 AVERAGE    68

..........................................................


THE QUINCY IL CLIMATE NORMALS FOR TODAY
                         NORMAL    RECORD    YEAR
 MAXIMUM TEMPERATURE (F)   34        68      2004
 MINIMUM TEMPERATURE (F)   19       -11      1979


SUNRISE AND SUNSET
JANUARY  2 2018.......SUNRISE   727 AM CST   SUNSET   451 PM CST
JANUARY  3 2018.......SUNRISE   727 AM CST   SUNSET   452 PM CST


-  INDICATES NEGATIVE NUMBERS.
R  INDICATES RECORD WAS SET OR TIED.
MM INDICATES DATA IS MISSING.
T  INDICATES TRACE AMOUNT.




$$
