000
CDUS43 KLSX 112145
CLIUIN


CLIMATE REPORT
NATIONAL WEATHER SERVICE ST LOUIS MO
445 PM CDT WED MAY 11 2016


...................................

...THE QUINCY IL CLIMATE SUMMARY FOR MAY 11 2016...
VALID TODAY AS OF 0400 PM LOCAL TIME.

CLIMATE NORMAL PERIOD 1981 TO 2010
CLIMATE RECORD PERIOD 1901 TO 2016


WEATHER ITEM   OBSERVED TIME   RECORD YEAR NORMAL DEPARTURE LAST
                VALUE   (LST)  VALUE       VALUE  FROM      YEAR
                                                  NORMAL
..................................................................
TEMPERATURE (F)
 TODAY
  MAXIMUM         78    259 PM  88    2000  71      7       68
                                      1922
                                      1914
  MINIMUM         57    302 AM  31    1907  51      6       52
  AVERAGE         68                        61      7       60

PRECIPITATION (IN)
  TODAY            0.04          2.03 2002   0.15  -0.11     0.01
  MONTH TO DATE    1.29                      1.50  -0.21     1.71
  SINCE MAR 1      5.71                      7.65  -1.94     4.36
  SINCE JAN 1      6.33                     11.05  -4.72     6.40

DEGREE DAYS
 HEATING
  TODAY            0                         5     -5
  MONTH TO DATE   60                        69     -9
  SINCE MAR 1    907                      1157   -250
  SINCE JUL 1   4504                      5499   -995

 COOLING
  TODAY            3                         2      1
  MONTH TO DATE   11                        12     -1
  SINCE MAR 1     32                        30      2
  SINCE JAN 1     32                        30      2
..................................................................


WIND (MPH)
  HIGHEST WIND SPEED    22   HIGHEST WIND DIRECTION    SE (120)
  HIGHEST GUST SPEED    27   HIGHEST GUST DIRECTION     S (160)
  AVERAGE WIND SPEED     7.2


SKY COVER
  AVERAGE SKY COVER 0.3



RELATIVE HUMIDITY (PERCENT)
 HIGHEST   100           700 AM
 LOWEST     69           300 PM
 AVERAGE    85

..........................................................


THE QUINCY IL CLIMATE NORMALS FOR TOMORROW
                         NORMAL    RECORD    YEAR
 MAXIMUM TEMPERATURE (F)   72        93      1956
 MINIMUM TEMPERATURE (F)   52        35      1960


SUNRISE AND SUNSET
MAY 11 2016...........SUNRISE   553 AM CDT   SUNSET   810 PM CDT
MAY 12 2016...........SUNRISE   552 AM CDT   SUNSET   811 PM CDT


-  INDICATES NEGATIVE NUMBERS.
R  INDICATES RECORD WAS SET OR TIED.
MM INDICATES DATA IS MISSING.
T  INDICATES TRACE AMOUNT.




$$
