036
CDUS43 KLSX 010727
CLIUIN


CLIMATE REPORT
NATIONAL WEATHER SERVICE ST LOUIS MO
126 AM CST THU DEC 1 2016


...................................

...THE QUINCY IL CLIMATE SUMMARY FOR NOVEMBER 30 2016...

CLIMATE NORMAL PERIOD 1981 TO 2010
CLIMATE RECORD PERIOD 1901 TO 2016


WEATHER ITEM   OBSERVED TIME   RECORD YEAR NORMAL DEPARTURE LAST
                VALUE   (LST)  VALUE       VALUE  FROM      YEAR
                                                  NORMAL
..................................................................
TEMPERATURE (F)
 YESTERDAY
  MAXIMUM         39   1205 AM  72    1933  43     -4       43
  MINIMUM         30    538 AM -11    1964  27      3       35
  AVERAGE         35                        35      0

PRECIPITATION (IN)
  YESTERDAY        0.00          2.59 1930   0.09  -0.09    MM
  MONTH TO DATE    1.16                      3.02  -1.86     2.68
  SINCE SEP 1      6.16                      9.33  -3.17     4.91
  SINCE JAN 1     29.85                     35.08  -5.23    33.67

DEGREE DAYS
 HEATING
  YESTERDAY       30                        30      0
  MONTH TO DATE  490                       677   -187
  SINCE SEP 1    682                      1095   -413
  SINCE JUL 1    688                      1100   -412

 COOLING
  YESTERDAY        0                         0      0
  MONTH TO DATE   15                         1     14
  SINCE SEP 1    296                       141    155
  SINCE JAN 1   1472                      1094    378
..................................................................


WIND (MPH)
  HIGHEST WIND SPEED    20   HIGHEST WIND DIRECTION     W (260)
  HIGHEST GUST SPEED    26   HIGHEST GUST DIRECTION     W (270)
  AVERAGE WIND SPEED    11.3


SKY COVER
  AVERAGE SKY COVER 0.7



RELATIVE HUMIDITY (PERCENT)
 HIGHEST    89           800 AM
 LOWEST     64          1200 AM
 AVERAGE    77

..........................................................


THE QUINCY IL CLIMATE NORMALS FOR TODAY
                         NORMAL    RECORD    YEAR
 MAXIMUM TEMPERATURE (F)   43        67      1913
 MINIMUM TEMPERATURE (F)   27         7      1985


SUNRISE AND SUNSET
DECEMBER  1 2016......SUNRISE   708 AM CST   SUNSET   440 PM CST
DECEMBER  2 2016......SUNRISE   709 AM CST   SUNSET   440 PM CST


-  INDICATES NEGATIVE NUMBERS.
R  INDICATES RECORD WAS SET OR TIED.
MM INDICATES DATA IS MISSING.
T  INDICATES TRACE AMOUNT.




$$
