000
CDUS43 KLSX 092236
CLIUIN


CLIMATE REPORT
NATIONAL WEATHER SERVICE ST LOUIS MO
535 PM CDT MON OCT 9 2017


...................................

...THE QUINCY IL CLIMATE SUMMARY FOR OCTOBER 9 2017...
VALID TODAY AS OF 0500 PM LOCAL TIME.

CLIMATE NORMAL PERIOD 1981 TO 2010
CLIMATE RECORD PERIOD 1901 TO 2017


WEATHER ITEM   OBSERVED TIME   RECORD YEAR NORMAL DEPARTURE LAST
                VALUE   (LST)  VALUE       VALUE  FROM      YEAR
                                                  NORMAL
..................................................................
TEMPERATURE (F)
 TODAY
  MAXIMUM         84    146 PM  89    1938  68     16       73
  MINIMUM         56    603 AM  27    2000  46     10       46
  AVERAGE         70                        57     13       60

PRECIPITATION (IN)
  TODAY            0.00          0.70 1941   0.09  -0.09     0.00
  MONTH TO DATE    2.16                      0.91   1.25     1.17
  SINCE SEP 1      2.83                      4.21  -1.38     4.26
  SINCE JAN 1     28.98                     29.96  -0.98    27.95

DEGREE DAYS
 HEATING
  TODAY            0                         9     -9
  MONTH TO DATE    1                        70    -69
  SINCE SEP 1     32                       152   -120
  SINCE JUL 1     32                       157   -125

 COOLING
  TODAY            5                         1      4
  MONTH TO DATE   34                        10     24
  SINCE SEP 1    214                       133     81
  SINCE JAN 1   1209                      1086    123
..................................................................


WIND (MPH)
  HIGHEST WIND SPEED    12   HIGHEST WIND DIRECTION     S (170)
  HIGHEST GUST SPEED    16   HIGHEST GUST DIRECTION    SE (120)
  AVERAGE WIND SPEED     4.1


SKY COVER
  AVERAGE SKY COVER 0.3



RELATIVE HUMIDITY (PERCENT)
 HIGHEST    87           700 AM
 LOWEST     43           200 PM
 AVERAGE    65

..........................................................


THE QUINCY IL CLIMATE NORMALS FOR TOMORROW
                         NORMAL    RECORD    YEAR
 MAXIMUM TEMPERATURE (F)   67        89      1963
 MINIMUM TEMPERATURE (F)   46        25      1906


SUNRISE AND SUNSET
OCTOBER  9 2017.......SUNRISE   709 AM CDT   SUNSET   634 PM CDT
OCTOBER 10 2017.......SUNRISE   710 AM CDT   SUNSET   632 PM CDT


-  INDICATES NEGATIVE NUMBERS.
R  INDICATES RECORD WAS SET OR TIED.
MM INDICATES DATA IS MISSING.
T  INDICATES TRACE AMOUNT.




$$
