000
CDUS43 KLSX 130731
CLIUIN


CLIMATE REPORT
NATIONAL WEATHER SERVICE ST LOUIS MO
230 AM CDT WED JUL 13 2016


...................................

...THE QUINCY IL CLIMATE SUMMARY FOR JULY 12 2016...

CLIMATE NORMAL PERIOD 1981 TO 2010
CLIMATE RECORD PERIOD 1901 TO 2016


WEATHER ITEM   OBSERVED TIME   RECORD YEAR NORMAL DEPARTURE LAST
                VALUE   (LST)  VALUE       VALUE  FROM      YEAR
                                                  NORMAL
..................................................................
TEMPERATURE (F)
 YESTERDAY
  MAXIMUM         87    239 PM 109    1936  86      1       91
  MINIMUM         67    637 AM  54    1959  67      0       67
  AVERAGE         77                        76      1

PRECIPITATION (IN)
  YESTERDAY        0.37          2.10 1960   0.14   0.23      T
  MONTH TO DATE    2.40                      1.60   0.80     6.22
  SINCE JUN 1      3.42                      5.59  -2.17    14.75
  SINCE JAN 1     12.10                     19.68  -7.58    23.43

DEGREE DAYS
 HEATING
  YESTERDAY        0                         0      0
  MONTH TO DATE    6                         0      6
  SINCE JUN 1      6                        16    -10
  SINCE JUL 1      6                         0      6

 COOLING
  YESTERDAY       12                        11      1
  MONTH TO DATE  111                       132    -21
  SINCE JUN 1    468                       359    109
  SINCE JAN 1    572                       445    127
..................................................................


WIND (MPH)
  HIGHEST WIND SPEED    35   HIGHEST WIND DIRECTION    NW (320)
  HIGHEST GUST SPEED    46   HIGHEST GUST DIRECTION    NW (330)
  AVERAGE WIND SPEED     8.5


SKY COVER
  AVERAGE SKY COVER 0.3



RELATIVE HUMIDITY (PERCENT)
 HIGHEST    93           600 AM
 LOWEST     55           300 PM
 AVERAGE    74

..........................................................


THE QUINCY IL CLIMATE NORMALS FOR TODAY
                         NORMAL    RECORD    YEAR
 MAXIMUM TEMPERATURE (F)   86       108      1936
 MINIMUM TEMPERATURE (F)   67        51      1975
                                             1967
                                             1964


SUNRISE AND SUNSET
JULY 13 2016..........SUNRISE   548 AM CDT   SUNSET   833 PM CDT
JULY 14 2016..........SUNRISE   548 AM CDT   SUNSET   833 PM CDT


-  INDICATES NEGATIVE NUMBERS.
R  INDICATES RECORD WAS SET OR TIED.
MM INDICATES DATA IS MISSING.
T  INDICATES TRACE AMOUNT.




$$
