000
CDUS43 KLSX 282237
CLIUIN


CLIMATE REPORT
NATIONAL WEATHER SERVICE ST LOUIS MO
435 PM CST THU JAN 28 2016


...................................

...THE QUINCY IL CLIMATE SUMMARY FOR JANUARY 28 2016...
VALID TODAY AS OF 0400 PM LOCAL TIME.

CLIMATE NORMAL PERIOD 1981 TO 2010
CLIMATE RECORD PERIOD 1901 TO 2016


WEATHER ITEM   OBSERVED TIME   RECORD YEAR NORMAL DEPARTURE LAST
                VALUE   (LST)  VALUE       VALUE  FROM      YEAR
                                                  NORMAL
..................................................................
TEMPERATURE (F)
 TODAY
  MAXIMUM         46    134 PM  66    2013  35     11       47
  MINIMUM         33    343 AM -15    1915  19     14       27
  AVERAGE         40                        27     13       37

PRECIPITATION (IN)
  TODAY            0.00          0.91 1909   0.05  -0.05     0.00
  MONTH TO DATE    0.40                      1.38  -0.98     0.62
  SINCE DEC 1      6.22                      3.63   2.59     1.93
  SINCE JAN 1      0.40                      1.38  -0.98     0.62

DEGREE DAYS
 HEATING
  TODAY           25                        38    -13
  MONTH TO DATE 1091                      1084      7
  SINCE DEC 1   1834                      2175   -341
  SINCE JUL 1   2652                      3275   -623

 COOLING
  TODAY            0                         0      0
  MONTH TO DATE    0                         0      0
  SINCE DEC 1      0                         0      0
  SINCE JAN 1      0                         0      0
..................................................................


WIND (MPH)
  HIGHEST WIND SPEED    22   HIGHEST WIND DIRECTION    NW (320)
  HIGHEST GUST SPEED    26   HIGHEST GUST DIRECTION    NW (320)
  AVERAGE WIND SPEED    12.7


SKY COVER
  AVERAGE SKY COVER 0.2



RELATIVE HUMIDITY (PERCENT)
 HIGHEST    82           400 AM
 LOWEST     58           100 PM
 AVERAGE    70

..........................................................


THE QUINCY IL CLIMATE NORMALS FOR TOMORROW
                         NORMAL    RECORD    YEAR
 MAXIMUM TEMPERATURE (F)   35        63      2013
                                             1914
 MINIMUM TEMPERATURE (F)   19       -15      1915
                                             1904


SUNRISE AND SUNSET
JANUARY 28 2016.......SUNRISE   717 AM CST   SUNSET   519 PM CST
JANUARY 29 2016.......SUNRISE   716 AM CST   SUNSET   520 PM CST


-  INDICATES NEGATIVE NUMBERS.
R  INDICATES RECORD WAS SET OR TIED.
MM INDICATES DATA IS MISSING.
T  INDICATES TRACE AMOUNT.




$$
