000
CDUS43 KLSX 190732
CLIUIN


CLIMATE REPORT
NATIONAL WEATHER SERVICE ST LOUIS MO
232 AM CDT SUN MAR 19 2017


...................................

...THE QUINCY IL CLIMATE SUMMARY FOR MARCH 18 2017...

CLIMATE NORMAL PERIOD 1981 TO 2010
CLIMATE RECORD PERIOD 1901 TO 2017


WEATHER ITEM   OBSERVED TIME   RECORD YEAR NORMAL DEPARTURE LAST
                VALUE   (LST)  VALUE       VALUE  FROM      YEAR
                                                  NORMAL
..................................................................
TEMPERATURE (F)
 YESTERDAY
  MAXIMUM         54    324 PM  81    2012  52      2       47
  MINIMUM         33    636 AM   6    1960  33      0       33
  AVERAGE         44                        43      1

PRECIPITATION (IN)
  YESTERDAY        0.00          1.24 1992   0.08  -0.08     0.00
  MONTH TO DATE    0.58                      1.37  -0.79     0.75
  SINCE MAR 1      0.58                      1.37  -0.79     0.75
  SINCE JAN 1      2.63                      4.77  -2.14     1.37

DEGREE DAYS
 HEATING
  YESTERDAY       21                        22     -1
  MONTH TO DATE  440                       463    -23
  SINCE MAR 1    440                       463    -23
  SINCE JUL 1   3881                      4805   -924

 COOLING
  YESTERDAY        0                         0      0
  MONTH TO DATE    0                         0      0
  SINCE MAR 1      0                         0      0
  SINCE JAN 1      0                         0      0
..................................................................


WIND (MPH)
  HIGHEST WIND SPEED    22   HIGHEST WIND DIRECTION    NW (320)
  HIGHEST GUST SPEED    26   HIGHEST GUST DIRECTION    NW (320)
  AVERAGE WIND SPEED    11.6


SKY COVER
  AVERAGE SKY COVER 0.1



RELATIVE HUMIDITY (PERCENT)
 HIGHEST    82           700 AM
 LOWEST     38           400 PM
 AVERAGE    60

..........................................................


THE QUINCY IL CLIMATE NORMALS FOR TODAY
                         NORMAL    RECORD    YEAR
 MAXIMUM TEMPERATURE (F)   53        80      2012
 MINIMUM TEMPERATURE (F)   34        -2      1923


SUNRISE AND SUNSET
MARCH 19 2017.........SUNRISE   709 AM CDT   SUNSET   716 PM CDT
MARCH 20 2017.........SUNRISE   708 AM CDT   SUNSET   717 PM CDT


-  INDICATES NEGATIVE NUMBERS.
R  INDICATES RECORD WAS SET OR TIED.
MM INDICATES DATA IS MISSING.
T  INDICATES TRACE AMOUNT.




$$
