000
CDUS43 KLSX 150728
CLIUIN


CLIMATE REPORT
NATIONAL WEATHER SERVICE ST LOUIS MO
227 AM CDT FRI APR 15 2016


...................................

...THE QUINCY IL CLIMATE SUMMARY FOR APRIL 14 2016...

CLIMATE NORMAL PERIOD 1981 TO 2010
CLIMATE RECORD PERIOD 1901 TO 2016


WEATHER ITEM   OBSERVED TIME   RECORD YEAR NORMAL DEPARTURE LAST
                VALUE   (LST)  VALUE       VALUE  FROM      YEAR
                                                  NORMAL
..................................................................
TEMPERATURE (F)
 YESTERDAY
  MAXIMUM         70    426 PM  86    2006  63      7       69
  MINIMUM         41    557 AM  21    1907  43     -2       46
  AVERAGE         56                        53      3

PRECIPITATION (IN)
  YESTERDAY        0.00          1.42 1991   0.12  -0.12     0.00
  MONTH TO DATE    0.36                      1.61  -1.25     0.62
  SINCE MAR 1      1.44                      4.07  -2.63     1.57
  SINCE JAN 1      2.06                      7.47  -5.41     3.61

DEGREE DAYS
 HEATING
  YESTERDAY        9                        13     -4
  MONTH TO DATE  260                       208     52
  SINCE MAR 1    780                       926   -146
  SINCE JUL 1   4377                      5268   -891

 COOLING
  YESTERDAY        0                         1     -1
  MONTH TO DATE    0                         1     -1
  SINCE MAR 1      2                         3     -1
  SINCE JAN 1      2                         3     -1
..................................................................


WIND (MPH)
  HIGHEST WIND SPEED    17   HIGHEST WIND DIRECTION     E (100)
  HIGHEST GUST SPEED    23   HIGHEST GUST DIRECTION    SE (130)
  AVERAGE WIND SPEED     9.2


SKY COVER
  AVERAGE SKY COVER 0.0



RELATIVE HUMIDITY (PERCENT)
 HIGHEST    70           500 AM
 LOWEST     23           500 PM
 AVERAGE    47

..........................................................


THE QUINCY IL CLIMATE NORMALS FOR TODAY
                         NORMAL    RECORD    YEAR
 MAXIMUM TEMPERATURE (F)   63        88      2002
 MINIMUM TEMPERATURE (F)   43        24      1928


SUNRISE AND SUNSET
APRIL 15 2016.........SUNRISE   626 AM CDT   SUNSET   744 PM CDT
APRIL 16 2016.........SUNRISE   625 AM CDT   SUNSET   745 PM CDT


-  INDICATES NEGATIVE NUMBERS.
R  INDICATES RECORD WAS SET OR TIED.
MM INDICATES DATA IS MISSING.
T  INDICATES TRACE AMOUNT.




$$
