000
CDUS43 KLSX 010729
CLIUIN


CLIMATE REPORT
NATIONAL WEATHER SERVICE ST LOUIS MO
128 AM CST SUN JAN 1 2017


...................................

...THE QUINCY IL CLIMATE SUMMARY FOR DECEMBER 31 2016...

CLIMATE NORMAL PERIOD 1981 TO 2010
CLIMATE RECORD PERIOD 1901 TO 2016


WEATHER ITEM   OBSERVED TIME   RECORD YEAR NORMAL DEPARTURE LAST
                VALUE   (LST)  VALUE       VALUE  FROM      YEAR
                                                  NORMAL
..................................................................
TEMPERATURE (F)
 YESTERDAY
  MAXIMUM         44   1211 AM  64    1951  35      9       34
  MINIMUM         22   1044 PM -10    1976  19      3       26
  AVERAGE         33                        27      6

PRECIPITATION (IN)
  YESTERDAY        0.00          1.42 2010   0.06  -0.06     0.00
  MONTH TO DATE    1.03                      2.25  -1.22     5.82
  SINCE DEC 1      1.03                      2.25  -1.22     5.82
  SINCE JAN 1     30.88                     37.33  -6.45    39.49

DEGREE DAYS
 HEATING
  YESTERDAY       32                        38     -6
  MONTH TO DATE 1113                      1091     22
  SINCE DEC 1   1113                      1091     22
  SINCE JUL 1   1801                      2191   -390

 COOLING
  YESTERDAY        0                         0      0
  MONTH TO DATE    0                         0      0
  SINCE DEC 1      0                         0      0
  SINCE JAN 1   1472                      1094    378
..................................................................


WIND (MPH)
  HIGHEST WIND SPEED    20   HIGHEST WIND DIRECTION     N (340)
  HIGHEST GUST SPEED    25   HIGHEST GUST DIRECTION    SW (210)
  AVERAGE WIND SPEED    10.2


SKY COVER
  AVERAGE SKY COVER 0.0



RELATIVE HUMIDITY (PERCENT)
 HIGHEST    88          1100 PM
 LOWEST     33          1200 AM
 AVERAGE    61

..........................................................


THE QUINCY IL CLIMATE NORMALS FOR TODAY
                         NORMAL    RECORD    YEAR
 MAXIMUM TEMPERATURE (F)   34        60      1905
 MINIMUM TEMPERATURE (F)   19       -13      1974


SUNRISE AND SUNSET
JANUARY  1 2017.......SUNRISE   727 AM CST   SUNSET   451 PM CST
JANUARY  2 2017.......SUNRISE   727 AM CST   SUNSET   452 PM CST


-  INDICATES NEGATIVE NUMBERS.
R  INDICATES RECORD WAS SET OR TIED.
MM INDICATES DATA IS MISSING.
T  INDICATES TRACE AMOUNT.




$$
