000
CDUS43 KLSX 132226
CLIUIN


CLIMATE REPORT
NATIONAL WEATHER SERVICE ST LOUIS MO
525 PM CDT THU APR 13 2017


...................................

...THE QUINCY IL CLIMATE SUMMARY FOR APRIL 13 2017...
VALID TODAY AS OF 0500 PM LOCAL TIME.

CLIMATE NORMAL PERIOD 1981 TO 2010
CLIMATE RECORD PERIOD 1901 TO 2017


WEATHER ITEM   OBSERVED TIME   RECORD YEAR NORMAL DEPARTURE LAST
                VALUE   (LST)  VALUE       VALUE  FROM      YEAR
                                                  NORMAL
..................................................................
TEMPERATURE (F)
 TODAY
  MAXIMUM         80    324 PM  89    1941  63     17       65
  MINIMUM         57    603 AM  19    1950  42     15       33
  AVERAGE         69                        52     17       49

PRECIPITATION (IN)
  TODAY            0.00          2.05 1945   0.13  -0.13     0.00
  MONTH TO DATE    1.62                      1.49   0.13     0.36
  SINCE MAR 1      4.80                      3.95   0.85     1.44
  SINCE JAN 1      6.85                      7.35  -0.50     2.06

DEGREE DAYS
 HEATING
  TODAY            0                        13    -13
  MONTH TO DATE  139                       195    -56
  SINCE MAR 1    761                       913   -152
  SINCE JUL 1   4202                      5255  -1053

 COOLING
  TODAY            4                         0      4
  MONTH TO DATE   11                         0     11
  SINCE MAR 1     11                         2      9
  SINCE JAN 1     11                         2      9
..................................................................


WIND (MPH)
  HIGHEST WIND SPEED    16   HIGHEST WIND DIRECTION    SW (240)
  HIGHEST GUST SPEED    21   HIGHEST GUST DIRECTION    SW (210)
  AVERAGE WIND SPEED    10.9


SKY COVER
  AVERAGE SKY COVER 0.3



RELATIVE HUMIDITY (PERCENT)
 HIGHEST    63           800 AM
 LOWEST     45           100 PM
 AVERAGE    54

..........................................................


THE QUINCY IL CLIMATE NORMALS FOR TOMORROW
                         NORMAL    RECORD    YEAR
 MAXIMUM TEMPERATURE (F)   63        86      2006
 MINIMUM TEMPERATURE (F)   43        21      1907


SUNRISE AND SUNSET
APRIL 13 2017.........SUNRISE   630 AM CDT   SUNSET   742 PM CDT
APRIL 14 2017.........SUNRISE   628 AM CDT   SUNSET   743 PM CDT


-  INDICATES NEGATIVE NUMBERS.
R  INDICATES RECORD WAS SET OR TIED.
MM INDICATES DATA IS MISSING.
T  INDICATES TRACE AMOUNT.




$$
