000
CDUS43 KLSX 152242
CLIUIN


CLIMATE REPORT
NATIONAL WEATHER SERVICE ST LOUIS MO
534 PM CDT TUE JUL 15 2014


...................................

...THE QUINCY IL CLIMATE SUMMARY FOR JULY 15 2014...
VALID TODAY AS OF 0500 PM LOCAL TIME.

CLIMATE NORMAL PERIOD 1981 TO 2010
CLIMATE RECORD PERIOD 1901 TO 2014


WEATHER ITEM   OBSERVED TIME   RECORD YEAR NORMAL DEPARTURE LAST
                VALUE   (LST)  VALUE       VALUE  FROM      YEAR
                                                  NORMAL
..................................................................
TEMPERATURE (F)
 TODAY
  MAXIMUM         70    207 PM 114    1936  86    -16       90
  MINIMUM         54    517 AM  52    1967  67    -13       69
                                      1945
  AVERAGE         62                        76    -14       80

PRECIPITATION (IN)
  TODAY            0.00          3.17 1910   0.14  -0.14      T
  MONTH TO DATE    2.05                      2.02   0.03     0.02
  SINCE JUN 1     10.20                      6.01   4.19     1.80
  SINCE JAN 1     18.61                     20.10  -1.49    27.04

DEGREE DAYS
 HEATING
  TODAY            3                         0      3
  MONTH TO DATE    4                         0      4
  SINCE JUN 1      8                        16     -8
  SINCE JUL 1      4                         0      4

 COOLING
  TODAY            0                        11    -11
  MONTH TO DATE  105                       165    -60
  SINCE JUN 1    372                       392    -20
  SINCE JAN 1    515                       478     37
..................................................................


WIND (MPH)
  HIGHEST WIND SPEED    20   HIGHEST WIND DIRECTION    NW (330)
  HIGHEST GUST SPEED    24   HIGHEST GUST DIRECTION     N (340)
  AVERAGE WIND SPEED    11.2


SKY COVER
  AVERAGE SKY COVER 0.3



RELATIVE HUMIDITY (PERCENT)
 HIGHEST    83           500 AM
 LOWEST     55          1100 AM
 AVERAGE    69

..........................................................


THE QUINCY IL CLIMATE NORMALS FOR TOMORROW
                         NORMAL    RECORD    YEAR
 MAXIMUM TEMPERATURE (F)   86       111      1936
 MINIMUM TEMPERATURE (F)   67        54      1903


SUNRISE AND SUNSET
JULY 15 2014..........SUNRISE   549 AM CDT   SUNSET   832 PM CDT
JULY 16 2014..........SUNRISE   550 AM CDT   SUNSET   832 PM CDT


-  INDICATES NEGATIVE NUMBERS.
R  INDICATES RECORD WAS SET OR TIED.
MM INDICATES DATA IS MISSING.
T  INDICATES TRACE AMOUNT.




$$
