285
CDUS43 KLSX 200731
CLIUIN


CLIMATE REPORT
NATIONAL WEATHER SERVICE ST LOUIS MO
230 AM CDT TUE JUN 20 2017


...................................

...THE QUINCY IL CLIMATE SUMMARY FOR JUNE 19 2017...

CLIMATE NORMAL PERIOD 1981 TO 2010
CLIMATE RECORD PERIOD 1901 TO 2017


WEATHER ITEM   OBSERVED TIME   RECORD YEAR NORMAL DEPARTURE LAST
                VALUE   (LST)  VALUE       VALUE  FROM      YEAR
                                                  NORMAL
..................................................................
TEMPERATURE (F)
 YESTERDAY
  MAXIMUM         83    443 PM 105    1936  83      0       92
  MINIMUM         61    451 AM  51    1976  64     -3       66
                                      1909
  AVERAGE         72                        73     -1

PRECIPITATION (IN)
  YESTERDAY        0.00          1.69 2014   0.13  -0.13     0.00
  MONTH TO DATE    2.08                      2.61  -0.53     0.40
  SINCE JUN 1      2.08                      2.61  -0.53     0.40
  SINCE JAN 1     18.86                     16.70   2.16     9.08

DEGREE DAYS
 HEATING
  YESTERDAY        0                         0      0
  MONTH TO DATE    0                        14    -14
  SINCE JUN 1      0                        14    -14
  SINCE JUL 1   4433                      5580  -1147

 COOLING
  YESTERDAY        7                         9     -2
  MONTH TO DATE  193                       122     71
  SINCE JUN 1    193                       122     71
  SINCE JAN 1    302                       208     94
..................................................................


WIND (MPH)
  HIGHEST WIND SPEED    17   HIGHEST WIND DIRECTION     N (350)
  HIGHEST GUST SPEED    21   HIGHEST GUST DIRECTION     N (350)
  AVERAGE WIND SPEED     7.2


SKY COVER
  AVERAGE SKY COVER 0.1



RELATIVE HUMIDITY (PERCENT)
 HIGHEST    87          1200 AM
 LOWEST     40           200 PM
 AVERAGE    64

..........................................................


THE QUINCY IL CLIMATE NORMALS FOR TODAY
                         NORMAL    RECORD    YEAR
 MAXIMUM TEMPERATURE (F)   83       104      1936
 MINIMUM TEMPERATURE (F)   64        49      2003


SUNRISE AND SUNSET
JUNE 20 2017..........SUNRISE   536 AM CDT   SUNSET   837 PM CDT
JUNE 21 2017..........SUNRISE   536 AM CDT   SUNSET   837 PM CDT


-  INDICATES NEGATIVE NUMBERS.
R  INDICATES RECORD WAS SET OR TIED.
MM INDICATES DATA IS MISSING.
T  INDICATES TRACE AMOUNT.




$$
