000
CDUS43 KLSX 170745
CLIUIN


CLIMATE REPORT
NATIONAL WEATHER SERVICE ST LOUIS MO
245 AM CDT SUN MAY 17 2015


...................................

...THE QUINCY IL CLIMATE SUMMARY FOR MAY 16 2015...

CLIMATE NORMAL PERIOD 1981 TO 2010
CLIMATE RECORD PERIOD 1901 TO 2015


WEATHER ITEM   OBSERVED TIME   RECORD YEAR NORMAL DEPARTURE LAST
                VALUE   (LST)  VALUE       VALUE  FROM      YEAR
                                                  NORMAL
..................................................................
TEMPERATURE (F)
 YESTERDAY
  MAXIMUM         79   1127 AM  92    1944  73      6       54
                                      1911
  MINIMUM         66    546 AM  34    1956  53     13       41
                                      1907
  AVERAGE         73                        63     10

PRECIPITATION (IN)
  YESTERDAY        0.02          2.21 1957   0.14  -0.12      T
  MONTH TO DATE    1.98                      2.23  -0.25     1.83
  SINCE MAR 1      4.63                      8.38  -3.75     5.96
  SINCE JAN 1      6.67                     11.78  -5.11     8.08

DEGREE DAYS
 HEATING
  YESTERDAY        0                         4     -4
  MONTH TO DATE   34                        92    -58
  SINCE MAR 1   1022                      1180   -158
  SINCE JUL 1   5688                      5522    166

 COOLING
  YESTERDAY        8                         2      6
  MONTH TO DATE   59                        22     37
  SINCE MAR 1     65                        40     25
  SINCE JAN 1     65                        40     25
..................................................................


WIND (MPH)
  HIGHEST WIND SPEED    17   HIGHEST WIND DIRECTION    SW (210)
  HIGHEST GUST SPEED    23   HIGHEST GUST DIRECTION    SW (210)
  AVERAGE WIND SPEED    10.3


SKY COVER
  AVERAGE SKY COVER 0.3



RELATIVE HUMIDITY (PERCENT)
 HIGHEST    93          1200 AM
 LOWEST     69           500 PM
 AVERAGE    81

..........................................................


THE QUINCY IL CLIMATE NORMALS FOR TODAY
                         NORMAL    RECORD    YEAR
 MAXIMUM TEMPERATURE (F)   73        92      1911
 MINIMUM TEMPERATURE (F)   53        35      2014


SUNRISE AND SUNSET
MAY 17 2015...........SUNRISE   548 AM CDT   SUNSET   815 PM CDT
MAY 18 2015...........SUNRISE   547 AM CDT   SUNSET   816 PM CDT


-  INDICATES NEGATIVE NUMBERS.
R  INDICATES RECORD WAS SET OR TIED.
MM INDICATES DATA IS MISSING.
T  INDICATES TRACE AMOUNT.




$$
