196
CDUS43 KLSX 122231
CLIUIN


CLIMATE REPORT
NATIONAL WEATHER SERVICE ST LOUIS MO
530 PM CDT SAT AUG 12 2017


...................................

...THE QUINCY IL CLIMATE SUMMARY FOR AUGUST 12 2017...
VALID TODAY AS OF 0500 PM LOCAL TIME.

CLIMATE NORMAL PERIOD 1981 TO 2010
CLIMATE RECORD PERIOD 1901 TO 2017


WEATHER ITEM   OBSERVED TIME   RECORD YEAR NORMAL DEPARTURE LAST
                VALUE   (LST)  VALUE       VALUE  FROM      YEAR
                                                  NORMAL
..................................................................
TEMPERATURE (F)
 TODAY
  MAXIMUM         79    356 PM 105    1936  85     -6       87
  MINIMUM         56    539 AM  48    1979  65     -9       74
  AVERAGE         68                        75     -7       81

PRECIPITATION (IN)
  TODAY            0.00          1.98 1939   0.12  -0.12     0.06
  MONTH TO DATE    2.14                      1.43   0.71     2.26
  SINCE JUN 1      7.20                      9.46  -2.26     9.98
  SINCE JAN 1     23.98                     23.55   0.43    18.66

DEGREE DAYS
 HEATING
  TODAY            0                         0      0
  MONTH TO DATE    0                         0      0
  SINCE JUN 1      4                        16    -12
  SINCE JUL 1      0                         0      0

 COOLING
  TODAY            3                        10     -7
  MONTH TO DATE   74                       125    -51
  SINCE JUN 1    763                       695     68
  SINCE JAN 1    872                       781     91
..................................................................


WIND (MPH)
  HIGHEST WIND SPEED    13   HIGHEST WIND DIRECTION     N (20)
  HIGHEST GUST SPEED    18   HIGHEST GUST DIRECTION     N (20)
  AVERAGE WIND SPEED     6.2


SKY COVER
  AVERAGE SKY COVER 0.1



RELATIVE HUMIDITY (PERCENT)
 HIGHEST    93           500 AM
 LOWEST     39           100 PM
 AVERAGE    66

..........................................................


THE QUINCY IL CLIMATE NORMALS FOR TOMORROW
                         NORMAL    RECORD    YEAR
 MAXIMUM TEMPERATURE (F)   85       105      1936
 MINIMUM TEMPERATURE (F)   65        44      1964


SUNRISE AND SUNSET
AUGUST 12 2017........SUNRISE   614 AM CDT   SUNSET   805 PM CDT
AUGUST 13 2017........SUNRISE   615 AM CDT   SUNSET   804 PM CDT


-  INDICATES NEGATIVE NUMBERS.
R  INDICATES RECORD WAS SET OR TIED.
MM INDICATES DATA IS MISSING.
T  INDICATES TRACE AMOUNT.




$$
