000
CDUS43 KLSX 262240
CLIUIN


CLIMATE REPORT
NATIONAL WEATHER SERVICE ST LOUIS MO
438 PM CST SAT NOV 26 2016


...................................

...THE QUINCY IL CLIMATE SUMMARY FOR NOVEMBER 26 2016...
VALID TODAY AS OF 0400 PM LOCAL TIME.

CLIMATE NORMAL PERIOD 1981 TO 2010
CLIMATE RECORD PERIOD 1901 TO 2016


WEATHER ITEM   OBSERVED TIME   RECORD YEAR NORMAL DEPARTURE LAST
                VALUE   (LST)  VALUE       VALUE  FROM      YEAR
                                                  NORMAL
..................................................................
TEMPERATURE (F)
 TODAY
  MAXIMUM         52    202 PM  75    1965  45      7       69
  MINIMUM         29    626 AM   5    1977  29      0       42
  AVERAGE         41                        37      4       56

PRECIPITATION (IN)
  TODAY            0.00          1.28 2011   0.10  -0.10    MM
                                      1915
  MONTH TO DATE    0.91                      2.63  -1.72     2.68
  SINCE SEP 1      5.91                      8.94  -3.03     4.91
  SINCE JAN 1     29.60                     34.69  -5.09    33.67

DEGREE DAYS
 HEATING
  TODAY           24                        28     -4
  MONTH TO DATE  402                       561   -159
  SINCE SEP 1    594                       980   -386
  SINCE JUL 1    600                       985   -385

 COOLING
  TODAY            0                         0      0
  MONTH TO DATE   15                         0     15
  SINCE SEP 1    296                       140    156
  SINCE JAN 1   1472                      1093    379
..................................................................


WIND (MPH)
  HIGHEST WIND SPEED    18   HIGHEST WIND DIRECTION     S (190)
  HIGHEST GUST SPEED    23   HIGHEST GUST DIRECTION     S (190)
  AVERAGE WIND SPEED    10.2


SKY COVER
  AVERAGE SKY COVER 0.0



RELATIVE HUMIDITY (PERCENT)
 HIGHEST   100          1200 AM
 LOWEST     52           400 PM
 AVERAGE    76

..........................................................


THE QUINCY IL CLIMATE NORMALS FOR TOMORROW
                         NORMAL    RECORD    YEAR
 MAXIMUM TEMPERATURE (F)   45        72      1909
 MINIMUM TEMPERATURE (F)   29         8      1955


SUNRISE AND SUNSET
NOVEMBER 26 2016......SUNRISE   703 AM CST   SUNSET   442 PM CST
NOVEMBER 27 2016......SUNRISE   704 AM CST   SUNSET   441 PM CST


-  INDICATES NEGATIVE NUMBERS.
R  INDICATES RECORD WAS SET OR TIED.
MM INDICATES DATA IS MISSING.
T  INDICATES TRACE AMOUNT.




$$
