000
CDUS43 KLSX 110728
CLIUIN


CLIMATE REPORT
NATIONAL WEATHER SERVICE ST LOUIS MO
228 AM CDT FRI APR 11 2014


...................................

...THE QUINCY IL CLIMATE SUMMARY FOR APRIL 10 2014...

CLIMATE NORMAL PERIOD 1981 TO 2010
CLIMATE RECORD PERIOD 1901 TO 2014


WEATHER ITEM   OBSERVED TIME   RECORD YEAR NORMAL DEPARTURE LAST
                VALUE   (LST)  VALUE       VALUE  FROM      YEAR
                                                  NORMAL
..................................................................
TEMPERATURE (F)
 YESTERDAY
  MAXIMUM         69   1216 PM  92    1930  62      7       69
  MINIMUM         48   1007 PM  23    1960  41      7       47
  AVERAGE         59                        51      8

PRECIPITATION (IN)
  YESTERDAY        0.00          2.17 1903   0.12  -0.12     1.39
  MONTH TO DATE    1.58                      1.13   0.45     2.18
  SINCE MAR 1      2.26                      3.59  -1.33     4.33
  SINCE JAN 1      4.38                      6.99  -2.61     9.80

DEGREE DAYS
 HEATING
  YESTERDAY        6                        14     -8
  MONTH TO DATE  160                       155      5
  SINCE MAR 1   1038                       873    165
  SINCE JUL 1   5932                      5215    717

 COOLING
  YESTERDAY        0                         0      0
  MONTH TO DATE    0                         0      0
  SINCE MAR 1      0                         2     -2
  SINCE JAN 1      0                         2     -2
..................................................................


WIND (MPH)
  HIGHEST WIND SPEED    31   HIGHEST WIND DIRECTION     S (200)
  HIGHEST GUST SPEED    41   HIGHEST GUST DIRECTION     S (200)
  AVERAGE WIND SPEED    13.6


SKY COVER
  AVERAGE SKY COVER 0.1



RELATIVE HUMIDITY (PERCENT)
 HIGHEST    47           700 AM
 LOWEST     34           400 PM
 AVERAGE    41

..........................................................


THE QUINCY IL CLIMATE NORMALS FOR TODAY
                         NORMAL    RECORD    YEAR
 MAXIMUM TEMPERATURE (F)   62        90      1930
 MINIMUM TEMPERATURE (F)   41        25      1973
                                             1957


SUNRISE AND SUNSET
APRIL 11 2014.........SUNRISE   633 AM CDT   SUNSET   739 PM CDT
APRIL 12 2014.........SUNRISE   632 AM CDT   SUNSET   740 PM CDT


-  INDICATES NEGATIVE NUMBERS.
R  INDICATES RECORD WAS SET OR TIED.
MM INDICATES DATA IS MISSING.
T  INDICATES TRACE AMOUNT.




$$
