000
CDUS43 KLSX 192228
CLIUIN


CLIMATE REPORT
NATIONAL WEATHER SERVICE ST LOUIS MO
427 PM CST MON JAN 19 2015


...................................

...THE QUINCY IL CLIMATE SUMMARY FOR JANUARY 19 2015...
VALID TODAY AS OF 0400 PM LOCAL TIME.

CLIMATE NORMAL PERIOD 1981 TO 2010
CLIMATE RECORD PERIOD 1901 TO 2015


WEATHER ITEM   OBSERVED TIME   RECORD YEAR NORMAL DEPARTURE LAST
                VALUE   (LST)  VALUE       VALUE  FROM      YEAR
                                                  NORMAL
..................................................................
TEMPERATURE (F)
 TODAY
  MAXIMUM         52    312 PM  67    1951  34     18       49
  MINIMUM         25    519 AM -19    1985  18      7       18
  AVERAGE         39                        26     13       34

PRECIPITATION (IN)
  TODAY            0.00          2.68 1907   0.05  -0.05     0.00
  MONTH TO DATE    0.55                      0.96  -0.41     0.63
  SINCE DEC 1      1.86                      3.21  -1.35     1.71
  SINCE JAN 1      0.55                      0.96  -0.41     0.63

DEGREE DAYS
 HEATING
  TODAY           26                        39    -13
  MONTH TO DATE  782                       737     45
  SINCE DEC 1   1745                      1828    -83
  SINCE JUL 1   3022                      2928     94

 COOLING
  TODAY            0                         0      0
  MONTH TO DATE    0                         0      0
  SINCE DEC 1      0                         0      0
  SINCE JAN 1      0                         0      0
..................................................................


WIND (MPH)
  HIGHEST WIND SPEED    10   HIGHEST WIND DIRECTION    SE (140)
  HIGHEST GUST SPEED    13   HIGHEST GUST DIRECTION    SE (150)
  AVERAGE WIND SPEED     6.2


SKY COVER
  AVERAGE SKY COVER 0.1



RELATIVE HUMIDITY (PERCENT)
 HIGHEST    81           500 AM
 LOWEST     38           300 PM
 AVERAGE    60

..........................................................


THE QUINCY IL CLIMATE NORMALS FOR TOMORROW
                         NORMAL    RECORD    YEAR
 MAXIMUM TEMPERATURE (F)   34        66      1906
 MINIMUM TEMPERATURE (F)   18       -21      1985


SUNRISE AND SUNSET
JANUARY 19 2015.......SUNRISE   723 AM CST   SUNSET   508 PM CST
JANUARY 20 2015.......SUNRISE   722 AM CST   SUNSET   510 PM CST


-  INDICATES NEGATIVE NUMBERS.
R  INDICATES RECORD WAS SET OR TIED.
MM INDICATES DATA IS MISSING.
T  INDICATES TRACE AMOUNT.




$$
