000
CDUS43 KLSX 122229
CLIUIN


CLIMATE REPORT
NATIONAL WEATHER SERVICE ST LOUIS MO
528 PM CDT THU MAY 12 2016


...................................

...THE QUINCY IL CLIMATE SUMMARY FOR MAY 12 2016...
VALID TODAY AS OF 0500 PM LOCAL TIME.

CLIMATE NORMAL PERIOD 1981 TO 2010
CLIMATE RECORD PERIOD 1901 TO 2016


WEATHER ITEM   OBSERVED TIME   RECORD YEAR NORMAL DEPARTURE LAST
                VALUE   (LST)  VALUE       VALUE  FROM      YEAR
                                                  NORMAL
..................................................................
TEMPERATURE (F)
 TODAY
  MAXIMUM         70    226 PM  93    1956  72     -2       67
  MINIMUM         59    805 AM  35    1960  52      7       48
  AVERAGE         65                        62      3       58

PRECIPITATION (IN)
  TODAY            T             2.82 1920   0.15  -0.15     0.00
  MONTH TO DATE    1.35                      1.65  -0.30     1.71
  SINCE MAR 1      5.77                      7.80  -2.03     4.36
  SINCE JAN 1      6.39                     11.20  -4.81     6.40

DEGREE DAYS
 HEATING
  TODAY            0                         5     -5
  MONTH TO DATE   60                        74    -14
  SINCE MAR 1    907                      1162   -255
  SINCE JUL 1   4504                      5504  -1000

 COOLING
  TODAY            0                         2     -2
  MONTH TO DATE   11                        14     -3
  SINCE MAR 1     32                        32      0
  SINCE JAN 1     32                        32      0
..................................................................


WIND (MPH)
  HIGHEST WIND SPEED    23   HIGHEST WIND DIRECTION     W (290)
  HIGHEST GUST SPEED    28   HIGHEST GUST DIRECTION     W (290)
  AVERAGE WIND SPEED    12.7


SKY COVER
  AVERAGE SKY COVER 0.6



RELATIVE HUMIDITY (PERCENT)
 HIGHEST   100          1200 AM
 LOWEST     40           400 PM
 AVERAGE    70

..........................................................


THE QUINCY IL CLIMATE NORMALS FOR TOMORROW
                         NORMAL    RECORD    YEAR
 MAXIMUM TEMPERATURE (F)   72        92      1940
 MINIMUM TEMPERATURE (F)   52        35      1971


SUNRISE AND SUNSET
MAY 12 2016...........SUNRISE   552 AM CDT   SUNSET   811 PM CDT
MAY 13 2016...........SUNRISE   551 AM CDT   SUNSET   812 PM CDT


-  INDICATES NEGATIVE NUMBERS.
R  INDICATES RECORD WAS SET OR TIED.
MM INDICATES DATA IS MISSING.
T  INDICATES TRACE AMOUNT.




$$
