000
CDUS43 KLSX 272231
CLIUIN


CLIMATE REPORT
NATIONAL WEATHER SERVICE ST LOUIS MO
430 PM CST MON NOV 27 2017


...................................

...THE QUINCY IL CLIMATE SUMMARY FOR NOVEMBER 27 2017...
VALID TODAY AS OF 0400 PM LOCAL TIME.

CLIMATE NORMAL PERIOD 1981 TO 2010
CLIMATE RECORD PERIOD 1901 TO 2017


WEATHER ITEM   OBSERVED TIME   RECORD YEAR NORMAL DEPARTURE LAST
                VALUE   (LST)  VALUE       VALUE  FROM      YEAR
                                                  NORMAL
..................................................................
TEMPERATURE (F)
 TODAY
  MAXIMUM         66    214 PM  72    1909  45     21       47
  MINIMUM         41    701 AM   8    1955  29     12       35
  AVERAGE         54                        37     17       41

PRECIPITATION (IN)
  TODAY            0.00          1.56 1983   0.10  -0.10     0.23
  MONTH TO DATE    1.30                      2.73  -1.43     1.14
  SINCE SEP 1      6.45                      9.04  -2.59     6.14
  SINCE JAN 1     32.60                     34.79  -2.19    29.83

DEGREE DAYS
 HEATING
  TODAY           11                        28    -17
  MONTH TO DATE  607                       589     18
  SINCE SEP 1    888                      1008   -120
  SINCE JUL 1    888                      1013   -125

 COOLING
  TODAY            0                         0      0
  MONTH TO DATE    0                         0      0
  SINCE SEP 1    234                       140     94
  SINCE JAN 1   1229                      1093    136
..................................................................


WIND (MPH)
  HIGHEST WIND SPEED    16   HIGHEST WIND DIRECTION     S (190)
  HIGHEST GUST SPEED    20   HIGHEST GUST DIRECTION     S (190)
  AVERAGE WIND SPEED    10.9


SKY COVER
  AVERAGE SKY COVER 0.0



RELATIVE HUMIDITY (PERCENT)
 HIGHEST    65           700 AM
 LOWEST     39          1200 PM
 AVERAGE    52

..........................................................


THE QUINCY IL CLIMATE NORMALS FOR TOMORROW
                         NORMAL    RECORD    YEAR
 MAXIMUM TEMPERATURE (F)   44        68      1927
 MINIMUM TEMPERATURE (F)   28         6      1977


SUNRISE AND SUNSET
NOVEMBER 27 2017......SUNRISE   703 AM CST   SUNSET   441 PM CST
NOVEMBER 28 2017......SUNRISE   704 AM CST   SUNSET   441 PM CST


-  INDICATES NEGATIVE NUMBERS.
R  INDICATES RECORD WAS SET OR TIED.
MM INDICATES DATA IS MISSING.
T  INDICATES TRACE AMOUNT.




$$
