000
CDUS43 KLSX 030736
CLIUIN


CLIMATE REPORT
NATIONAL WEATHER SERVICE ST LOUIS MO
135 AM CST WED JAN 3 2018


...................................

...THE QUINCY IL CLIMATE SUMMARY FOR JANUARY 2 2018...

CLIMATE NORMAL PERIOD 1981 TO 2010
CLIMATE RECORD PERIOD 1901 TO 2018


WEATHER ITEM   OBSERVED TIME   RECORD YEAR NORMAL DEPARTURE LAST
                VALUE   (LST)  VALUE       VALUE  FROM      YEAR
                                                  NORMAL
..................................................................
TEMPERATURE (F)
 YESTERDAY
  MAXIMUM         16   1159 PM  68    2004  34    -18       45
  MINIMUM        -12R   550 AM -11    1979  19    -31       35
  AVERAGE          2                        27    -25

PRECIPITATION (IN)
  YESTERDAY        0.00          1.32 1951   0.05  -0.05     0.06
  MONTH TO DATE    0.00                      0.11  -0.11     0.06
  SINCE DEC 1      0.17                      2.36  -2.19     1.09
  SINCE JAN 1      0.00                      0.11  -0.11     0.06

DEGREE DAYS
 HEATING
  YESTERDAY       63                        38     25
  MONTH TO DATE  133                        76     57
  SINCE DEC 1   1215                      1167     48
  SINCE JUL 1   2162                      2267   -105

 COOLING
  YESTERDAY        0                         0      0
  MONTH TO DATE    0                         0      0
  SINCE DEC 1      0                         0      0
  SINCE JAN 1      0                         0      0
..................................................................


WIND (MPH)
  HIGHEST WIND SPEED    18   HIGHEST WIND DIRECTION    SW (210)
  HIGHEST GUST SPEED    23   HIGHEST GUST DIRECTION    SW (220)
  AVERAGE WIND SPEED     8.3


SKY COVER
  AVERAGE SKY COVER 0.0



RELATIVE HUMIDITY (PERCENT)
 HIGHEST    79           700 AM
 LOWEST     51           300 PM
 AVERAGE    65

..........................................................


THE QUINCY IL CLIMATE NORMALS FOR TODAY
                         NORMAL    RECORD    YEAR
 MAXIMUM TEMPERATURE (F)   34        63      1998
 MINIMUM TEMPERATURE (F)   19       -16      1904


SUNRISE AND SUNSET
JANUARY  3 2018.......SUNRISE   727 AM CST   SUNSET   452 PM CST
JANUARY  4 2018.......SUNRISE   727 AM CST   SUNSET   453 PM CST


-  INDICATES NEGATIVE NUMBERS.
R  INDICATES RECORD WAS SET OR TIED.
MM INDICATES DATA IS MISSING.
T  INDICATES TRACE AMOUNT.




$$
