000
CDUS43 KLSX 192231
CLIUIN


CLIMATE REPORT
NATIONAL WEATHER SERVICE ST LOUIS MO
530 PM CDT FRI AUG 19 2016


...................................

...THE QUINCY IL CLIMATE SUMMARY FOR AUGUST 19 2016...
VALID TODAY AS OF 0500 PM LOCAL TIME.

CLIMATE NORMAL PERIOD 1981 TO 2010
CLIMATE RECORD PERIOD 1901 TO 2016


WEATHER ITEM   OBSERVED TIME   RECORD YEAR NORMAL DEPARTURE LAST
                VALUE   (LST)  VALUE       VALUE  FROM      YEAR
                                                  NORMAL
..................................................................
TEMPERATURE (F)
 TODAY
  MAXIMUM         84    127 PM 106    1936  85     -1       73
  MINIMUM         70    424 AM  46    1950  64      6       58
  AVERAGE         77                        74      3       66

PRECIPITATION (IN)
  TODAY            0.00          2.00 2009   0.11  -0.11      T
  MONTH TO DATE    2.30                      2.24   0.06     1.90
  SINCE JUN 1     10.02                     10.27  -0.25    19.85
  SINCE JAN 1     18.70                     24.36  -5.66    28.53

DEGREE DAYS
 HEATING
  TODAY            0                         0      0
  MONTH TO DATE    0                         0      0
  SINCE JUN 1      6                        16    -10
  SINCE JUL 1      6                         0      6

 COOLING
  TODAY           12                        10      2
  MONTH TO DATE  231                       195     36
  SINCE JUN 1    962                       765    197
  SINCE JAN 1   1066                       851    215
..................................................................


WIND (MPH)
  HIGHEST WIND SPEED    14   HIGHEST WIND DIRECTION     S (190)
  HIGHEST GUST SPEED    19   HIGHEST GUST DIRECTION     S (190)
  AVERAGE WIND SPEED     7.9


SKY COVER
  AVERAGE SKY COVER 0.3



RELATIVE HUMIDITY (PERCENT)
 HIGHEST   100          1200 AM
 LOWEST     69           200 PM
 AVERAGE    85

..........................................................


THE QUINCY IL CLIMATE NORMALS FOR TOMORROW
                         NORMAL    RECORD    YEAR
 MAXIMUM TEMPERATURE (F)   84       104      1936
 MINIMUM TEMPERATURE (F)   64        42      1950


SUNRISE AND SUNSET
AUGUST 19 2016........SUNRISE   621 AM CDT   SUNSET   755 PM CDT
AUGUST 20 2016........SUNRISE   622 AM CDT   SUNSET   754 PM CDT


-  INDICATES NEGATIVE NUMBERS.
R  INDICATES RECORD WAS SET OR TIED.
MM INDICATES DATA IS MISSING.
T  INDICATES TRACE AMOUNT.




$$
