000
CDUS43 KLSX 180742
CLIUIN


CLIMATE REPORT
NATIONAL WEATHER SERVICE ST LOUIS MO
242 AM CDT SUN JUN 18 2017


...................................

...THE QUINCY IL CLIMATE SUMMARY FOR JUNE 17 2017...

CLIMATE NORMAL PERIOD 1981 TO 2010
CLIMATE RECORD PERIOD 1901 TO 2017


WEATHER ITEM   OBSERVED TIME   RECORD YEAR NORMAL DEPARTURE LAST
                VALUE   (LST)  VALUE       VALUE  FROM      YEAR
                                                  NORMAL
..................................................................
TEMPERATURE (F)
 YESTERDAY
  MAXIMUM         87    409 PM 103    1918  82      5       85
  MINIMUM         69    558 AM  48    1974  63      6       65
  AVERAGE         78                        73      5

PRECIPITATION (IN)
  YESTERDAY        0.70          2.58 1926   0.13   0.57     0.00
  MONTH TO DATE    2.06                      2.35  -0.29     0.40
  SINCE JUN 1      2.06                      2.35  -0.29     0.40
  SINCE JAN 1     18.84                     16.44   2.40     9.08

DEGREE DAYS
 HEATING
  YESTERDAY        0                         0      0
  MONTH TO DATE    0                        14    -14
  SINCE JUN 1      0                        14    -14
  SINCE JUL 1   4433                      5580  -1147

 COOLING
  YESTERDAY       13                         8      5
  MONTH TO DATE  179                       105     74
  SINCE JUN 1    179                       105     74
  SINCE JAN 1    288                       191     97
..................................................................


WIND (MPH)
  HIGHEST WIND SPEED    46   HIGHEST WIND DIRECTION    NW (320)
  HIGHEST GUST SPEED    56   HIGHEST GUST DIRECTION    NW (330)
  AVERAGE WIND SPEED     8.7


SKY COVER
  AVERAGE SKY COVER 0.6



RELATIVE HUMIDITY (PERCENT)
 HIGHEST   100          1000 PM
 LOWEST     61           100 PM
 AVERAGE    81

..........................................................


THE QUINCY IL CLIMATE NORMALS FOR TODAY
                         NORMAL    RECORD    YEAR
 MAXIMUM TEMPERATURE (F)   83        99      1913
 MINIMUM TEMPERATURE (F)   63        47      1965


SUNRISE AND SUNSET
JUNE 18 2017..........SUNRISE   536 AM CDT   SUNSET   836 PM CDT
JUNE 19 2017..........SUNRISE   536 AM CDT   SUNSET   837 PM CDT


-  INDICATES NEGATIVE NUMBERS.
R  INDICATES RECORD WAS SET OR TIED.
MM INDICATES DATA IS MISSING.
T  INDICATES TRACE AMOUNT.




$$
