913
CDUS43 KLSX 110736
CLIUIN


CLIMATE REPORT
NATIONAL WEATHER SERVICE ST LOUIS MO
136 AM CST SAT FEB 11 2017


...................................

...THE QUINCY IL CLIMATE SUMMARY FOR FEBRUARY 10 2017...

CLIMATE NORMAL PERIOD 1981 TO 2010
CLIMATE RECORD PERIOD 1901 TO 2017


WEATHER ITEM   OBSERVED TIME   RECORD YEAR NORMAL DEPARTURE LAST
                VALUE   (LST)  VALUE       VALUE  FROM      YEAR
                                                  NORMAL
..................................................................
TEMPERATURE (F)
 YESTERDAY
  MAXIMUM         62    447 PM  74    1932  37     25       20
  MINIMUM         21    121 AM -10    1982  21      0        8
                                      1936
                                      1905
  AVERAGE         42                        29     13

PRECIPITATION (IN)
  YESTERDAY        0.00          0.88 1939   0.07  -0.07     0.03
  MONTH TO DATE    0.10                      0.57  -0.47     0.15
  SINCE DEC 1      2.31                      4.34  -2.03     6.37
  SINCE JAN 1      1.28                      2.09  -0.81     0.55

DEGREE DAYS
 HEATING
  YESTERDAY       23                        36    -13
  MONTH TO DATE  333                       367    -34
  SINCE DEC 1   2472                      2653   -181
  SINCE JUL 1   3160                      3753   -593

 COOLING
  YESTERDAY        0                         0      0
  MONTH TO DATE    0                         0      0
  SINCE DEC 1      0                         0      0
  SINCE JAN 1      0                         0      0
..................................................................


WIND (MPH)
  HIGHEST WIND SPEED    24   HIGHEST WIND DIRECTION    SW (240)
  HIGHEST GUST SPEED    29   HIGHEST GUST DIRECTION    SW (220)
  AVERAGE WIND SPEED    13.7


SKY COVER
  AVERAGE SKY COVER 0.0



RELATIVE HUMIDITY (PERCENT)
 HIGHEST    69           600 AM
 LOWEST     39           400 PM
 AVERAGE    54

..........................................................


THE QUINCY IL CLIMATE NORMALS FOR TODAY
                         NORMAL    RECORD    YEAR
 MAXIMUM TEMPERATURE (F)   38        70      1999
 MINIMUM TEMPERATURE (F)   21       -12      1981


SUNRISE AND SUNSET
FEBRUARY 11 2017......SUNRISE   702 AM CST   SUNSET   536 PM CST
FEBRUARY 12 2017......SUNRISE   701 AM CST   SUNSET   538 PM CST


-  INDICATES NEGATIVE NUMBERS.
R  INDICATES RECORD WAS SET OR TIED.
MM INDICATES DATA IS MISSING.
T  INDICATES TRACE AMOUNT.




$$
