000
CDUS43 KLSX 120729
CLIUIN


CLIMATE REPORT
NATIONAL WEATHER SERVICE ST LOUIS MO
128 AM CST FRI DEC 12 2014


...................................

...THE QUINCY IL CLIMATE SUMMARY FOR DECEMBER 11 2014...

CLIMATE NORMAL PERIOD 1981 TO 2010
CLIMATE RECORD PERIOD 1901 TO 2014


WEATHER ITEM   OBSERVED TIME   RECORD YEAR NORMAL DEPARTURE LAST
                VALUE   (LST)  VALUE       VALUE  FROM      YEAR
                                                  NORMAL
..................................................................
TEMPERATURE (F)
 YESTERDAY
  MAXIMUM         35    218 PM  69    1949  38     -3       26
  MINIMUM         29    841 AM  -8    1917  23      6        3
  AVERAGE         32                        31      1

PRECIPITATION (IN)
  YESTERDAY        0.00          1.11 2007   0.08  -0.08      T
  MONTH TO DATE    0.50                      0.93  -0.43      T
  SINCE DEC 1      0.50                      0.93  -0.43      T
  SINCE JAN 1     39.31                     36.01   3.30    34.59

DEGREE DAYS
 HEATING
  YESTERDAY       33                        34     -1
  MONTH TO DATE  372                       356     16
  SINCE DEC 1    372                       356     16
  SINCE JUL 1   1649                      1456    193

 COOLING
  YESTERDAY        0                         0      0
  MONTH TO DATE    0                         0      0
  SINCE DEC 1      0                         0      0
  SINCE JAN 1   1021                      1094    -73
..................................................................


WIND (MPH)
  HIGHEST WIND SPEED     9   HIGHEST WIND DIRECTION     S (200)
  HIGHEST GUST SPEED    12   HIGHEST GUST DIRECTION    SW (220)
  AVERAGE WIND SPEED     2.0


SKY COVER
  AVERAGE SKY COVER 0.7



RELATIVE HUMIDITY (PERCENT)
 HIGHEST    85           900 PM
 LOWEST     69           100 PM
 AVERAGE    77

..........................................................


THE QUINCY IL CLIMATE NORMALS FOR TODAY
                         NORMAL    RECORD    YEAR
 MAXIMUM TEMPERATURE (F)   38        67      1991
 MINIMUM TEMPERATURE (F)   23       -10      1962


SUNRISE AND SUNSET
DECEMBER 12 2014......SUNRISE   717 AM CST   SUNSET   440 PM CST
DECEMBER 13 2014......SUNRISE   718 AM CST   SUNSET   440 PM CST


-  INDICATES NEGATIVE NUMBERS.
R  INDICATES RECORD WAS SET OR TIED.
MM INDICATES DATA IS MISSING.
T  INDICATES TRACE AMOUNT.




$$
