000
CDUS43 KLSX 152156
CLIUIN


CLIMATE REPORT
NATIONAL WEATHER SERVICE ST LOUIS MO
455 PM CDT SUN OCT 15 2017


...................................

...THE QUINCY IL CLIMATE SUMMARY FOR OCTOBER 15 2017...
VALID TODAY AS OF 0400 PM LOCAL TIME.

CLIMATE NORMAL PERIOD 1981 TO 2010
CLIMATE RECORD PERIOD 1901 TO 2017


WEATHER ITEM   OBSERVED TIME   RECORD YEAR NORMAL DEPARTURE LAST
                VALUE   (LST)  VALUE       VALUE  FROM      YEAR
                                                  NORMAL
..................................................................
TEMPERATURE (F)
 TODAY
  MAXIMUM         67   1252 AM  90    1938  65      2       80
  MINIMUM         50    850 AM  29    1952  45      5       59
  AVERAGE         59                        55      4       70

PRECIPITATION (IN)
  TODAY            0.28          1.66 1967   0.10   0.18     0.00
  MONTH TO DATE    3.83                      1.48   2.35     1.19
  SINCE SEP 1      4.50                      4.78  -0.28     4.28
  SINCE JAN 1     30.65                     30.53   0.12    27.97

DEGREE DAYS
 HEATING
  TODAY            6                        10     -4
  MONTH TO DATE   33                       128    -95
  SINCE SEP 1     64                       210   -146
  SINCE JUL 1     64                       215   -151

 COOLING
  TODAY            0                         0      0
  MONTH TO DATE   47                        14     33
  SINCE SEP 1    227                       137     90
  SINCE JAN 1   1222                      1090    132
..................................................................


WIND (MPH)
  HIGHEST WIND SPEED    30   HIGHEST WIND DIRECTION    NW (300)
  HIGHEST GUST SPEED    39   HIGHEST GUST DIRECTION    NW (300)
  AVERAGE WIND SPEED    18.7


SKY COVER
  AVERAGE SKY COVER 0.9



RELATIVE HUMIDITY (PERCENT)
 HIGHEST    93          1200 AM
 LOWEST     57           100 PM
 AVERAGE    75

..........................................................


THE QUINCY IL CLIMATE NORMALS FOR TOMORROW
                         NORMAL    RECORD    YEAR
 MAXIMUM TEMPERATURE (F)   65        88      1950
 MINIMUM TEMPERATURE (F)   44        29      2002


SUNRISE AND SUNSET
OCTOBER 15 2017.......SUNRISE   716 AM CDT   SUNSET   625 PM CDT
OCTOBER 16 2017.......SUNRISE   717 AM CDT   SUNSET   623 PM CDT


-  INDICATES NEGATIVE NUMBERS.
R  INDICATES RECORD WAS SET OR TIED.
MM INDICATES DATA IS MISSING.
T  INDICATES TRACE AMOUNT.




$$
