000
CDUS43 KLSX 240742
CLIUIN


CLIMATE REPORT
NATIONAL WEATHER SERVICE ST LOUIS MO
241 AM CDT WED SEP 24 2014


...................................

...THE QUINCY IL CLIMATE SUMMARY FOR SEPTEMBER 23 2014...

CLIMATE NORMAL PERIOD 1981 TO 2010
CLIMATE RECORD PERIOD 1901 TO 2014


WEATHER ITEM   OBSERVED TIME   RECORD YEAR NORMAL DEPARTURE LAST
                VALUE   (LST)  VALUE       VALUE  FROM      YEAR
                                                  NORMAL
..................................................................
TEMPERATURE (F)
 YESTERDAY
  MAXIMUM         73    314 PM  95    1937  74     -1       75
  MINIMUM         48    551 AM  33    1995  52     -4       50
  AVERAGE         61                        63     -2

PRECIPITATION (IN)
  YESTERDAY        0.00          2.16 1970   0.12  -0.12     0.00
  MONTH TO DATE    6.25                      2.53   3.72     1.35
  SINCE SEP 1      6.25                      2.53   3.72     1.35
  SINCE JAN 1     31.87                     28.28   3.59    29.45

DEGREE DAYS
 HEATING
  YESTERDAY        4                         4      0
  MONTH TO DATE   86                        44     42
  SINCE SEP 1     86                        44     42
  SINCE JUL 1     91                        49     42

 COOLING
  YESTERDAY        0                         2     -2
  MONTH TO DATE   56                       109    -53
  SINCE SEP 1     56                       109    -53
  SINCE JAN 1    985                      1062    -77
..................................................................


WIND (MPH)
  HIGHEST WIND SPEED    13   HIGHEST WIND DIRECTION    SE (140)
  HIGHEST GUST SPEED    17   HIGHEST GUST DIRECTION    SE (130)
  AVERAGE WIND SPEED     6.1


SKY COVER
  AVERAGE SKY COVER 0.0



RELATIVE HUMIDITY (PERCENT)
 HIGHEST    80           600 AM
 LOWEST     35          1200 PM
 AVERAGE    58

..........................................................


THE QUINCY IL CLIMATE NORMALS FOR TODAY
                         NORMAL    RECORD    YEAR
 MAXIMUM TEMPERATURE (F)   74        94      1935
 MINIMUM TEMPERATURE (F)   52        33      1989


SUNRISE AND SUNSET
SEPTEMBER 24 2014.....SUNRISE   654 AM CDT   SUNSET   659 PM CDT
SEPTEMBER 25 2014.....SUNRISE   655 AM CDT   SUNSET   657 PM CDT


-  INDICATES NEGATIVE NUMBERS.
R  INDICATES RECORD WAS SET OR TIED.
MM INDICATES DATA IS MISSING.
T  INDICATES TRACE AMOUNT.




$$
