559
CDUS43 KLSX 192229
CLIUIN


CLIMATE REPORT
NATIONAL WEATHER SERVICE ST LOUIS MO
526 PM CDT SUN MAR 19 2017


...................................

...THE QUINCY IL CLIMATE SUMMARY FOR MARCH 19 2017...
VALID TODAY AS OF 0500 PM LOCAL TIME.

CLIMATE NORMAL PERIOD 1981 TO 2010
CLIMATE RECORD PERIOD 1901 TO 2017


WEATHER ITEM   OBSERVED TIME   RECORD YEAR NORMAL DEPARTURE LAST
                VALUE   (LST)  VALUE       VALUE  FROM      YEAR
                                                  NORMAL
..................................................................
TEMPERATURE (F)
 TODAY
  MAXIMUM         60    330 PM  80    2012  53      7       44
  MINIMUM         31    434 AM  -2    1923  34     -3       30
  AVERAGE         46                        43      3       37

PRECIPITATION (IN)
  TODAY            0.01          1.85 1948   0.08  -0.07      T
  MONTH TO DATE    0.59                      1.45  -0.86     0.75
  SINCE MAR 1      0.59                      1.45  -0.86     0.75
  SINCE JAN 1      2.64                      4.85  -2.21     1.37

DEGREE DAYS
 HEATING
  TODAY           19                        22     -3
  MONTH TO DATE  459                       485    -26
  SINCE MAR 1    459                       485    -26
  SINCE JUL 1   3900                      4827   -927

 COOLING
  TODAY            0                         0      0
  MONTH TO DATE    0                         0      0
  SINCE MAR 1      0                         0      0
  SINCE JAN 1      0                         0      0
..................................................................


WIND (MPH)
  HIGHEST WIND SPEED    21   HIGHEST WIND DIRECTION    SE (140)
  HIGHEST GUST SPEED    26   HIGHEST GUST DIRECTION    SE (140)
  AVERAGE WIND SPEED    11.3


SKY COVER
  AVERAGE SKY COVER 0.4



RELATIVE HUMIDITY (PERCENT)
 HIGHEST    85           400 AM
 LOWEST     36           400 PM
 AVERAGE    61

..........................................................


THE QUINCY IL CLIMATE NORMALS FOR TOMORROW
                         NORMAL    RECORD    YEAR
 MAXIMUM TEMPERATURE (F)   53        81      2012
 MINIMUM TEMPERATURE (F)   34         3      1906


SUNRISE AND SUNSET
MARCH 19 2017.........SUNRISE   709 AM CDT   SUNSET   716 PM CDT
MARCH 20 2017.........SUNRISE   708 AM CDT   SUNSET   717 PM CDT


-  INDICATES NEGATIVE NUMBERS.
R  INDICATES RECORD WAS SET OR TIED.
MM INDICATES DATA IS MISSING.
T  INDICATES TRACE AMOUNT.




$$
