000
CDUS43 KLSX 110731
CLIUIN


CLIMATE REPORT
NATIONAL WEATHER SERVICE ST LOUIS MO
230 AM CDT WED MAY 11 2016


...................................

...THE QUINCY IL CLIMATE SUMMARY FOR MAY 10 2016...

CLIMATE NORMAL PERIOD 1981 TO 2010
CLIMATE RECORD PERIOD 1901 TO 2016


WEATHER ITEM   OBSERVED TIME   RECORD YEAR NORMAL DEPARTURE LAST
                VALUE   (LST)  VALUE       VALUE  FROM      YEAR
                                                  NORMAL
..................................................................
TEMPERATURE (F)
 YESTERDAY
  MAXIMUM         75    529 PM  92    2011  71      4       76
                                      1928
  MINIMUM         57    535 AM  28    1966  51      6       64
  AVERAGE         66                        61      5

PRECIPITATION (IN)
  YESTERDAY        0.00          2.73 1962   0.14  -0.14     0.09
  MONTH TO DATE    1.25                      1.35  -0.10     1.70
  SINCE MAR 1      5.67                      7.50  -1.83     4.35
  SINCE JAN 1      6.29                     10.90  -4.61     6.39

DEGREE DAYS
 HEATING
  YESTERDAY        0                         5     -5
  MONTH TO DATE   60                        64     -4
  SINCE MAR 1    907                      1152   -245
  SINCE JUL 1   4504                      5494   -990

 COOLING
  YESTERDAY        1                         1      0
  MONTH TO DATE    8                        10     -2
  SINCE MAR 1     29                        28      1
  SINCE JAN 1     29                        28      1
..................................................................


WIND (MPH)
  HIGHEST WIND SPEED    15   HIGHEST WIND DIRECTION     S (190)
  HIGHEST GUST SPEED    18   HIGHEST GUST DIRECTION     S (200)
  AVERAGE WIND SPEED     5.3


SKY COVER
  AVERAGE SKY COVER 0.4



RELATIVE HUMIDITY (PERCENT)
 HIGHEST    97           200 AM
 LOWEST     54           400 PM
 AVERAGE    76

..........................................................


THE QUINCY IL CLIMATE NORMALS FOR TODAY
                         NORMAL    RECORD    YEAR
 MAXIMUM TEMPERATURE (F)   71        88      2000
                                             1922
                                             1914
 MINIMUM TEMPERATURE (F)   51        31      1907


SUNRISE AND SUNSET
MAY 11 2016...........SUNRISE   553 AM CDT   SUNSET   810 PM CDT
MAY 12 2016...........SUNRISE   552 AM CDT   SUNSET   811 PM CDT


-  INDICATES NEGATIVE NUMBERS.
R  INDICATES RECORD WAS SET OR TIED.
MM INDICATES DATA IS MISSING.
T  INDICATES TRACE AMOUNT.




$$
