000
CDUS43 KLSX 090726
CLIUIN


CLIMATE REPORT
NATIONAL WEATHER SERVICE ST LOUIS MO
225 AM CDT TUE MAY 9 2017


...................................

...THE QUINCY IL CLIMATE SUMMARY FOR MAY 8 2017...

CLIMATE NORMAL PERIOD 1981 TO 2010
CLIMATE RECORD PERIOD 1901 TO 2017


WEATHER ITEM   OBSERVED TIME   RECORD YEAR NORMAL DEPARTURE LAST
                VALUE   (LST)  VALUE       VALUE  FROM      YEAR
                                                  NORMAL
..................................................................
TEMPERATURE (F)
 YESTERDAY
  MAXIMUM         77    556 PM  90    1979  70      7       68
                                      1934
  MINIMUM         52    512 AM  36    1954  50      2       56
  AVERAGE         65                        60      5

PRECIPITATION (IN)
  YESTERDAY        T             3.20 1909   0.13  -0.13     0.76
  MONTH TO DATE    0.19                      1.07  -0.88     0.87
  SINCE MAR 1     10.18                      7.22   2.96     5.29
  SINCE JAN 1     12.23                     10.62   1.61     5.91

DEGREE DAYS
 HEATING
  YESTERDAY        0                         6     -6
  MONTH TO DATE   76                        53     23
  SINCE MAR 1    946                      1141   -195
  SINCE JUL 1   4387                      5483  -1096

 COOLING
  YESTERDAY        0                         1     -1
  MONTH TO DATE    0                         8     -8
  SINCE MAR 1     32                        26      6
  SINCE JAN 1     32                        26      6
..................................................................


WIND (MPH)
  HIGHEST WIND SPEED    13   HIGHEST WIND DIRECTION    SE (130)
  HIGHEST GUST SPEED    16   HIGHEST GUST DIRECTION    SE (130)
  AVERAGE WIND SPEED     7.5


SKY COVER
  AVERAGE SKY COVER 0.1



RELATIVE HUMIDITY (PERCENT)
 HIGHEST    84          1100 PM
 LOWEST     54           400 PM
 AVERAGE    69

..........................................................


THE QUINCY IL CLIMATE NORMALS FOR TODAY
                         NORMAL    RECORD    YEAR
 MAXIMUM TEMPERATURE (F)   71        90      1963
                                             1934
                                             1928
 MINIMUM TEMPERATURE (F)   51        31      1966
                                             1960


SUNRISE AND SUNSET
MAY  9 2017...........SUNRISE   555 AM CDT   SUNSET   808 PM CDT
MAY 10 2017...........SUNRISE   554 AM CDT   SUNSET   809 PM CDT


-  INDICATES NEGATIVE NUMBERS.
R  INDICATES RECORD WAS SET OR TIED.
MM INDICATES DATA IS MISSING.
T  INDICATES TRACE AMOUNT.




$$
