000
CDUS43 KLSX 030730
CLIUIN


CLIMATE REPORT
NATIONAL WEATHER SERVICE ST LOUIS MO
130 AM CST WED FEB 3 2016


...................................

...THE QUINCY IL CLIMATE SUMMARY FOR FEBRUARY 2 2016...

CLIMATE NORMAL PERIOD 1981 TO 2010
CLIMATE RECORD PERIOD 1901 TO 2016


WEATHER ITEM   OBSERVED TIME   RECORD YEAR NORMAL DEPARTURE LAST
                VALUE   (LST)  VALUE       VALUE  FROM      YEAR
                                                  NORMAL
..................................................................
TEMPERATURE (F)
 YESTERDAY
  MAXIMUM         56    445 PM  68    1920  36     20       18
  MINIMUM         39    457 AM -20    1905  19     20        4
  AVERAGE         48                        28     20

PRECIPITATION (IN)
  YESTERDAY        0.10          0.59 1983   0.05   0.05      T
  MONTH TO DATE    0.10                      0.10   0.00     0.50
  SINCE DEC 1      6.32                      3.87   2.45     2.94
  SINCE JAN 1      0.50                      1.62  -1.12     1.63

DEGREE DAYS
 HEATING
  YESTERDAY       17                        37    -20
  MONTH TO DATE   40                        75    -35
  SINCE DEC 1   1949                      2361   -412
  SINCE JUL 1   2767                      3461   -694

 COOLING
  YESTERDAY        0                         0      0
  MONTH TO DATE    0                         0      0
  SINCE DEC 1      0                         0      0
  SINCE JAN 1      0                         0      0
..................................................................


WIND (MPH)
  HIGHEST WIND SPEED    38   HIGHEST WIND DIRECTION     E (110)
  HIGHEST GUST SPEED    44   HIGHEST GUST DIRECTION     E (110)
  AVERAGE WIND SPEED    12.7


SKY COVER
  AVERAGE SKY COVER 0.6



RELATIVE HUMIDITY (PERCENT)
 HIGHEST    93           200 PM
 LOWEST     65          1000 PM
 AVERAGE    79

..........................................................


THE QUINCY IL CLIMATE NORMALS FOR TODAY
                         NORMAL    RECORD    YEAR
 MAXIMUM TEMPERATURE (F)   36        66      1992
 MINIMUM TEMPERATURE (F)   20       -18      1996


SUNRISE AND SUNSET
FEBRUARY  3 2016......SUNRISE   712 AM CST   SUNSET   526 PM CST
FEBRUARY  4 2016......SUNRISE   711 AM CST   SUNSET   527 PM CST


-  INDICATES NEGATIVE NUMBERS.
R  INDICATES RECORD WAS SET OR TIED.
MM INDICATES DATA IS MISSING.
T  INDICATES TRACE AMOUNT.




$$
