000
CDUS43 KLSX 110728
CLIUIN


CLIMATE REPORT
NATIONAL WEATHER SERVICE ST LOUIS MO
227 AM CDT TUE JUL 11 2017


...................................

...THE QUINCY IL CLIMATE SUMMARY FOR JULY 10 2017...

CLIMATE NORMAL PERIOD 1981 TO 2010
CLIMATE RECORD PERIOD 1901 TO 2017


WEATHER ITEM   OBSERVED TIME   RECORD YEAR NORMAL DEPARTURE LAST
                VALUE   (LST)  VALUE       VALUE  FROM      YEAR
                                                  NORMAL
..................................................................
TEMPERATURE (F)
 YESTERDAY
  MAXIMUM         92    415 PM 106    1936  86      6       89
  MINIMUM         72    757 AM  53    1996  67      5       66
                                      1956
  AVERAGE         82                        76      6

PRECIPITATION (IN)
  YESTERDAY        0.01          3.36 1986   0.14  -0.13     0.03
  MONTH TO DATE    0.52                      1.33  -0.81     2.03
  SINCE JUN 1      3.95                      5.32  -1.37     3.05
  SINCE JAN 1     20.73                     19.41   1.32    11.73

DEGREE DAYS
 HEATING
  YESTERDAY        0                         0      0
  MONTH TO DATE    0                         0      0
  SINCE JUN 1      4                        16    -12
  SINCE JUL 1      0                         0      0

 COOLING
  YESTERDAY       17                        11      6
  MONTH TO DATE  126                       110     16
  SINCE JUN 1    397                       337     60
  SINCE JAN 1    506                       423     83
..................................................................


WIND (MPH)
  HIGHEST WIND SPEED    28   HIGHEST WIND DIRECTION    SW (210)
  HIGHEST GUST SPEED    37   HIGHEST GUST DIRECTION    SW (220)
  AVERAGE WIND SPEED    13.5


SKY COVER
  AVERAGE SKY COVER 0.3



RELATIVE HUMIDITY (PERCENT)
 HIGHEST    84           800 AM
 LOWEST     56           200 PM
 AVERAGE    70

..........................................................


THE QUINCY IL CLIMATE NORMALS FOR TODAY
                         NORMAL    RECORD    YEAR
 MAXIMUM TEMPERATURE (F)   86       106      1936
                                             1930
 MINIMUM TEMPERATURE (F)   67        53      1945


SUNRISE AND SUNSET
JULY 11 2017..........SUNRISE   546 AM CDT   SUNSET   834 PM CDT
JULY 12 2017..........SUNRISE   547 AM CDT   SUNSET   834 PM CDT


-  INDICATES NEGATIVE NUMBERS.
R  INDICATES RECORD WAS SET OR TIED.
MM INDICATES DATA IS MISSING.
T  INDICATES TRACE AMOUNT.




$$
