000
CDUS43 KLSX 202152
CLIUIN


CLIMATE REPORT
NATIONAL WEATHER SERVICE ST LOUIS MO
442 PM CDT WED MAY 20 2015


...................................

...THE QUINCY IL CLIMATE SUMMARY FOR MAY 20 2015...
VALID TODAY AS OF 0400 PM LOCAL TIME.

CLIMATE NORMAL PERIOD 1981 TO 2010
CLIMATE RECORD PERIOD 1901 TO 2015


WEATHER ITEM   OBSERVED TIME   RECORD YEAR NORMAL DEPARTURE LAST
                VALUE   (LST)  VALUE       VALUE  FROM      YEAR
                                                  NORMAL
..................................................................
TEMPERATURE (F)
 TODAY
  MAXIMUM         53    207 AM  94    1902  74    -21       84
  MINIMUM         46    242 PM  38    2002  54     -8       64
                                      1954
  AVERAGE         50                        64    -14       74

PRECIPITATION (IN)
  TODAY            0.20          2.42 1984   0.15   0.05     0.00
  MONTH TO DATE    2.23                      2.83  -0.60     1.83
  SINCE MAR 1      4.88                      8.98  -4.10     5.96
  SINCE JAN 1      6.92                     12.38  -5.46     8.08

DEGREE DAYS
 HEATING
  TODAY           15                         4     11
  MONTH TO DATE   70                       108    -38
  SINCE MAR 1   1058                      1196   -138
  SINCE JUL 1   5724                      5538    186

 COOLING
  TODAY            0                         2     -2
  MONTH TO DATE   66                        30     36
  SINCE MAR 1     72                        48     24
  SINCE JAN 1     72                        48     24
..................................................................


WIND (MPH)
  HIGHEST WIND SPEED    17   HIGHEST WIND DIRECTION    NE (40)
  HIGHEST GUST SPEED    24   HIGHEST GUST DIRECTION     E (80)
  AVERAGE WIND SPEED    10.1


SKY COVER
  AVERAGE SKY COVER 0.9



RELATIVE HUMIDITY (PERCENT)
 HIGHEST    86          1100 AM
 LOWEST     66          1200 AM
 AVERAGE    76

..........................................................


THE QUINCY IL CLIMATE NORMALS FOR TOMORROW
                         NORMAL    RECORD    YEAR
 MAXIMUM TEMPERATURE (F)   74        95      1925
 MINIMUM TEMPERATURE (F)   54        38      2002


SUNRISE AND SUNSET
MAY 20 2015...........SUNRISE   546 AM CDT   SUNSET   818 PM CDT
MAY 21 2015...........SUNRISE   545 AM CDT   SUNSET   818 PM CDT


-  INDICATES NEGATIVE NUMBERS.
R  INDICATES RECORD WAS SET OR TIED.
MM INDICATES DATA IS MISSING.
T  INDICATES TRACE AMOUNT.




$$
