000
CDUS43 KLSX 222131
CLIUIN


CLIMATE REPORT
NATIONAL WEATHER SERVICE ST LOUIS MO
431 PM CDT TUE JUL 22 2014


...................................

...THE QUINCY IL CLIMATE SUMMARY FOR JULY 22 2014...
VALID TODAY AS OF 0400 PM LOCAL TIME.

CLIMATE NORMAL PERIOD 1981 TO 2010
CLIMATE RECORD PERIOD 1901 TO 2014


WEATHER ITEM   OBSERVED TIME   RECORD YEAR NORMAL DEPARTURE LAST
                VALUE   (LST)  VALUE       VALUE  FROM      YEAR
                                                  NORMAL
..................................................................
TEMPERATURE (F)
 TODAY
  MAXIMUM         85    259 PM 111    1901  86     -1       89
  MINIMUM         70    511 AM  50    1947  66      4       65
  AVERAGE         78                        76      2       77

PRECIPITATION (IN)
  TODAY            0.02          4.62 1951   0.13  -0.11     0.00
  MONTH TO DATE    2.07                      2.94  -0.87     0.25
  SINCE JUN 1     10.22                      6.93   3.29     2.03
  SINCE JAN 1     18.63                     21.02  -2.39    27.27

DEGREE DAYS
 HEATING
  TODAY            0                         0      0
  MONTH TO DATE    5                         0      5
  SINCE JUN 1      9                        16     -7
  SINCE JUL 1      5                         0      5

 COOLING
  TODAY           13                        11      2
  MONTH TO DATE  149                       242    -93
  SINCE JUN 1    416                       469    -53
  SINCE JAN 1    559                       555      4
..................................................................


WIND (MPH)
  HIGHEST WIND SPEED    17   HIGHEST WIND DIRECTION     W (250)
  HIGHEST GUST SPEED    21   HIGHEST GUST DIRECTION    SW (240)
  AVERAGE WIND SPEED     8.5


SKY COVER
  AVERAGE SKY COVER 0.2



RELATIVE HUMIDITY (PERCENT)
 HIGHEST    90           500 AM
 LOWEST     74           300 PM
 AVERAGE    82

..........................................................


THE QUINCY IL CLIMATE NORMALS FOR TOMORROW
                         NORMAL    RECORD    YEAR
 MAXIMUM TEMPERATURE (F)   86       112      1934
 MINIMUM TEMPERATURE (F)   66        53      1947
                                             1904


SUNRISE AND SUNSET
JULY 22 2014..........SUNRISE   554 AM CDT   SUNSET   828 PM CDT
JULY 23 2014..........SUNRISE   555 AM CDT   SUNSET   827 PM CDT


-  INDICATES NEGATIVE NUMBERS.
R  INDICATES RECORD WAS SET OR TIED.
MM INDICATES DATA IS MISSING.
T  INDICATES TRACE AMOUNT.




$$
