000
CDUS43 KLSX 232127
CLIUIN


CLIMATE REPORT
NATIONAL WEATHER SERVICE ST LOUIS MO
426 PM CDT SAT AUG 23 2014


...................................

...THE QUINCY IL CLIMATE SUMMARY FOR AUGUST 23 2014...
VALID TODAY AS OF 0400 PM LOCAL TIME.

CLIMATE NORMAL PERIOD 1981 TO 2010
CLIMATE RECORD PERIOD 1901 TO 2014


WEATHER ITEM   OBSERVED TIME   RECORD YEAR NORMAL DEPARTURE LAST
                VALUE   (LST)  VALUE       VALUE  FROM      YEAR
                                                  NORMAL
..................................................................
TEMPERATURE (F)
 TODAY
  MAXIMUM         91    259 PM 103    1947  84      7       90
  MINIMUM         76    602 AM  48    1939  64     12       68
  AVERAGE         84                        74     10       79

PRECIPITATION (IN)
  TODAY            0.00          2.65 2002   0.11  -0.11     0.00
  MONTH TO DATE    5.48                      2.70   2.78     0.01
  SINCE JUN 1     16.52                     10.73   5.79     2.86
  SINCE JAN 1     24.93                     24.82   0.11    28.10

DEGREE DAYS
 HEATING
  TODAY            0                         0      0
  MONTH TO DATE    0                         0      0
  SINCE JUN 1      9                        16     -7
  SINCE JUL 1      5                         0      5

 COOLING
  TODAY           19                         9     10
  MONTH TO DATE  201                       231    -30
  SINCE JUN 1    666                       801   -135
  SINCE JAN 1    809                       887    -78
..................................................................


WIND (MPH)
  HIGHEST WIND SPEED    22   HIGHEST WIND DIRECTION    NW (330)
  HIGHEST GUST SPEED    29   HIGHEST GUST DIRECTION     N (340)
  AVERAGE WIND SPEED     6.9


SKY COVER
  AVERAGE SKY COVER 0.0



RELATIVE HUMIDITY (PERCENT)
 HIGHEST   100           600 AM
 LOWEST     56           300 PM
 AVERAGE    78

..........................................................


THE QUINCY IL CLIMATE NORMALS FOR TOMORROW
                         NORMAL    RECORD    YEAR
 MAXIMUM TEMPERATURE (F)   84       109      1936
 MINIMUM TEMPERATURE (F)   64        46      1942


SUNRISE AND SUNSET
AUGUST 23 2014........SUNRISE   624 AM CDT   SUNSET   750 PM CDT
AUGUST 24 2014........SUNRISE   625 AM CDT   SUNSET   748 PM CDT


-  INDICATES NEGATIVE NUMBERS.
R  INDICATES RECORD WAS SET OR TIED.
MM INDICATES DATA IS MISSING.
T  INDICATES TRACE AMOUNT.




$$
