284
CDUS43 KLSX 122227
CLIUIN


CLIMATE REPORT
NATIONAL WEATHER SERVICE ST LOUIS MO
527 PM CDT TUE SEP 12 2017


...................................

...THE QUINCY IL CLIMATE SUMMARY FOR SEPTEMBER 12 2017...
VALID TODAY AS OF 0500 PM LOCAL TIME.

CLIMATE NORMAL PERIOD 1981 TO 2010
CLIMATE RECORD PERIOD 1901 TO 2017


WEATHER ITEM   OBSERVED TIME   RECORD YEAR NORMAL DEPARTURE LAST
                VALUE   (LST)  VALUE       VALUE  FROM      YEAR
                                                  NORMAL
..................................................................
TEMPERATURE (F)
 TODAY
  MAXIMUM         77    359 PM  99    1927  79     -2       80
  MINIMUM         53    628 AM  35    1940  57     -4       56
  AVERAGE         65                        68     -3       68

PRECIPITATION (IN)
  TODAY            0.00          3.53 1977   0.10  -0.10     0.00
  MONTH TO DATE    0.00                      1.32  -1.32     2.97
  SINCE SEP 1      0.00                      1.32  -1.32     2.97
  SINCE JAN 1     26.15                     27.07  -0.92    26.66

DEGREE DAYS
 HEATING
  TODAY            0                         2     -2
  MONTH TO DATE   19                        12      7
  SINCE SEP 1     19                        12      7
  SINCE JUL 1     19                        17      2

 COOLING
  TODAY            0                         5     -5
  MONTH TO DATE   27                        72    -45
  SINCE SEP 1     27                        72    -45
  SINCE JAN 1   1022                      1025     -3
..................................................................


WIND (MPH)
  HIGHEST WIND SPEED    17   HIGHEST WIND DIRECTION    NE (60)
  HIGHEST GUST SPEED    23   HIGHEST GUST DIRECTION    NE (60)
  AVERAGE WIND SPEED     8.4


SKY COVER
  AVERAGE SKY COVER 0.0



RELATIVE HUMIDITY (PERCENT)
 HIGHEST    93           200 AM
 LOWEST     41           200 PM
 AVERAGE    67

..........................................................


THE QUINCY IL CLIMATE NORMALS FOR TOMORROW
                         NORMAL    RECORD    YEAR
 MAXIMUM TEMPERATURE (F)   78       100      1927
 MINIMUM TEMPERATURE (F)   57        33      1902


SUNRISE AND SUNSET
SEPTEMBER 12 2017.....SUNRISE   643 AM CDT   SUNSET   718 PM CDT
SEPTEMBER 13 2017.....SUNRISE   644 AM CDT   SUNSET   716 PM CDT


-  INDICATES NEGATIVE NUMBERS.
R  INDICATES RECORD WAS SET OR TIED.
MM INDICATES DATA IS MISSING.
T  INDICATES TRACE AMOUNT.




$$
