000
CDUS43 KLSX 022128
CLIUIN


CLIMATE REPORT
NATIONAL WEATHER SERVICE ST LOUIS MO
428 PM CDT WED JUL 2 2014


...................................

...THE QUINCY IL CLIMATE SUMMARY FOR JULY 2 2014...
VALID TODAY AS OF 0400 PM LOCAL TIME.

CLIMATE NORMAL PERIOD 1981 TO 2010
CLIMATE RECORD PERIOD 1901 TO 2014


WEATHER ITEM   OBSERVED TIME   RECORD YEAR NORMAL DEPARTURE LAST
                VALUE   (LST)  VALUE       VALUE  FROM      YEAR
                                                  NORMAL
..................................................................
TEMPERATURE (F)
 TODAY
  MAXIMUM         68   1240 AM 103    1934  85    -17       79
  MINIMUM         61   1135 AM  50    1959  66     -5       58
                                      1904
  AVERAGE         65                        76    -11       69

PRECIPITATION (IN)
  TODAY            T             2.64 1982   0.13  -0.13     0.00
  MONTH TO DATE    T                         0.26  -0.26     0.00
  SINCE JUN 1      8.15                      4.25   3.90     1.78
  SINCE JAN 1     16.56                     18.34  -1.78    27.02

DEGREE DAYS
 HEATING
  TODAY            0                         0      0
  MONTH TO DATE    0                         0      0
  SINCE JUN 1      4                        16    -12
  SINCE JUL 1      0                         0      0

 COOLING
  TODAY            0                        11    -11
  MONTH TO DATE   10                        22    -12
  SINCE JUN 1    277                       249     28
  SINCE JAN 1    420                       335     85
..................................................................


WIND (MPH)
  HIGHEST WIND SPEED    21   HIGHEST WIND DIRECTION    NW (300)
  HIGHEST GUST SPEED    28   HIGHEST GUST DIRECTION     W (290)
  AVERAGE WIND SPEED    11.3


SKY COVER
  AVERAGE SKY COVER 0.6



RELATIVE HUMIDITY (PERCENT)
 HIGHEST    84          1100 AM
 LOWEST     58           100 PM
 AVERAGE    71

..........................................................


THE QUINCY IL CLIMATE NORMALS FOR TOMORROW
                         NORMAL    RECORD    YEAR
 MAXIMUM TEMPERATURE (F)   86       104      1911
 MINIMUM TEMPERATURE (F)   66        51      1968


SUNRISE AND SUNSET
JULY  2 2014..........SUNRISE   540 AM CDT   SUNSET   837 PM CDT
JULY  3 2014..........SUNRISE   541 AM CDT   SUNSET   837 PM CDT


-  INDICATES NEGATIVE NUMBERS.
R  INDICATES RECORD WAS SET OR TIED.
MM INDICATES DATA IS MISSING.
T  INDICATES TRACE AMOUNT.




$$
