974
CDUS43 KLSX 260733
CLIUIN


CLIMATE REPORT
NATIONAL WEATHER SERVICE ST LOUIS MO
233 AM CDT TUE APR 26 2016


...................................

...THE QUINCY IL CLIMATE SUMMARY FOR APRIL 25 2016...

CLIMATE NORMAL PERIOD 1981 TO 2010
CLIMATE RECORD PERIOD 1901 TO 2016


WEATHER ITEM   OBSERVED TIME   RECORD YEAR NORMAL DEPARTURE LAST
                VALUE   (LST)  VALUE       VALUE  FROM      YEAR
                                                  NORMAL
..................................................................
TEMPERATURE (F)
 YESTERDAY
  MAXIMUM         80    147 PM  92    1986  67     13       56
  MINIMUM         63    600 AM  32    1934  46     17       47
  AVERAGE         72                        56     16

PRECIPITATION (IN)
  YESTERDAY        0.00          3.20 1904   0.13  -0.13     0.79
  MONTH TO DATE    1.62                      3.03  -1.41     1.70
  SINCE MAR 1      2.70                      5.49  -2.79     2.65
  SINCE JAN 1      3.32                      8.89  -5.57     4.69

DEGREE DAYS
 HEATING
  YESTERDAY        0                         9     -9
  MONTH TO DATE  286                       328    -42
  SINCE MAR 1    806                      1046   -240
  SINCE JUL 1   4403                      5388   -985

 COOLING
  YESTERDAY        7                         1      6
  MONTH TO DATE   19                        12      7
  SINCE MAR 1     21                        14      7
  SINCE JAN 1     21                        14      7
..................................................................


WIND (MPH)
  HIGHEST WIND SPEED    23   HIGHEST WIND DIRECTION    SW (210)
  HIGHEST GUST SPEED    30   HIGHEST GUST DIRECTION    SW (220)
  AVERAGE WIND SPEED    13.6


SKY COVER
  AVERAGE SKY COVER 0.3



RELATIVE HUMIDITY (PERCENT)
 HIGHEST    81          1000 PM
 LOWEST     54          1000 AM
 AVERAGE    68

..........................................................


THE QUINCY IL CLIMATE NORMALS FOR TODAY
                         NORMAL    RECORD    YEAR
 MAXIMUM TEMPERATURE (F)   67        90      1989
 MINIMUM TEMPERATURE (F)   47        29      1950
                                             1907


SUNRISE AND SUNSET
APRIL 26 2016.........SUNRISE   611 AM CDT   SUNSET   755 PM CDT
APRIL 27 2016.........SUNRISE   609 AM CDT   SUNSET   756 PM CDT


-  INDICATES NEGATIVE NUMBERS.
R  INDICATES RECORD WAS SET OR TIED.
MM INDICATES DATA IS MISSING.
T  INDICATES TRACE AMOUNT.




$$
