000
CDUS43 KLSX 150738
CLIUIN


CLIMATE REPORT
NATIONAL WEATHER SERVICE ST LOUIS MO
237 AM CDT WED OCT 15 2014


...................................

...THE QUINCY IL CLIMATE SUMMARY FOR OCTOBER 14 2014...

CLIMATE NORMAL PERIOD 1981 TO 2010
CLIMATE RECORD PERIOD 1901 TO 2014


WEATHER ITEM   OBSERVED TIME   RECORD YEAR NORMAL DEPARTURE LAST
                VALUE   (LST)  VALUE       VALUE  FROM      YEAR
                                                  NORMAL
..................................................................
TEMPERATURE (F)
 YESTERDAY
  MAXIMUM         61    127 AM  91    1938  66     -5       68
  MINIMUM         51   1120 PM  25    1917  45      6       42
  AVERAGE         56                        55      1

PRECIPITATION (IN)
  YESTERDAY        0.17          1.14 1975   0.09   0.08     0.02
  MONTH TO DATE    5.99                      1.38   4.61     0.38
  SINCE SEP 1     12.26                      4.68   7.58     2.18
  SINCE JAN 1     37.88                     30.43   7.45    30.28

DEGREE DAYS
 HEATING
  YESTERDAY        9                        10     -1
  MONTH TO DATE  131                       118     13
  SINCE SEP 1    218                       200     18
  SINCE JUL 1    223                       205     18

 COOLING
  YESTERDAY        0                         0      0
  MONTH TO DATE    0                        14    -14
  SINCE SEP 1     87                       137    -50
  SINCE JAN 1   1016                      1090    -74
..................................................................


WIND (MPH)
  HIGHEST WIND SPEED    23   HIGHEST WIND DIRECTION    NW (320)
  HIGHEST GUST SPEED    31   HIGHEST GUST DIRECTION    NW (320)
  AVERAGE WIND SPEED    12.8


SKY COVER
  AVERAGE SKY COVER 1.0



RELATIVE HUMIDITY (PERCENT)
 HIGHEST   100           600 AM
 LOWEST     89           400 PM
 AVERAGE    95

..........................................................


THE QUINCY IL CLIMATE NORMALS FOR TODAY
                         NORMAL    RECORD    YEAR
 MAXIMUM TEMPERATURE (F)   65        90      1938
 MINIMUM TEMPERATURE (F)   45        29      1952


SUNRISE AND SUNSET
OCTOBER 15 2014.......SUNRISE   715 AM CDT   SUNSET   625 PM CDT
OCTOBER 16 2014.......SUNRISE   716 AM CDT   SUNSET   624 PM CDT


-  INDICATES NEGATIVE NUMBERS.
R  INDICATES RECORD WAS SET OR TIED.
MM INDICATES DATA IS MISSING.
T  INDICATES TRACE AMOUNT.




$$
