000
CDUS43 KLSX 110731
CLIUIN


CLIMATE REPORT
NATIONAL WEATHER SERVICE ST LOUIS MO
130 AM CST SUN FEB 11 2018


...................................

...THE QUINCY IL CLIMATE SUMMARY FOR FEBRUARY 10 2018...

CLIMATE NORMAL PERIOD 1981 TO 2010
CLIMATE RECORD PERIOD 1901 TO 2018


WEATHER ITEM   OBSERVED TIME   RECORD YEAR NORMAL DEPARTURE LAST
                VALUE   (LST)  VALUE       VALUE  FROM      YEAR
                                                  NORMAL
..................................................................
TEMPERATURE (F)
 YESTERDAY
  MAXIMUM         22    350 PM  74    1932  37    -15       62
  MINIMUM         14   1159 PM -10    1982  21     -7       21
                                      1936
                                      1905
  AVERAGE         18                        29    -11

PRECIPITATION (IN)
  YESTERDAY        0.05          0.88 1939   0.07  -0.02     0.00
  MONTH TO DATE    0.08                      0.57  -0.49     0.09
  SINCE DEC 1      1.54                      4.34  -2.80     2.30
  SINCE JAN 1      1.37                      2.09  -0.72     1.27

DEGREE DAYS
 HEATING
  YESTERDAY       47                        36     11
  MONTH TO DATE  437                       367     70
  SINCE DEC 1   2734                      2653     81
  SINCE JUL 1   3681                      3753    -72

 COOLING
  YESTERDAY        0                         0      0
  MONTH TO DATE    0                         0      0
  SINCE DEC 1      0                         0      0
  SINCE JAN 1      0                         0      0
..................................................................


WIND (MPH)
  HIGHEST WIND SPEED    22   HIGHEST WIND DIRECTION     N (10)
  HIGHEST GUST SPEED    26   HIGHEST GUST DIRECTION     N (20)
  AVERAGE WIND SPEED    14.7


SKY COVER
  AVERAGE SKY COVER 1.0



RELATIVE HUMIDITY (PERCENT)
 HIGHEST    92           400 AM
 LOWEST     73           500 PM
 AVERAGE    83

..........................................................


THE QUINCY IL CLIMATE NORMALS FOR TODAY
                         NORMAL    RECORD    YEAR
 MAXIMUM TEMPERATURE (F)   38        70      1999
 MINIMUM TEMPERATURE (F)   21       -12      1981


SUNRISE AND SUNSET
FEBRUARY 11 2018......SUNRISE   702 AM CST   SUNSET   536 PM CST
FEBRUARY 12 2018......SUNRISE   701 AM CST   SUNSET   537 PM CST


-  INDICATES NEGATIVE NUMBERS.
R  INDICATES RECORD WAS SET OR TIED.
MM INDICATES DATA IS MISSING.
T  INDICATES TRACE AMOUNT.




$$
