000
CDUS43 KLSX 190726
CLIUIN


CLIMATE REPORT
NATIONAL WEATHER SERVICE ST LOUIS MO
125 AM CST MON JAN 19 2015


...................................

...THE QUINCY IL CLIMATE SUMMARY FOR JANUARY 18 2015...

CLIMATE NORMAL PERIOD 1981 TO 2010
CLIMATE RECORD PERIOD 1901 TO 2015


WEATHER ITEM   OBSERVED TIME   RECORD YEAR NORMAL DEPARTURE LAST
                VALUE   (LST)  VALUE       VALUE  FROM      YEAR
                                                  NORMAL
..................................................................
TEMPERATURE (F)
 YESTERDAY
  MAXIMUM         48    332 PM  64    1951  34     14       38
  MINIMUM         29   1154 PM -16    1930  18     11       11
  AVERAGE         39                        26     13

PRECIPITATION (IN)
  YESTERDAY        0.00          1.10 1996   0.05  -0.05     0.02
  MONTH TO DATE    0.55                      0.91  -0.36     0.63
  SINCE DEC 1      1.86                      3.16  -1.30     1.71
  SINCE JAN 1      0.55                      0.91  -0.36     0.63

DEGREE DAYS
 HEATING
  YESTERDAY       26                        39    -13
  MONTH TO DATE  756                       698     58
  SINCE DEC 1   1719                      1789    -70
  SINCE JUL 1   2996                      2889    107

 COOLING
  YESTERDAY        0                         0      0
  MONTH TO DATE    0                         0      0
  SINCE DEC 1      0                         0      0
  SINCE JAN 1      0                         0      0
..................................................................


WIND (MPH)
  HIGHEST WIND SPEED    15   HIGHEST WIND DIRECTION     W (260)
  HIGHEST GUST SPEED    20   HIGHEST GUST DIRECTION     W (270)
  AVERAGE WIND SPEED     8.1


SKY COVER
  AVERAGE SKY COVER 0.0



RELATIVE HUMIDITY (PERCENT)
 HIGHEST    82          1200 AM
 LOWEST     45           300 PM
 AVERAGE    64

..........................................................


THE QUINCY IL CLIMATE NORMALS FOR TODAY
                         NORMAL    RECORD    YEAR
 MAXIMUM TEMPERATURE (F)   34        67      1951
 MINIMUM TEMPERATURE (F)   18       -19      1985


SUNRISE AND SUNSET
JANUARY 19 2015.......SUNRISE   723 AM CST   SUNSET   508 PM CST
JANUARY 20 2015.......SUNRISE   722 AM CST   SUNSET   510 PM CST


-  INDICATES NEGATIVE NUMBERS.
R  INDICATES RECORD WAS SET OR TIED.
MM INDICATES DATA IS MISSING.
T  INDICATES TRACE AMOUNT.




$$
