000
CDUS43 KLSX 142227
CLIUIN


CLIMATE REPORT
NATIONAL WEATHER SERVICE ST LOUIS MO
527 PM CDT SUN MAY 14 2017


...................................

...THE QUINCY IL CLIMATE SUMMARY FOR MAY 14 2017...
VALID TODAY AS OF 0500 PM LOCAL TIME.

CLIMATE NORMAL PERIOD 1981 TO 2010
CLIMATE RECORD PERIOD 1901 TO 2017


WEATHER ITEM   OBSERVED TIME   RECORD YEAR NORMAL DEPARTURE LAST
                VALUE   (LST)  VALUE       VALUE  FROM      YEAR
                                                  NORMAL
..................................................................
TEMPERATURE (F)
 TODAY
  MAXIMUM         80    359 PM  94    1915  72      8       56
  MINIMUM         55    510 AM  35    1920  52      3       40
  AVERAGE         68                        62      6       48

PRECIPITATION (IN)
  TODAY            0.00          1.79 1970   0.15  -0.15     0.00
  MONTH TO DATE    0.88                      1.95  -1.07     1.63
  SINCE MAR 1     10.87                      8.10   2.77     6.05
  SINCE JAN 1     12.92                     11.50   1.42     6.67

DEGREE DAYS
 HEATING
  TODAY            0                         5     -5
  MONTH TO DATE   81                        84     -3
  SINCE MAR 1    951                      1172   -221
  SINCE JUL 1   4392                      5514  -1122

 COOLING
  TODAY            3                         2      1
  MONTH TO DATE   20                        18      2
  SINCE MAR 1     52                        36     16
  SINCE JAN 1     52                        36     16
..................................................................


WIND (MPH)
  HIGHEST WIND SPEED    20   HIGHEST WIND DIRECTION    SW (210)
  HIGHEST GUST SPEED    27   HIGHEST GUST DIRECTION     W (250)
  AVERAGE WIND SPEED    10.2


SKY COVER
  AVERAGE SKY COVER 0.0



RELATIVE HUMIDITY (PERCENT)
 HIGHEST    87           600 AM
 LOWEST     36           200 PM
 AVERAGE    62

..........................................................


THE QUINCY IL CLIMATE NORMALS FOR TOMORROW
                         NORMAL    RECORD    YEAR
 MAXIMUM TEMPERATURE (F)   72        93      1944
 MINIMUM TEMPERATURE (F)   53        35      1959


SUNRISE AND SUNSET
MAY 14 2017...........SUNRISE   550 AM CDT   SUNSET   812 PM CDT
MAY 15 2017...........SUNRISE   549 AM CDT   SUNSET   813 PM CDT


-  INDICATES NEGATIVE NUMBERS.
R  INDICATES RECORD WAS SET OR TIED.
MM INDICATES DATA IS MISSING.
T  INDICATES TRACE AMOUNT.




$$
