000
CDUS43 KLSX 140730
CLIUIN


CLIMATE REPORT
NATIONAL WEATHER SERVICE ST LOUIS MO
229 AM CDT SAT OCT 14 2017


...................................

...THE QUINCY IL CLIMATE SUMMARY FOR OCTOBER 13 2017...

CLIMATE NORMAL PERIOD 1981 TO 2010
CLIMATE RECORD PERIOD 1901 TO 2017


WEATHER ITEM   OBSERVED TIME   RECORD YEAR NORMAL DEPARTURE LAST
                VALUE   (LST)  VALUE       VALUE  FROM      YEAR
                                                  NORMAL
..................................................................
TEMPERATURE (F)
 YESTERDAY
  MAXIMUM         78    328 PM  87    1975  66     12       59
  MINIMUM         53    311 AM  22    1909  45      8       34
  AVERAGE         66                        56     10

PRECIPITATION (IN)
  YESTERDAY        0.00          1.93 1974   0.09  -0.09     0.00
  MONTH TO DATE    2.81                      1.29   1.52     1.19
  SINCE SEP 1      3.48                      4.59  -1.11     4.28
  SINCE JAN 1     29.63                     30.34  -0.71    27.97

DEGREE DAYS
 HEATING
  YESTERDAY        0                        10    -10
  MONTH TO DATE   27                       108    -81
  SINCE SEP 1     58                       190   -132
  SINCE JUL 1     58                       195   -137

 COOLING
  YESTERDAY        1                         1      0
  MONTH TO DATE   35                        14     21
  SINCE SEP 1    215                       137     78
  SINCE JAN 1   1210                      1090    120
..................................................................


WIND (MPH)
  HIGHEST WIND SPEED    17   HIGHEST WIND DIRECTION     S (160)
  HIGHEST GUST SPEED    22   HIGHEST GUST DIRECTION     S (160)
  AVERAGE WIND SPEED     9.3


SKY COVER
  AVERAGE SKY COVER 0.4



RELATIVE HUMIDITY (PERCENT)
 HIGHEST    93           200 AM
 LOWEST     54           300 PM
 AVERAGE    74

..........................................................


THE QUINCY IL CLIMATE NORMALS FOR TODAY
                         NORMAL    RECORD    YEAR
 MAXIMUM TEMPERATURE (F)   66        91      1938
 MINIMUM TEMPERATURE (F)   45        25      1917


SUNRISE AND SUNSET
OCTOBER 14 2017.......SUNRISE   714 AM CDT   SUNSET   626 PM CDT
OCTOBER 15 2017.......SUNRISE   716 AM CDT   SUNSET   625 PM CDT


-  INDICATES NEGATIVE NUMBERS.
R  INDICATES RECORD WAS SET OR TIED.
MM INDICATES DATA IS MISSING.
T  INDICATES TRACE AMOUNT.




$$
