000
CDUS43 KLSX 270729
CLIUIN


CLIMATE REPORT
NATIONAL WEATHER SERVICE ST LOUIS MO
128 AM CST SAT JAN 27 2018


...................................

...THE QUINCY IL CLIMATE SUMMARY FOR JANUARY 26 2018...

CLIMATE NORMAL PERIOD 1981 TO 2010
CLIMATE RECORD PERIOD 1901 TO 2018


WEATHER ITEM   OBSERVED TIME   RECORD YEAR NORMAL DEPARTURE LAST
                VALUE   (LST)  VALUE       VALUE  FROM      YEAR
                                                  NORMAL
..................................................................
TEMPERATURE (F)
 YESTERDAY
  MAXIMUM         59    220 PM  62    2002  35     24       32
                                      1911
  MINIMUM         42    504 AM -16    1904  19     23       29
  AVERAGE         51                        27     24

PRECIPITATION (IN)
  YESTERDAY        T             1.12 1974   0.04  -0.04     0.00
  MONTH TO DATE    1.29                      1.28   0.01     1.18
  SINCE DEC 1      1.46                      3.53  -2.07     2.21
  SINCE JAN 1      1.29                      1.28   0.01     1.18

DEGREE DAYS
 HEATING
  YESTERDAY       14                        38    -24
  MONTH TO DATE 1062                      1008     54
  SINCE DEC 1   2144                      2099     45
  SINCE JUL 1   3091                      3199   -108

 COOLING
  YESTERDAY        0                         0      0
  MONTH TO DATE    0                         0      0
  SINCE DEC 1      0                         0      0
  SINCE JAN 1      0                         0      0
..................................................................


WIND (MPH)
  HIGHEST WIND SPEED    28   HIGHEST WIND DIRECTION     S (190)
  HIGHEST GUST SPEED    39   HIGHEST GUST DIRECTION     S (200)
  AVERAGE WIND SPEED    17.2


SKY COVER
  AVERAGE SKY COVER 0.4



RELATIVE HUMIDITY (PERCENT)
 HIGHEST    54          1100 PM
 LOWEST     35           100 PM
 AVERAGE    45

..........................................................


THE QUINCY IL CLIMATE NORMALS FOR TODAY
                         NORMAL    RECORD    YEAR
 MAXIMUM TEMPERATURE (F)   35        65      1968
                                             1944
 MINIMUM TEMPERATURE (F)   19       -16      1936


SUNRISE AND SUNSET
JANUARY 27 2018.......SUNRISE   717 AM CST   SUNSET   518 PM CST
JANUARY 28 2018.......SUNRISE   717 AM CST   SUNSET   519 PM CST


-  INDICATES NEGATIVE NUMBERS.
R  INDICATES RECORD WAS SET OR TIED.
MM INDICATES DATA IS MISSING.
T  INDICATES TRACE AMOUNT.




$$
