000
CDUS43 KLSX 172233
CLIUIN


CLIMATE REPORT
NATIONAL WEATHER SERVICE ST LOUIS MO
433 PM CST SAT JAN 17 2015


...................................

...THE QUINCY IL CLIMATE SUMMARY FOR JANUARY 17 2015...
VALID TODAY AS OF 0400 PM LOCAL TIME.

CLIMATE NORMAL PERIOD 1981 TO 2010
CLIMATE RECORD PERIOD 1901 TO 2015


WEATHER ITEM   OBSERVED TIME   RECORD YEAR NORMAL DEPARTURE LAST
                VALUE   (LST)  VALUE       VALUE  FROM      YEAR
                                                  NORMAL
..................................................................
TEMPERATURE (F)
 TODAY
  MAXIMUM         51   1104 AM  63    1996  34     17       20
  MINIMUM         39    739 AM -19    1977  18     21        8
  AVERAGE         45                        26     19       14

PRECIPITATION (IN)
  TODAY            0.00          0.80 1941   0.05  -0.05      T
  MONTH TO DATE    0.55                      0.86  -0.31     0.61
  SINCE DEC 1      1.86                      3.11  -1.25     1.69
  SINCE JAN 1      0.55                      0.86  -0.31     0.61

DEGREE DAYS
 HEATING
  TODAY           20                        39    -19
  MONTH TO DATE  729                       659     70
  SINCE DEC 1   1692                      1750    -58
  SINCE JUL 1   2969                      2850    119

 COOLING
  TODAY            0                         0      0
  MONTH TO DATE    0                         0      0
  SINCE DEC 1      0                         0      0
  SINCE JAN 1      0                         0      0
..................................................................


WIND (MPH)
  HIGHEST WIND SPEED    23   HIGHEST WIND DIRECTION    SW (240)
  HIGHEST GUST SPEED    32   HIGHEST GUST DIRECTION     W (250)
  AVERAGE WIND SPEED    15.6


SKY COVER
  AVERAGE SKY COVER 0.0



RELATIVE HUMIDITY (PERCENT)
 HIGHEST    64          1200 AM
 LOWEST     50          1100 AM
 AVERAGE    57

..........................................................


THE QUINCY IL CLIMATE NORMALS FOR TOMORROW
                         NORMAL    RECORD    YEAR
 MAXIMUM TEMPERATURE (F)   34        64      1951
 MINIMUM TEMPERATURE (F)   18       -16      1930


SUNRISE AND SUNSET
JANUARY 17 2015.......SUNRISE   724 AM CST   SUNSET   506 PM CST
JANUARY 18 2015.......SUNRISE   723 AM CST   SUNSET   507 PM CST


-  INDICATES NEGATIVE NUMBERS.
R  INDICATES RECORD WAS SET OR TIED.
MM INDICATES DATA IS MISSING.
T  INDICATES TRACE AMOUNT.




$$
