000
CDUS43 KLSX 280732
CLIUIN


CLIMATE REPORT
NATIONAL WEATHER SERVICE ST LOUIS MO
131 AM CST SAT JAN 28 2017


...................................

...THE QUINCY IL CLIMATE SUMMARY FOR JANUARY 27 2017...

CLIMATE NORMAL PERIOD 1981 TO 2010
CLIMATE RECORD PERIOD 1901 TO 2017


WEATHER ITEM   OBSERVED TIME   RECORD YEAR NORMAL DEPARTURE LAST
                VALUE   (LST)  VALUE       VALUE  FROM      YEAR
                                                  NORMAL
..................................................................
TEMPERATURE (F)
 YESTERDAY
  MAXIMUM         34    352 PM  65    1968  35     -1       39
                                      1944
  MINIMUM         25   1217 PM -16    1936  19      6       26
  AVERAGE         30                        27      3

PRECIPITATION (IN)
  YESTERDAY        0.00          1.23 1916   0.05  -0.05     0.00
  MONTH TO DATE    1.18                      1.33  -0.15     0.40
  SINCE DEC 1      2.21                      3.58  -1.37     6.22
  SINCE JAN 1      1.18                      1.33  -0.15     0.40

DEGREE DAYS
 HEATING
  YESTERDAY       35                        38     -3
  MONTH TO DATE  908                      1046   -138
  SINCE DEC 1   2021                      2137   -116
  SINCE JUL 1   2709                      3237   -528

 COOLING
  YESTERDAY        0                         0      0
  MONTH TO DATE    0                         0      0
  SINCE DEC 1      0                         0      0
  SINCE JAN 1      0                         0      0
..................................................................


WIND (MPH)
  HIGHEST WIND SPEED    21   HIGHEST WIND DIRECTION    NW (310)
  HIGHEST GUST SPEED    25   HIGHEST GUST DIRECTION     W (250)
  AVERAGE WIND SPEED    11.0


SKY COVER
  AVERAGE SKY COVER 0.6



RELATIVE HUMIDITY (PERCENT)
 HIGHEST    81           400 AM
 LOWEST     53           200 PM
 AVERAGE    67

..........................................................


THE QUINCY IL CLIMATE NORMALS FOR TODAY
                         NORMAL    RECORD    YEAR
 MAXIMUM TEMPERATURE (F)   35        66      2013
 MINIMUM TEMPERATURE (F)   19       -15      1915


SUNRISE AND SUNSET
JANUARY 28 2017.......SUNRISE   716 AM CST   SUNSET   520 PM CST
JANUARY 29 2017.......SUNRISE   716 AM CST   SUNSET   521 PM CST


-  INDICATES NEGATIVE NUMBERS.
R  INDICATES RECORD WAS SET OR TIED.
MM INDICATES DATA IS MISSING.
T  INDICATES TRACE AMOUNT.




$$
