700
CDUS43 KLSX 172226
CLIUIN


CLIMATE REPORT
NATIONAL WEATHER SERVICE ST LOUIS MO
526 PM CDT SUN JUL 17 2016


...................................

...THE QUINCY IL CLIMATE SUMMARY FOR JULY 17 2016...
VALID TODAY AS OF 0500 PM LOCAL TIME.

CLIMATE NORMAL PERIOD 1981 TO 2010
CLIMATE RECORD PERIOD 1901 TO 2016


WEATHER ITEM   OBSERVED TIME   RECORD YEAR NORMAL DEPARTURE LAST
                VALUE   (LST)  VALUE       VALUE  FROM      YEAR
                                                  NORMAL
..................................................................
TEMPERATURE (F)
 TODAY
  MAXIMUM         91    350 PM 104    1936  86      5       93
  MINIMUM         71    248 AM  54    1941  67      4       75
                                      1911
  AVERAGE         81                        76      5       84

PRECIPITATION (IN)
  TODAY            0.08          1.88 1972   0.13  -0.05     0.00
  MONTH TO DATE    3.21                      2.29   0.92     6.22
  SINCE JUN 1      4.23                      6.28  -2.05    14.75
  SINCE JAN 1     12.91                     20.37  -7.46    23.43

DEGREE DAYS
 HEATING
  TODAY            0                         0      0
  MONTH TO DATE    6                         0      6
  SINCE JUN 1      6                        16    -10
  SINCE JUL 1      6                         0      6

 COOLING
  TODAY           16                        11      5
  MONTH TO DATE  172                       187    -15
  SINCE JUN 1    529                       414    115
  SINCE JAN 1    633                       500    133
..................................................................


WIND (MPH)
  HIGHEST WIND SPEED    21   HIGHEST WIND DIRECTION     S (200)
  HIGHEST GUST SPEED    26   HIGHEST GUST DIRECTION     S (200)
  AVERAGE WIND SPEED     9.3


SKY COVER
  AVERAGE SKY COVER 0.3



RELATIVE HUMIDITY (PERCENT)
 HIGHEST    93           700 AM
 LOWEST     64           100 PM
 AVERAGE    79

..........................................................


THE QUINCY IL CLIMATE NORMALS FOR TOMORROW
                         NORMAL    RECORD    YEAR
 MAXIMUM TEMPERATURE (F)   86       108      1934
 MINIMUM TEMPERATURE (F)   67        55      1911
                                             1910
                                             1906


SUNRISE AND SUNSET
JULY 17 2016..........SUNRISE   551 AM CDT   SUNSET   831 PM CDT
JULY 18 2016..........SUNRISE   552 AM CDT   SUNSET   830 PM CDT


-  INDICATES NEGATIVE NUMBERS.
R  INDICATES RECORD WAS SET OR TIED.
MM INDICATES DATA IS MISSING.
T  INDICATES TRACE AMOUNT.




$$
