000
CDUS43 KLSX 082144
CLIUIN


CLIMATE REPORT
NATIONAL WEATHER SERVICE ST LOUIS MO
442 PM CDT TUE AUG 8 2017


...................................

...THE QUINCY IL CLIMATE SUMMARY FOR AUGUST 8 2017...
VALID TODAY AS OF 0400 PM LOCAL TIME.

CLIMATE NORMAL PERIOD 1981 TO 2010
CLIMATE RECORD PERIOD 1901 TO 2017


WEATHER ITEM   OBSERVED TIME   RECORD YEAR NORMAL DEPARTURE LAST
                VALUE   (LST)  VALUE       VALUE  FROM      YEAR
                                                  NORMAL
..................................................................
TEMPERATURE (F)
 TODAY
  MAXIMUM         81    202 PM 110    1934  85     -4       82
  MINIMUM         56    545 AM  49    1904  65     -9       68
  AVERAGE         69                        75     -6       75

PRECIPITATION (IN)
  TODAY            0.00          5.00 1943   0.12  -0.12     0.00
  MONTH TO DATE    0.60                      0.96  -0.36     2.20
  SINCE JUN 1      5.66                      8.99  -3.33     9.92
  SINCE JAN 1     22.44                     23.08  -0.64    18.60

DEGREE DAYS
 HEATING
  TODAY            0                         0      0
  MONTH TO DATE    0                         0      0
  SINCE JUN 1      4                        16    -12
  SINCE JUL 1      0                         0      0

 COOLING
  TODAY            4                        10     -6
  MONTH TO DATE   47                        85    -38
  SINCE JUN 1    736                       655     81
  SINCE JAN 1    845                       741    104
..................................................................


WIND (MPH)
  HIGHEST WIND SPEED    14   HIGHEST WIND DIRECTION     E (80)
  HIGHEST GUST SPEED    18   HIGHEST GUST DIRECTION     E (100)
  AVERAGE WIND SPEED     6.8


SKY COVER
  AVERAGE SKY COVER 0.0



RELATIVE HUMIDITY (PERCENT)
 HIGHEST    93           200 AM
 LOWEST     30           200 PM
 AVERAGE    62

..........................................................


THE QUINCY IL CLIMATE NORMALS FOR TOMORROW
                         NORMAL    RECORD    YEAR
 MAXIMUM TEMPERATURE (F)   85       111      1934
 MINIMUM TEMPERATURE (F)   65        52      1972
                                             1939
                                             1922


SUNRISE AND SUNSET
AUGUST  8 2017........SUNRISE   610 AM CDT   SUNSET   810 PM CDT
AUGUST  9 2017........SUNRISE   611 AM CDT   SUNSET   809 PM CDT


-  INDICATES NEGATIVE NUMBERS.
R  INDICATES RECORD WAS SET OR TIED.
MM INDICATES DATA IS MISSING.
T  INDICATES TRACE AMOUNT.




$$
