000
CDUS43 KLSX 120733
CLIUIN


CLIMATE REPORT
NATIONAL WEATHER SERVICE ST LOUIS MO
233 AM CDT FRI SEP 12 2014


...................................

...THE QUINCY IL CLIMATE SUMMARY FOR SEPTEMBER 11 2014...

CLIMATE NORMAL PERIOD 1981 TO 2010
CLIMATE RECORD PERIOD 1901 TO 2014


WEATHER ITEM   OBSERVED TIME   RECORD YEAR NORMAL DEPARTURE LAST
                VALUE   (LST)  VALUE       VALUE  FROM      YEAR
                                                  NORMAL
..................................................................
TEMPERATURE (F)
 YESTERDAY
  MAXIMUM         58   1217 AM  99    1936  79    -21       97
  MINIMUM         51    808 PM  41    1940  58     -7       69
                                      1917
  AVERAGE         55                        68    -13

PRECIPITATION (IN)
  YESTERDAY        T             3.10 2006   0.11  -0.11     0.18
  MONTH TO DATE    5.10                      1.22   3.88     0.29
  SINCE SEP 1      5.10                      1.22   3.88     0.29
  SINCE JAN 1     30.72                     26.97   3.75    28.39

DEGREE DAYS
 HEATING
  YESTERDAY       10                         1      9
  MONTH TO DATE   11                        10      1
  SINCE SEP 1     11                        10      1
  SINCE JUL 1     16                        15      1

 COOLING
  YESTERDAY        0                         5     -5
  MONTH TO DATE   49                        67    -18
  SINCE SEP 1     49                        67    -18
  SINCE JAN 1    978                      1020    -42
..................................................................


WIND (MPH)
  HIGHEST WIND SPEED    17   HIGHEST WIND DIRECTION     N (340)
  HIGHEST GUST SPEED    22   HIGHEST GUST DIRECTION    NW (320)
  AVERAGE WIND SPEED    10.3


SKY COVER
  AVERAGE SKY COVER 0.9



RELATIVE HUMIDITY (PERCENT)
 HIGHEST    93           100 AM
 LOWEST     71          1000 PM
 AVERAGE    82

..........................................................


THE QUINCY IL CLIMATE NORMALS FOR TODAY
                         NORMAL    RECORD    YEAR
 MAXIMUM TEMPERATURE (F)   79        99      1927
 MINIMUM TEMPERATURE (F)   57        35      1940


SUNRISE AND SUNSET
SEPTEMBER 12 2014.....SUNRISE   643 AM CDT   SUNSET   718 PM CDT
SEPTEMBER 13 2014.....SUNRISE   644 AM CDT   SUNSET   717 PM CDT


-  INDICATES NEGATIVE NUMBERS.
R  INDICATES RECORD WAS SET OR TIED.
MM INDICATES DATA IS MISSING.
T  INDICATES TRACE AMOUNT.




$$
