000
CDUS43 KLSX 190744
CLIUIN


CLIMATE REPORT
NATIONAL WEATHER SERVICE ST LOUIS MO
243 AM CDT TUE AUG 19 2014


...................................

...THE QUINCY IL CLIMATE SUMMARY FOR AUGUST 18 2014...

CLIMATE NORMAL PERIOD 1981 TO 2010
CLIMATE RECORD PERIOD 1901 TO 2014


WEATHER ITEM   OBSERVED TIME   RECORD YEAR NORMAL DEPARTURE LAST
                VALUE   (LST)  VALUE       VALUE  FROM      YEAR
                                                  NORMAL
..................................................................
TEMPERATURE (F)
 YESTERDAY
  MAXIMUM         84    330 PM 104    1936  85     -1       83
  MINIMUM         66    143 AM  50    2012  65      1       55
  AVERAGE         75                        75      0

PRECIPITATION (IN)
  YESTERDAY        0.00          1.94 1906   0.12  -0.12     0.00
  MONTH TO DATE    5.23                      2.13   3.10     0.01
  SINCE JUN 1     16.27                     10.16   6.11     2.86
  SINCE JAN 1     24.68                     24.25   0.43    28.10

DEGREE DAYS
 HEATING
  YESTERDAY        0                         0      0
  MONTH TO DATE    0                         0      0
  SINCE JUN 1      9                        16     -7
  SINCE JUL 1      5                         0      5

 COOLING
  YESTERDAY       10                        10      0
  MONTH TO DATE  125                       185    -60
  SINCE JUN 1    590                       755   -165
  SINCE JAN 1    733                       841   -108
..................................................................


WIND (MPH)
  HIGHEST WIND SPEED     9   HIGHEST WIND DIRECTION    SW (230)
  HIGHEST GUST SPEED    12   HIGHEST GUST DIRECTION    SW (210)
  AVERAGE WIND SPEED     4.1


SKY COVER
  AVERAGE SKY COVER 0.5



RELATIVE HUMIDITY (PERCENT)
 HIGHEST   100          1200 AM
 LOWEST     58           100 PM
 AVERAGE    79

..........................................................


THE QUINCY IL CLIMATE NORMALS FOR TODAY
                         NORMAL    RECORD    YEAR
 MAXIMUM TEMPERATURE (F)   85       106      1936
 MINIMUM TEMPERATURE (F)   64        46      1950


SUNRISE AND SUNSET
AUGUST 19 2014........SUNRISE   620 AM CDT   SUNSET   756 PM CDT
AUGUST 20 2014........SUNRISE   621 AM CDT   SUNSET   754 PM CDT


-  INDICATES NEGATIVE NUMBERS.
R  INDICATES RECORD WAS SET OR TIED.
MM INDICATES DATA IS MISSING.
T  INDICATES TRACE AMOUNT.




$$
