000
CDUS43 KLSX 262129
CLIUIN


CLIMATE REPORT
NATIONAL WEATHER SERVICE ST LOUIS MO
428 PM CDT TUE APR 26 2016


...................................

...THE QUINCY IL CLIMATE SUMMARY FOR APRIL 26 2016...
VALID TODAY AS OF 0400 PM LOCAL TIME.

CLIMATE NORMAL PERIOD 1981 TO 2010
CLIMATE RECORD PERIOD 1901 TO 2016


WEATHER ITEM   OBSERVED TIME   RECORD YEAR NORMAL DEPARTURE LAST
                VALUE   (LST)  VALUE       VALUE  FROM      YEAR
                                                  NORMAL
..................................................................
TEMPERATURE (F)
 TODAY
  MAXIMUM         66   1226 AM  90    1989  67     -1       61
  MINIMUM         57   1215 PM  29    1950  47     10       39
                                      1907
  AVERAGE         62                        57      5       50

PRECIPITATION (IN)
  TODAY            0.52          0.83 1921   0.14   0.38     0.00
  MONTH TO DATE    2.14                      3.17  -1.03     1.70
  SINCE MAR 1      3.22                      5.63  -2.41     2.65
  SINCE JAN 1      3.84                      9.03  -5.19     4.69

DEGREE DAYS
 HEATING
  TODAY            3                         9     -6
  MONTH TO DATE  289                       337    -48
  SINCE MAR 1    809                      1055   -246
  SINCE JUL 1   4406                      5397   -991

 COOLING
  TODAY            0                         1     -1
  MONTH TO DATE   19                        13      6
  SINCE MAR 1     21                        15      6
  SINCE JAN 1     21                        15      6
..................................................................


WIND (MPH)
  HIGHEST WIND SPEED    36   HIGHEST WIND DIRECTION     E (110)
  HIGHEST GUST SPEED    46   HIGHEST GUST DIRECTION     E (110)
  AVERAGE WIND SPEED     8.5


SKY COVER
  AVERAGE SKY COVER 0.3



RELATIVE HUMIDITY (PERCENT)
 HIGHEST    93           200 AM
 LOWEST     72           700 AM
 AVERAGE    83

..........................................................


THE QUINCY IL CLIMATE NORMALS FOR TOMORROW
                         NORMAL    RECORD    YEAR
 MAXIMUM TEMPERATURE (F)   67        90      1914
 MINIMUM TEMPERATURE (F)   47        32      1967


SUNRISE AND SUNSET
APRIL 26 2016.........SUNRISE   611 AM CDT   SUNSET   755 PM CDT
APRIL 27 2016.........SUNRISE   609 AM CDT   SUNSET   756 PM CDT


-  INDICATES NEGATIVE NUMBERS.
R  INDICATES RECORD WAS SET OR TIED.
MM INDICATES DATA IS MISSING.
T  INDICATES TRACE AMOUNT.




$$
