000
CDUS43 KLSX 190745
CLIUIN


CLIMATE REPORT
NATIONAL WEATHER SERVICE ST LOUIS MO
245 AM CDT THU MAR 19 2015


...................................

...THE QUINCY IL CLIMATE SUMMARY FOR MARCH 18 2015...

CLIMATE NORMAL PERIOD 1981 TO 2010
CLIMATE RECORD PERIOD 1901 TO 2015


WEATHER ITEM   OBSERVED TIME   RECORD YEAR NORMAL DEPARTURE LAST
                VALUE   (LST)  VALUE       VALUE  FROM      YEAR
                                                  NORMAL
..................................................................
TEMPERATURE (F)
 YESTERDAY
  MAXIMUM         48   1248 PM  81    2012  52     -4       60
  MINIMUM         31    522 AM   6    1960  33     -2       30
  AVERAGE         40                        43     -3

PRECIPITATION (IN)
  YESTERDAY        0.00          1.24 1992   0.08  -0.08      T
  MONTH TO DATE    0.20                      1.37  -1.17     0.21
  SINCE MAR 1      0.20                      1.37  -1.17     0.21
  SINCE JAN 1      2.24                      4.77  -2.53     2.33

DEGREE DAYS
 HEATING
  YESTERDAY       25                        22      3
  MONTH TO DATE  436                       463    -27
  SINCE MAR 1    436                       463    -27
  SINCE JUL 1   5102                      4805    297

 COOLING
  YESTERDAY        0                         0      0
  MONTH TO DATE    0                         0      0
  SINCE MAR 1      0                         0      0
  SINCE JAN 1      0                         0      0
..................................................................


WIND (MPH)
  HIGHEST WIND SPEED    16   HIGHEST WIND DIRECTION    SE (130)
  HIGHEST GUST SPEED    22   HIGHEST GUST DIRECTION    SE (140)
  AVERAGE WIND SPEED     7.3


SKY COVER
  AVERAGE SKY COVER 0.5



RELATIVE HUMIDITY (PERCENT)
 HIGHEST    64           200 AM
 LOWEST     31           100 PM
 AVERAGE    48

..........................................................


THE QUINCY IL CLIMATE NORMALS FOR TODAY
                         NORMAL    RECORD    YEAR
 MAXIMUM TEMPERATURE (F)   53        80      2012
 MINIMUM TEMPERATURE (F)   34        -2      1923


SUNRISE AND SUNSET
MARCH 19 2015.........SUNRISE   710 AM CDT   SUNSET   716 PM CDT
MARCH 20 2015.........SUNRISE   709 AM CDT   SUNSET   717 PM CDT


-  INDICATES NEGATIVE NUMBERS.
R  INDICATES RECORD WAS SET OR TIED.
MM INDICATES DATA IS MISSING.
T  INDICATES TRACE AMOUNT.




$$
