000
CDUS43 KLSX 150731
CLIUIN


CLIMATE REPORT
NATIONAL WEATHER SERVICE ST LOUIS MO
229 AM CDT THU JUN 15 2017


...................................

...THE QUINCY IL CLIMATE SUMMARY FOR JUNE 14 2017...

CLIMATE NORMAL PERIOD 1981 TO 2010
CLIMATE RECORD PERIOD 1901 TO 2017


WEATHER ITEM   OBSERVED TIME   RECORD YEAR NORMAL DEPARTURE LAST
                VALUE   (LST)  VALUE       VALUE  FROM      YEAR
                                                  NORMAL
..................................................................
TEMPERATURE (F)
 YESTERDAY
  MAXIMUM         90   1153 AM  99    1922  82      8       93
  MINIMUM         67   1159 PM  43    1942  62      5       72
  AVERAGE         79                        72      7

PRECIPITATION (IN)
  YESTERDAY        1.00          5.84 1950   0.13   0.87     0.00
  MONTH TO DATE    1.00                      1.96  -0.96     0.21
  SINCE JUN 1      1.00                      1.96  -0.96     0.21
  SINCE JAN 1     17.78                     16.05   1.73     8.89

DEGREE DAYS
 HEATING
  YESTERDAY        0                         0      0
  MONTH TO DATE    0                        14    -14
  SINCE JUN 1      0                        14    -14
  SINCE JUL 1   4433                      5580  -1147

 COOLING
  YESTERDAY       14                         7      7
  MONTH TO DATE  143                        81     62
  SINCE JUN 1    143                        81     62
  SINCE JAN 1    252                       167     85
..................................................................


WIND (MPH)
  HIGHEST WIND SPEED    39   HIGHEST WIND DIRECTION     W (290)
  HIGHEST GUST SPEED    52   HIGHEST GUST DIRECTION     W (270)
  AVERAGE WIND SPEED    10.1


SKY COVER
  AVERAGE SKY COVER 0.2



RELATIVE HUMIDITY (PERCENT)
 HIGHEST    87           600 AM
 LOWEST     59          1200 PM
 AVERAGE    73

..........................................................


THE QUINCY IL CLIMATE NORMALS FOR TODAY
                         NORMAL    RECORD    YEAR
 MAXIMUM TEMPERATURE (F)   82       100      1911
 MINIMUM TEMPERATURE (F)   63        43      1907


SUNRISE AND SUNSET
JUNE 15 2017..........SUNRISE   536 AM CDT   SUNSET   835 PM CDT
JUNE 16 2017..........SUNRISE   536 AM CDT   SUNSET   836 PM CDT


-  INDICATES NEGATIVE NUMBERS.
R  INDICATES RECORD WAS SET OR TIED.
MM INDICATES DATA IS MISSING.
T  INDICATES TRACE AMOUNT.




$$
