000
CDUS43 KLSX 022130
CLIUIN


CLIMATE REPORT
NATIONAL WEATHER SERVICE ST LOUIS MO
429 PM CDT WED AUG 2 2017


...................................

...THE QUINCY IL CLIMATE SUMMARY FOR AUGUST 2 2017...
VALID TODAY AS OF 0400 PM LOCAL TIME.

CLIMATE NORMAL PERIOD 1981 TO 2010
CLIMATE RECORD PERIOD 1901 TO 2017


WEATHER ITEM   OBSERVED TIME   RECORD YEAR NORMAL DEPARTURE LAST
                VALUE   (LST)  VALUE       VALUE  FROM      YEAR
                                                  NORMAL
..................................................................
TEMPERATURE (F)
 TODAY
  MAXIMUM         88    211 PM 105    1947  85      3       82
  MINIMUM         65    554 AM  52    1907  66     -1       70
  AVERAGE         77                        76      1       76

PRECIPITATION (IN)
  TODAY            0.00          1.54 1995   0.12  -0.12     0.30
  MONTH TO DATE    T                         0.24  -0.24     0.30
  SINCE JUN 1      5.06                      8.27  -3.21     8.02
  SINCE JAN 1     21.84                     22.36  -0.52    16.70

DEGREE DAYS
 HEATING
  TODAY            0                         0      0
  MONTH TO DATE    0                         0      0
  SINCE JUN 1      4                        16    -12
  SINCE JUL 1      0                         0      0

 COOLING
  TODAY           12                        11      1
  MONTH TO DATE   24                        22      2
  SINCE JUN 1    713                       592    121
  SINCE JAN 1    822                       678    144
..................................................................


WIND (MPH)
  HIGHEST WIND SPEED    13   HIGHEST WIND DIRECTION    SW (230)
  HIGHEST GUST SPEED    17   HIGHEST GUST DIRECTION    SW (240)
  AVERAGE WIND SPEED     4.5


SKY COVER
  AVERAGE SKY COVER 0.1



RELATIVE HUMIDITY (PERCENT)
 HIGHEST   100           600 AM
 LOWEST     43          1200 PM
 AVERAGE    72

..........................................................


THE QUINCY IL CLIMATE NORMALS FOR TOMORROW
                         NORMAL    RECORD    YEAR
 MAXIMUM TEMPERATURE (F)   85       105      1947
 MINIMUM TEMPERATURE (F)   66        50      1976
                                             1950


SUNRISE AND SUNSET
AUGUST  2 2017........SUNRISE   605 AM CDT   SUNSET   817 PM CDT
AUGUST  3 2017........SUNRISE   605 AM CDT   SUNSET   816 PM CDT


-  INDICATES NEGATIVE NUMBERS.
R  INDICATES RECORD WAS SET OR TIED.
MM INDICATES DATA IS MISSING.
T  INDICATES TRACE AMOUNT.




$$
