000
CDUS43 KLSX 072231
CLIUIN


CLIMATE REPORT
NATIONAL WEATHER SERVICE ST LOUIS MO
429 PM CST FRI NOV 7 2014


...................................

...THE QUINCY IL CLIMATE SUMMARY FOR NOVEMBER 7 2014...
VALID TODAY AS OF 0400 PM LOCAL TIME.

CLIMATE NORMAL PERIOD 1981 TO 2010
CLIMATE RECORD PERIOD 1901 TO 2014


WEATHER ITEM   OBSERVED TIME   RECORD YEAR NORMAL DEPARTURE LAST
                VALUE   (LST)  VALUE       VALUE  FROM      YEAR
                                                  NORMAL
..................................................................
TEMPERATURE (F)
 TODAY
  MAXIMUM         53    359 PM  84    1915  56     -3       53
  MINIMUM         26    513 AM   4    1991  38    -12       27
  AVERAGE         40                        47     -7       40

PRECIPITATION (IN)
  TODAY            0.00          1.03 1938   0.10  -0.10     0.00
  MONTH TO DATE    0.10                      0.71  -0.61     0.85
  SINCE SEP 1     12.44                      7.02   5.42     5.49
  SINCE JAN 1     38.06                     32.77   5.29    33.59

DEGREE DAYS
 HEATING
  TODAY           25                        18      7
  MONTH TO DATE  137                       119     18
  SINCE SEP 1    545                       538      7
  SINCE JUL 1    550                       543      7

 COOLING
  TODAY            0                         0      0
  MONTH TO DATE    0                         0      0
  SINCE SEP 1     92                       140    -48
  SINCE JAN 1   1021                      1093    -72
..................................................................


WIND (MPH)
  HIGHEST WIND SPEED    17   HIGHEST WIND DIRECTION     S (180)
  HIGHEST GUST SPEED    24   HIGHEST GUST DIRECTION     S (170)
  AVERAGE WIND SPEED     7.6


SKY COVER
  AVERAGE SKY COVER 0.0



RELATIVE HUMIDITY (PERCENT)
 HIGHEST    92           400 AM
 LOWEST     35           400 PM
 AVERAGE    64

..........................................................


THE QUINCY IL CLIMATE NORMALS FOR TOMORROW
                         NORMAL    RECORD    YEAR
 MAXIMUM TEMPERATURE (F)   56        84      1915
 MINIMUM TEMPERATURE (F)   37         0      1991


SUNRISE AND SUNSET
NOVEMBER  7 2014......SUNRISE   641 AM CST   SUNSET   456 PM CST
NOVEMBER  8 2014......SUNRISE   642 AM CST   SUNSET   455 PM CST


-  INDICATES NEGATIVE NUMBERS.
R  INDICATES RECORD WAS SET OR TIED.
MM INDICATES DATA IS MISSING.
T  INDICATES TRACE AMOUNT.




$$
