000
CDUS43 KLSX 260730
CLIUIN


CLIMATE REPORT
NATIONAL WEATHER SERVICE ST LOUIS MO
129 AM CST TUE JAN 26 2016


...................................

...THE QUINCY IL CLIMATE SUMMARY FOR JANUARY 25 2016...

CLIMATE NORMAL PERIOD 1981 TO 2010
CLIMATE RECORD PERIOD 1901 TO 2016


WEATHER ITEM   OBSERVED TIME   RECORD YEAR NORMAL DEPARTURE LAST
                VALUE   (LST)  VALUE       VALUE  FROM      YEAR
                                                  NORMAL
..................................................................
TEMPERATURE (F)
 YESTERDAY
  MAXIMUM         47    251 PM  71    1950  35     12       43
  MINIMUM         33   1159 PM -14    1940  19     14       24
  AVERAGE         40                        27     13

PRECIPITATION (IN)
  YESTERDAY        T             0.43 1949   0.05  -0.05     0.07
                                      1936
  MONTH TO DATE    0.40                      1.24  -0.84     0.62
  SINCE DEC 1      6.22                      3.49   2.73     1.93
  SINCE JAN 1      0.40                      1.24  -0.84     0.62

DEGREE DAYS
 HEATING
  YESTERDAY       25                        38    -13
  MONTH TO DATE 1000                       970     30
  SINCE DEC 1   1743                      2061   -318
  SINCE JUL 1   2561                      3161   -600

 COOLING
  YESTERDAY        0                         0      0
  MONTH TO DATE    0                         0      0
  SINCE DEC 1      0                         0      0
  SINCE JAN 1      0                         0      0
..................................................................


WIND (MPH)
  HIGHEST WIND SPEED    26   HIGHEST WIND DIRECTION     W (280)
  HIGHEST GUST SPEED    34   HIGHEST GUST DIRECTION    SW (240)
  AVERAGE WIND SPEED    12.4


SKY COVER
  AVERAGE SKY COVER 0.7



RELATIVE HUMIDITY (PERCENT)
 HIGHEST    89           800 PM
 LOWEST     70           100 AM
 AVERAGE    80

..........................................................


THE QUINCY IL CLIMATE NORMALS FOR TODAY
                         NORMAL    RECORD    YEAR
 MAXIMUM TEMPERATURE (F)   35        62      2002
                                             1911
 MINIMUM TEMPERATURE (F)   19       -16      1904


SUNRISE AND SUNSET
JANUARY 26 2016.......SUNRISE   719 AM CST   SUNSET   516 PM CST
JANUARY 27 2016.......SUNRISE   718 AM CST   SUNSET   518 PM CST


-  INDICATES NEGATIVE NUMBERS.
R  INDICATES RECORD WAS SET OR TIED.
MM INDICATES DATA IS MISSING.
T  INDICATES TRACE AMOUNT.




$$
