000
CDUS43 KLSX 022135
CLIUIN


CLIMATE REPORT
NATIONAL WEATHER SERVICE ST LOUIS MO
434 PM CDT MON OCT 2 2017


...................................

...THE QUINCY IL CLIMATE SUMMARY FOR OCTOBER 2 2017...
VALID TODAY AS OF 0400 PM LOCAL TIME.

CLIMATE NORMAL PERIOD 1981 TO 2010
CLIMATE RECORD PERIOD 1901 TO 2017


WEATHER ITEM   OBSERVED TIME   RECORD YEAR NORMAL DEPARTURE LAST
                VALUE   (LST)  VALUE       VALUE  FROM      YEAR
                                                  NORMAL
..................................................................
TEMPERATURE (F)
 TODAY
  MAXIMUM         86    256 PM  93    1953  70     16       68
                                      1922
  MINIMUM         66   1207 AM  27    1974  49     17       60
  AVERAGE         76                        60     16       64

PRECIPITATION (IN)
  TODAY            0.00          2.18 1986   0.11  -0.11     0.01
  MONTH TO DATE    0.00                      0.21  -0.21     0.06
  SINCE SEP 1      0.67                      3.51  -2.84     3.15
  SINCE JAN 1     26.82                     29.26  -2.44    26.84

DEGREE DAYS
 HEATING
  TODAY            0                         7     -7
  MONTH TO DATE    1                        14    -13
  SINCE SEP 1     32                        96    -64
  SINCE JUL 1     32                       101    -69

 COOLING
  TODAY           11                         1     10
  MONTH TO DATE   11                         3      8
  SINCE SEP 1    191                       126     65
  SINCE JAN 1   1186                      1079    107
..................................................................


WIND (MPH)
  HIGHEST WIND SPEED    20   HIGHEST WIND DIRECTION     S (180)
  HIGHEST GUST SPEED    26   HIGHEST GUST DIRECTION    SE (150)
  AVERAGE WIND SPEED    12.2


SKY COVER
  AVERAGE SKY COVER 0.1



RELATIVE HUMIDITY (PERCENT)
 HIGHEST    73          1200 AM
 LOWEST     42           300 PM
 AVERAGE    58

..........................................................


THE QUINCY IL CLIMATE NORMALS FOR TOMORROW
                         NORMAL    RECORD    YEAR
 MAXIMUM TEMPERATURE (F)   70        93      2006
                                             1922
 MINIMUM TEMPERATURE (F)   48        31      1974


SUNRISE AND SUNSET
OCTOBER  2 2017.......SUNRISE   702 AM CDT   SUNSET   645 PM CDT
OCTOBER  3 2017.......SUNRISE   703 AM CDT   SUNSET   643 PM CDT


-  INDICATES NEGATIVE NUMBERS.
R  INDICATES RECORD WAS SET OR TIED.
MM INDICATES DATA IS MISSING.
T  INDICATES TRACE AMOUNT.




$$
