000
CDUS43 KLSX 230730
CLIUIN


CLIMATE REPORT
NATIONAL WEATHER SERVICE ST LOUIS MO
130 AM CST WED NOV 23 2016


...................................

...THE QUINCY IL CLIMATE SUMMARY FOR NOVEMBER 22 2016...

CLIMATE NORMAL PERIOD 1981 TO 2010
CLIMATE RECORD PERIOD 1901 TO 2016


WEATHER ITEM   OBSERVED TIME   RECORD YEAR NORMAL DEPARTURE LAST
                VALUE   (LST)  VALUE       VALUE  FROM      YEAR
                                                  NORMAL
..................................................................
TEMPERATURE (F)
 YESTERDAY
  MAXIMUM         49   1241 PM  75    2010  48      1       40
                                      1913
  MINIMUM         37    725 AM   8    1937  31      6       17
  AVERAGE         43                        39      4

PRECIPITATION (IN)
  YESTERDAY        0.10          1.17 1963   0.10   0.00     0.00
  MONTH TO DATE    0.91                      2.24  -1.33     2.68
  SINCE SEP 1      5.91                      8.55  -2.64     4.91
  SINCE JAN 1     29.60                     34.30  -4.70    33.67

DEGREE DAYS
 HEATING
  YESTERDAY       22                        26     -4
  MONTH TO DATE  307                       453   -146
  SINCE SEP 1    499                       872   -373
  SINCE JUL 1    505                       877   -372

 COOLING
  YESTERDAY        0                         0      0
  MONTH TO DATE   15                         0     15
  SINCE SEP 1    296                       140    156
  SINCE JAN 1   1472                      1093    379
..................................................................


WIND (MPH)
  HIGHEST WIND SPEED    25   HIGHEST WIND DIRECTION    SE (120)
  HIGHEST GUST SPEED    31   HIGHEST GUST DIRECTION    SE (120)
  AVERAGE WIND SPEED    16.0


SKY COVER
  AVERAGE SKY COVER 0.6



RELATIVE HUMIDITY (PERCENT)
 HIGHEST    82           800 PM
 LOWEST     39          1200 PM
 AVERAGE    61

..........................................................


THE QUINCY IL CLIMATE NORMALS FOR TODAY
                         NORMAL    RECORD    YEAR
 MAXIMUM TEMPERATURE (F)   47        71      1931
                                             1913
 MINIMUM TEMPERATURE (F)   30         2      1950


SUNRISE AND SUNSET
NOVEMBER 23 2016......SUNRISE   659 AM CST   SUNSET   443 PM CST
NOVEMBER 24 2016......SUNRISE   700 AM CST   SUNSET   443 PM CST


-  INDICATES NEGATIVE NUMBERS.
R  INDICATES RECORD WAS SET OR TIED.
MM INDICATES DATA IS MISSING.
T  INDICATES TRACE AMOUNT.




$$
