000
CDUS43 KLSX 170729
CLIUIN


CLIMATE REPORT
NATIONAL WEATHER SERVICE ST LOUIS MO
228 AM CDT SAT JUN 17 2017


...................................

...THE QUINCY IL CLIMATE SUMMARY FOR JUNE 16 2017...

CLIMATE NORMAL PERIOD 1981 TO 2010
CLIMATE RECORD PERIOD 1901 TO 2017


WEATHER ITEM   OBSERVED TIME   RECORD YEAR NORMAL DEPARTURE LAST
                VALUE   (LST)  VALUE       VALUE  FROM      YEAR
                                                  NORMAL
..................................................................
TEMPERATURE (F)
 YESTERDAY
  MAXIMUM         87    338 PM 102    1936  82      5       91
  MINIMUM         65    439 AM  46    1941  63      2       70
  AVERAGE         76                        72      4

PRECIPITATION (IN)
  YESTERDAY        0.34          1.68 1967   0.13   0.21     0.00
  MONTH TO DATE    1.36                      2.22  -0.86     0.40
  SINCE JUN 1      1.36                      2.22  -0.86     0.40
  SINCE JAN 1     18.14                     16.31   1.83     9.08

DEGREE DAYS
 HEATING
  YESTERDAY        0                         0      0
  MONTH TO DATE    0                        14    -14
  SINCE JUN 1      0                        14    -14
  SINCE JUL 1   4433                      5580  -1147

 COOLING
  YESTERDAY       11                         8      3
  MONTH TO DATE  166                        97     69
  SINCE JUN 1    166                        97     69
  SINCE JAN 1    275                       183     92
..................................................................


WIND (MPH)
  HIGHEST WIND SPEED    37   HIGHEST WIND DIRECTION     W (290)
  HIGHEST GUST SPEED    50   HIGHEST GUST DIRECTION     W (290)
  AVERAGE WIND SPEED     8.3


SKY COVER
  AVERAGE SKY COVER 0.1



RELATIVE HUMIDITY (PERCENT)
 HIGHEST    93           500 AM
 LOWEST     57           400 PM
 AVERAGE    75

..........................................................


THE QUINCY IL CLIMATE NORMALS FOR TODAY
                         NORMAL    RECORD    YEAR
 MAXIMUM TEMPERATURE (F)   82       103      1918
 MINIMUM TEMPERATURE (F)   63        48      1974


SUNRISE AND SUNSET
JUNE 17 2017..........SUNRISE   536 AM CDT   SUNSET   836 PM CDT
JUNE 18 2017..........SUNRISE   536 AM CDT   SUNSET   836 PM CDT


-  INDICATES NEGATIVE NUMBERS.
R  INDICATES RECORD WAS SET OR TIED.
MM INDICATES DATA IS MISSING.
T  INDICATES TRACE AMOUNT.




$$
