160
CDUS43 KLSX 032235
CLIUIN


CLIMATE REPORT
NATIONAL WEATHER SERVICE ST LOUIS MO
429 PM CST SUN DEC 3 2017


...................................

...THE QUINCY IL CLIMATE SUMMARY FOR DECEMBER 3 2017...
VALID TODAY AS OF 0400 PM LOCAL TIME.

CLIMATE NORMAL PERIOD 1981 TO 2010
CLIMATE RECORD PERIOD 1901 TO 2017


WEATHER ITEM   OBSERVED TIME   RECORD YEAR NORMAL DEPARTURE LAST
                VALUE   (LST)  VALUE       VALUE  FROM      YEAR
                                                  NORMAL
..................................................................
TEMPERATURE (F)
 TODAY
  MAXIMUM         64    221 PM  74    2012  42     22       42
  MINIMUM         35    528 AM   1    1929  26      9       29
  AVERAGE         50                        34     16       36

PRECIPITATION (IN)
  TODAY            0.00          1.68 1938   0.09  -0.09     0.00
  MONTH TO DATE    0.00                      0.27  -0.27     0.00
  SINCE DEC 1      0.00                      0.27  -0.27     0.00
  SINCE JAN 1     32.60                     35.35  -2.75    29.85

DEGREE DAYS
 HEATING
  TODAY           15                        31    -16
  MONTH TO DATE   55                        92    -37
  SINCE DEC 1     55                        92    -37
  SINCE JUL 1   1002                      1192   -190

 COOLING
  TODAY            0                         0      0
  MONTH TO DATE    0                         0      0
  SINCE DEC 1      0                         0      0
  SINCE JAN 1   1229                      1094    135
..................................................................


WIND (MPH)
  HIGHEST WIND SPEED    18   HIGHEST WIND DIRECTION    SE (140)
  HIGHEST GUST SPEED    23   HIGHEST GUST DIRECTION    SE (130)
  AVERAGE WIND SPEED     7.9


SKY COVER
  AVERAGE SKY COVER 0.0



RELATIVE HUMIDITY (PERCENT)
 HIGHEST    85           500 AM
 LOWEST     44           200 PM
 AVERAGE    65

..........................................................


THE QUINCY IL CLIMATE NORMALS FOR TOMORROW
                         NORMAL    RECORD    YEAR
 MAXIMUM TEMPERATURE (F)   41        69      1998
 MINIMUM TEMPERATURE (F)   26         2      2006


SUNRISE AND SUNSET
DECEMBER  3 2017......SUNRISE   709 AM CST   SUNSET   440 PM CST
DECEMBER  4 2017......SUNRISE   710 AM CST   SUNSET   440 PM CST


-  INDICATES NEGATIVE NUMBERS.
R  INDICATES RECORD WAS SET OR TIED.
MM INDICATES DATA IS MISSING.
T  INDICATES TRACE AMOUNT.




$$
