000
CDUS43 KLSX 150730
CLIUIN


CLIMATE REPORT
NATIONAL WEATHER SERVICE ST LOUIS MO
129 AM CST MON DEC 15 2014


...................................

...THE QUINCY IL CLIMATE SUMMARY FOR DECEMBER 14 2014...

CLIMATE NORMAL PERIOD 1981 TO 2010
CLIMATE RECORD PERIOD 1901 TO 2014


WEATHER ITEM   OBSERVED TIME   RECORD YEAR NORMAL DEPARTURE LAST
                VALUE   (LST)  VALUE       VALUE  FROM      YEAR
                                                  NORMAL
..................................................................
TEMPERATURE (F)
 YESTERDAY
  MAXIMUM         58    313 PM  68    1975  37     21       32
  MINIMUM         46   1221 AM -12    1901  22     24       19
  AVERAGE         52                        30     22

PRECIPITATION (IN)
  YESTERDAY        0.00          1.38 1975   0.08  -0.08     0.14
  MONTH TO DATE    0.50                      1.16  -0.66     0.79
  SINCE DEC 1      0.50                      1.16  -0.66     0.79
  SINCE JAN 1     39.31                     36.24   3.07    35.38

DEGREE DAYS
 HEATING
  YESTERDAY       13                        35    -22
  MONTH TO DATE  434                       461    -27
  SINCE DEC 1    434                       461    -27
  SINCE JUL 1   1711                      1561    150

 COOLING
  YESTERDAY        0                         0      0
  MONTH TO DATE    0                         0      0
  SINCE DEC 1      0                         0      0
  SINCE JAN 1   1021                      1094    -73
..................................................................


WIND (MPH)
  HIGHEST WIND SPEED    15   HIGHEST WIND DIRECTION    SE (120)
  HIGHEST GUST SPEED    18   HIGHEST GUST DIRECTION    SE (120)
  AVERAGE WIND SPEED     9.2


SKY COVER
  AVERAGE SKY COVER 0.6



RELATIVE HUMIDITY (PERCENT)
 HIGHEST   100           100 AM
 LOWEST     77           100 PM
 AVERAGE    89

..........................................................


THE QUINCY IL CLIMATE NORMALS FOR TODAY
                         NORMAL    RECORD    YEAR
 MAXIMUM TEMPERATURE (F)   37        70      1948
 MINIMUM TEMPERATURE (F)   22       -14      1989
                                             1951


SUNRISE AND SUNSET
DECEMBER 15 2014......SUNRISE   719 AM CST   SUNSET   441 PM CST
DECEMBER 16 2014......SUNRISE   720 AM CST   SUNSET   441 PM CST


-  INDICATES NEGATIVE NUMBERS.
R  INDICATES RECORD WAS SET OR TIED.
MM INDICATES DATA IS MISSING.
T  INDICATES TRACE AMOUNT.




$$
