628
CDUS43 KLSX 210730
CLIUIN


CLIMATE REPORT
NATIONAL WEATHER SERVICE ST LOUIS MO
229 AM CDT THU APR 21 2016


...................................

...THE QUINCY IL CLIMATE SUMMARY FOR APRIL 20 2016...

CLIMATE NORMAL PERIOD 1981 TO 2010
CLIMATE RECORD PERIOD 1901 TO 2016


WEATHER ITEM   OBSERVED TIME   RECORD YEAR NORMAL DEPARTURE LAST
                VALUE   (LST)  VALUE       VALUE  FROM      YEAR
                                                  NORMAL
..................................................................
TEMPERATURE (F)
 YESTERDAY
  MAXIMUM         67    424 PM  90    1987  65      2       53
  MINIMUM         54   1148 PM  27    2013  45      9       42
  AVERAGE         61                        55      6

PRECIPITATION (IN)
  YESTERDAY        0.31          1.91 1976   0.13   0.18      T
  MONTH TO DATE    1.48                      2.37  -0.89     0.86
  SINCE MAR 1      2.56                      4.83  -2.27     1.81
  SINCE JAN 1      3.18                      8.23  -5.05     3.85

DEGREE DAYS
 HEATING
  YESTERDAY        4                        11     -7
  MONTH TO DATE  266                       278    -12
  SINCE MAR 1    786                       996   -210
  SINCE JUL 1   4383                      5338   -955

 COOLING
  YESTERDAY        0                         1     -1
  MONTH TO DATE   10                         7      3
  SINCE MAR 1     12                         9      3
  SINCE JAN 1     12                         9      3
..................................................................


WIND (MPH)
  HIGHEST WIND SPEED    20   HIGHEST WIND DIRECTION     S (160)
  HIGHEST GUST SPEED    27   HIGHEST GUST DIRECTION    SE (150)
  AVERAGE WIND SPEED     8.6


SKY COVER
  AVERAGE SKY COVER 0.6



RELATIVE HUMIDITY (PERCENT)
 HIGHEST   100          1100 PM
 LOWEST     72          1000 AM
 AVERAGE    86

..........................................................


THE QUINCY IL CLIMATE NORMALS FOR TODAY
                         NORMAL    RECORD    YEAR
 MAXIMUM TEMPERATURE (F)   65        90      1902
 MINIMUM TEMPERATURE (F)   45        26      1904


SUNRISE AND SUNSET
APRIL 21 2016.........SUNRISE   618 AM CDT   SUNSET   750 PM CDT
APRIL 22 2016.........SUNRISE   616 AM CDT   SUNSET   751 PM CDT


-  INDICATES NEGATIVE NUMBERS.
R  INDICATES RECORD WAS SET OR TIED.
MM INDICATES DATA IS MISSING.
T  INDICATES TRACE AMOUNT.




$$
