000
CDUS43 KLSX 182341
CLIUIN


CLIMATE REPORT
NATIONAL WEATHER SERVICE ST LOUIS MO
528 PM CST WED FEB 18 2015


...................................

...THE QUINCY IL CLIMATE SUMMARY FOR FEBRUARY 18 2015...
VALID TODAY AS OF 0500 PM LOCAL TIME.

CLIMATE NORMAL PERIOD 1981 TO 2010
CLIMATE RECORD PERIOD 1901 TO 2015


WEATHER ITEM   OBSERVED TIME   RECORD YEAR NORMAL DEPARTURE LAST
                VALUE   (LST)  VALUE       VALUE  FROM      YEAR
                                                  NORMAL
..................................................................
TEMPERATURE (F)
 TODAY
  MAXIMUM         11    359 PM  68    1971  40    -29       50
  MINIMUM          4    955 AM -14    1936  23    -19       30
  AVERAGE          8                        32    -24       40

PRECIPITATION (IN)
  TODAY            0.00          1.16 1991   0.07  -0.07     0.00
  MONTH TO DATE    0.50                      1.11  -0.61     1.12
  SINCE DEC 1      2.94                      4.88  -1.94     2.90
  SINCE JAN 1      1.63                      2.63  -1.00     1.82

DEGREE DAYS
 HEATING
  TODAY           57                        33     24
  MONTH TO DATE  770                       642    128
  SINCE DEC 1   2886                      2928    -42
  SINCE JUL 1   4163                      4028    135

 COOLING
  TODAY            0                         0      0
  MONTH TO DATE    0                         0      0
  SINCE DEC 1      0                         0      0
  SINCE JAN 1      0                         0      0
..................................................................


WIND (MPH)
  HIGHEST WIND SPEED    29   HIGHEST WIND DIRECTION    NW (330)
  HIGHEST GUST SPEED    36   HIGHEST GUST DIRECTION    NW (320)
  AVERAGE WIND SPEED    16.9


SKY COVER
  AVERAGE SKY COVER 0.4



RELATIVE HUMIDITY (PERCENT)
 HIGHEST    73          1200 AM
 LOWEST     50           200 PM
 AVERAGE    62

..........................................................


THE QUINCY IL CLIMATE NORMALS FOR TOMORROW
                         NORMAL    RECORD    YEAR
 MAXIMUM TEMPERATURE (F)   40        71      1930
 MINIMUM TEMPERATURE (F)   24       -11      1903


SUNRISE AND SUNSET
FEBRUARY 18 2015......SUNRISE   654 AM CST   SUNSET   544 PM CST
FEBRUARY 19 2015......SUNRISE   653 AM CST   SUNSET   545 PM CST


-  INDICATES NEGATIVE NUMBERS.
R  INDICATES RECORD WAS SET OR TIED.
MM INDICATES DATA IS MISSING.
T  INDICATES TRACE AMOUNT.




$$
