000
CDUS43 KLSX 140730
CLIUIN


CLIMATE REPORT
NATIONAL WEATHER SERVICE ST LOUIS MO
229 AM CDT TUE MAR 14 2017


...................................

...THE QUINCY IL CLIMATE SUMMARY FOR MARCH 13 2017...

CLIMATE NORMAL PERIOD 1981 TO 2010
CLIMATE RECORD PERIOD 1901 TO 2017


WEATHER ITEM   OBSERVED TIME   RECORD YEAR NORMAL DEPARTURE LAST
                VALUE   (LST)  VALUE       VALUE  FROM      YEAR
                                                  NORMAL
..................................................................
TEMPERATURE (F)
 YESTERDAY
  MAXIMUM         34    143 AM  78    2012  50    -16       57
                                      1990
  MINIMUM         27   1159 PM  10    1993  31     -4       51
  AVERAGE         31                        41    -10

PRECIPITATION (IN)
  YESTERDAY        0.02          1.95 1973   0.07  -0.05     0.03
  MONTH TO DATE    0.58                      0.99  -0.41     0.70
  SINCE MAR 1      0.58                      0.99  -0.41     0.70
  SINCE JAN 1      2.63                      4.39  -1.76     1.32

DEGREE DAYS
 HEATING
  YESTERDAY       34                        24     10
  MONTH TO DATE  300                       348    -48
  SINCE MAR 1    300                       348    -48
  SINCE JUL 1   3741                      4690   -949

 COOLING
  YESTERDAY        0                         0      0
  MONTH TO DATE    0                         0      0
  SINCE MAR 1      0                         0      0
  SINCE JAN 1      0                         0      0
..................................................................


WIND (MPH)
  HIGHEST WIND SPEED    21   HIGHEST WIND DIRECTION     N (360)
  HIGHEST GUST SPEED    25   HIGHEST GUST DIRECTION     N (360)
  AVERAGE WIND SPEED    12.8


SKY COVER
  AVERAGE SKY COVER 1.0



RELATIVE HUMIDITY (PERCENT)
 HIGHEST   100           600 AM
 LOWEST     72           800 PM
 AVERAGE    86

..........................................................


THE QUINCY IL CLIMATE NORMALS FOR TODAY
                         NORMAL    RECORD    YEAR
 MAXIMUM TEMPERATURE (F)   51        85      1918
 MINIMUM TEMPERATURE (F)   32         7      1993
                                             1960


SUNRISE AND SUNSET
MARCH 14 2017.........SUNRISE   717 AM CDT   SUNSET   711 PM CDT
MARCH 15 2017.........SUNRISE   716 AM CDT   SUNSET   712 PM CDT


-  INDICATES NEGATIVE NUMBERS.
R  INDICATES RECORD WAS SET OR TIED.
MM INDICATES DATA IS MISSING.
T  INDICATES TRACE AMOUNT.




$$
