000
CDUS43 KLSX 010727
CLIUIN


CLIMATE REPORT
NATIONAL WEATHER SERVICE ST LOUIS MO
227 AM CDT TUE AUG 1 2017


...................................

...THE QUINCY IL CLIMATE SUMMARY FOR JULY 31 2017...

CLIMATE NORMAL PERIOD 1981 TO 2010
CLIMATE RECORD PERIOD 1901 TO 2017


WEATHER ITEM   OBSERVED TIME   RECORD YEAR NORMAL DEPARTURE LAST
                VALUE   (LST)  VALUE       VALUE  FROM      YEAR
                                                  NORMAL
..................................................................
TEMPERATURE (F)
 YESTERDAY
  MAXIMUM         83    347 PM 103    1988  86     -3       84
  MINIMUM         60    541 AM  50    1971  66     -6       64
  AVERAGE         72                        76     -4

PRECIPITATION (IN)
  YESTERDAY        0.00          3.60 1985   0.12  -0.12     0.00
  MONTH TO DATE    1.63                      4.04  -2.41     6.70
  SINCE JUN 1      5.06                      8.03  -2.97     7.72
  SINCE JAN 1     21.84                     22.12  -0.28    16.40

DEGREE DAYS
 HEATING
  YESTERDAY        0                         0      0
  MONTH TO DATE    0                         0      0
  SINCE JUN 1      4                        16    -12
  SINCE JUL 1      0                         0      0

 COOLING
  YESTERDAY        7                        11     -4
  MONTH TO DATE  418                       343     75
  SINCE JUN 1    689                       570    119
  SINCE JAN 1    798                       656    142
..................................................................


WIND (MPH)
  HIGHEST WIND SPEED     9   HIGHEST WIND DIRECTION    SE (150)
  HIGHEST GUST SPEED    13   HIGHEST GUST DIRECTION     S (180)
  AVERAGE WIND SPEED     3.9


SKY COVER
  AVERAGE SKY COVER 0.2



RELATIVE HUMIDITY (PERCENT)
 HIGHEST    93           600 AM
 LOWEST     43           200 PM
 AVERAGE    68

..........................................................


THE QUINCY IL CLIMATE NORMALS FOR TODAY
                         NORMAL    RECORD    YEAR
 MAXIMUM TEMPERATURE (F)   86       103      1945
                                             1940
 MINIMUM TEMPERATURE (F)   66        52      1907


SUNRISE AND SUNSET
AUGUST  1 2017........SUNRISE   604 AM CDT   SUNSET   818 PM CDT
AUGUST  2 2017........SUNRISE   605 AM CDT   SUNSET   817 PM CDT


-  INDICATES NEGATIVE NUMBERS.
R  INDICATES RECORD WAS SET OR TIED.
MM INDICATES DATA IS MISSING.
T  INDICATES TRACE AMOUNT.




$$
