000
CDUS43 KLSX 302312
CLIUIN


CLIMATE REPORT
NATIONAL WEATHER SERVICE ST LOUIS MO
512 PM CST THU NOV 30 2017


...................................

...THE QUINCY IL CLIMATE SUMMARY FOR NOVEMBER 30 2017...
VALID TODAY AS OF 0500 PM LOCAL TIME.

CLIMATE NORMAL PERIOD 1981 TO 2010
CLIMATE RECORD PERIOD 1901 TO 2017


WEATHER ITEM   OBSERVED TIME   RECORD YEAR NORMAL DEPARTURE LAST
                VALUE   (LST)  VALUE       VALUE  FROM      YEAR
                                                  NORMAL
..................................................................
TEMPERATURE (F)
 TODAY
  MAXIMUM         54    150 PM  72    1933  43     11       39
  MINIMUM         36    804 AM -11    1964  27      9       30
  AVERAGE         45                        35     10       35

PRECIPITATION (IN)
  TODAY            0.00          2.59 1930   0.09  -0.09     0.00
  MONTH TO DATE    1.30                      3.02  -1.72     1.16
  SINCE SEP 1      6.45                      9.33  -2.88     6.16
  SINCE JAN 1     32.60                     35.08  -2.48    29.85

DEGREE DAYS
 HEATING
  TODAY           20                        30    -10
  MONTH TO DATE  665                       677    -12
  SINCE SEP 1    946                      1095   -149
  SINCE JUL 1    946                      1100   -154

 COOLING
  TODAY            0                         0      0
  MONTH TO DATE    0                         1     -1
  SINCE SEP 1    234                       141     93
  SINCE JAN 1   1229                      1094    135
..................................................................


WIND (MPH)
  HIGHEST WIND SPEED    17   HIGHEST WIND DIRECTION    NW (310)
  HIGHEST GUST SPEED    24   HIGHEST GUST DIRECTION     W (290)
  AVERAGE WIND SPEED     9.3


SKY COVER
  AVERAGE SKY COVER 0.3



RELATIVE HUMIDITY (PERCENT)
 HIGHEST    70           800 AM
 LOWEST     35           300 PM
 AVERAGE    53

..........................................................


THE QUINCY IL CLIMATE NORMALS FOR TOMORROW
                         NORMAL    RECORD    YEAR
 MAXIMUM TEMPERATURE (F)   43        67      1913
 MINIMUM TEMPERATURE (F)   27         7      1985


SUNRISE AND SUNSET
NOVEMBER 30 2017......SUNRISE   707 AM CST   SUNSET   440 PM CST
DECEMBER  1 2017......SUNRISE   708 AM CST   SUNSET   440 PM CST


-  INDICATES NEGATIVE NUMBERS.
R  INDICATES RECORD WAS SET OR TIED.
MM INDICATES DATA IS MISSING.
T  INDICATES TRACE AMOUNT.




$$
