000
CDUS43 KLSX 142151
CLIUIN


CLIMATE REPORT
NATIONAL WEATHER SERVICE ST LOUIS MO
450 PM CDT SAT MAY 14 2016


...................................

...THE QUINCY IL CLIMATE SUMMARY FOR MAY 14 2016...
VALID TODAY AS OF 0400 PM LOCAL TIME.

CLIMATE NORMAL PERIOD 1981 TO 2010
CLIMATE RECORD PERIOD 1901 TO 2016


WEATHER ITEM   OBSERVED TIME   RECORD YEAR NORMAL DEPARTURE LAST
                VALUE   (LST)  VALUE       VALUE  FROM      YEAR
                                                  NORMAL
..................................................................
TEMPERATURE (F)
 TODAY
  MAXIMUM         56    255 PM  94    1915  72    -16       66
  MINIMUM         40    446 AM  35    1920  52    -12       56
  AVERAGE         48                        62    -14       61

PRECIPITATION (IN)
  TODAY            0.00          1.79 1970   0.15  -0.15     0.17
  MONTH TO DATE    1.63                      1.95  -0.32     1.88
  SINCE MAR 1      6.05                      8.10  -2.05     4.53
  SINCE JAN 1      6.67                     11.50  -4.83     6.57

DEGREE DAYS
 HEATING
  TODAY           17                         5     12
  MONTH TO DATE   87                        84      3
  SINCE MAR 1    934                      1172   -238
  SINCE JUL 1   4531                      5514   -983

 COOLING
  TODAY            0                         2     -2
  MONTH TO DATE   11                        18     -7
  SINCE MAR 1     32                        36     -4
  SINCE JAN 1     32                        36     -4
..................................................................


WIND (MPH)
  HIGHEST WIND SPEED    28   HIGHEST WIND DIRECTION    NW (320)
  HIGHEST GUST SPEED    38   HIGHEST GUST DIRECTION    NW (330)
  AVERAGE WIND SPEED    18.9


SKY COVER
  AVERAGE SKY COVER 0.4



RELATIVE HUMIDITY (PERCENT)
 HIGHEST    76          1200 AM
 LOWEST     41           100 PM
 AVERAGE    59

..........................................................


THE QUINCY IL CLIMATE NORMALS FOR TOMORROW
                         NORMAL    RECORD    YEAR
 MAXIMUM TEMPERATURE (F)   72        93      1944
 MINIMUM TEMPERATURE (F)   53        35      1959


SUNRISE AND SUNSET
MAY 14 2016...........SUNRISE   550 AM CDT   SUNSET   813 PM CDT
MAY 15 2016...........SUNRISE   549 AM CDT   SUNSET   814 PM CDT


-  INDICATES NEGATIVE NUMBERS.
R  INDICATES RECORD WAS SET OR TIED.
MM INDICATES DATA IS MISSING.
T  INDICATES TRACE AMOUNT.




$$
