000
CDUS43 KLSX 060835
CLIUIN


CLIMATE REPORT
NATIONAL WEATHER SERVICE ST LOUIS MO
234 AM CST FRI JAN 6 2017


...................................

...THE QUINCY IL CLIMATE SUMMARY FOR JANUARY 5 2017...

CLIMATE NORMAL PERIOD 1981 TO 2010
CLIMATE RECORD PERIOD 1901 TO 2017


WEATHER ITEM   OBSERVED TIME   RECORD YEAR NORMAL DEPARTURE LAST
                VALUE   (LST)  VALUE       VALUE  FROM      YEAR
                                                  NORMAL
..................................................................
TEMPERATURE (F)
 YESTERDAY
  MAXIMUM         15    242 PM  59    1939  34    -19       38
                                      1916
  MINIMUM          2   1159 PM -16    1999  19    -17       20
                                      1924
  AVERAGE          9                        26    -17

PRECIPITATION (IN)
  YESTERDAY        0.01          1.15 1955   0.06  -0.05     0.00
  MONTH TO DATE    0.08                      0.28  -0.20     0.00
  SINCE DEC 1      1.11                      2.53  -1.42     5.82
  SINCE JAN 1      0.08                      0.28  -0.20     0.00

DEGREE DAYS
 HEATING
  YESTERDAY       56                        39     17
  MONTH TO DATE  201                       191     10
  SINCE DEC 1   1314                      1282     32
  SINCE JUL 1   2002                      2382   -380

 COOLING
  YESTERDAY        0                         0      0
  MONTH TO DATE    0                         0      0
  SINCE DEC 1      0                         0      0
  SINCE JAN 1      0                         0      0
..................................................................


WIND (MPH)
  HIGHEST WIND SPEED    15   HIGHEST WIND DIRECTION    NW (320)
  HIGHEST GUST SPEED    18   HIGHEST GUST DIRECTION    NW (300)
  AVERAGE WIND SPEED     9.3


SKY COVER
  AVERAGE SKY COVER 0.9



RELATIVE HUMIDITY (PERCENT)
 HIGHEST    92           400 AM
 LOWEST     67           200 PM
 AVERAGE    80

..........................................................


THE QUINCY IL CLIMATE NORMALS FOR TODAY
                         NORMAL    RECORD    YEAR
 MAXIMUM TEMPERATURE (F)   34        66      2008
 MINIMUM TEMPERATURE (F)   19       -13      2014


SUNRISE AND SUNSET
JANUARY  6 2017.......SUNRISE   727 AM CST   SUNSET   455 PM CST
JANUARY  7 2017.......SUNRISE   727 AM CST   SUNSET   456 PM CST


-  INDICATES NEGATIVE NUMBERS.
R  INDICATES RECORD WAS SET OR TIED.
MM INDICATES DATA IS MISSING.
T  INDICATES TRACE AMOUNT.




$$
