000
CDUS43 KLSX 140730
CLIUIN


CLIMATE REPORT
NATIONAL WEATHER SERVICE ST LOUIS MO
230 AM CDT SUN SEP 14 2014


...................................

...THE QUINCY IL CLIMATE SUMMARY FOR SEPTEMBER 13 2014...

CLIMATE NORMAL PERIOD 1981 TO 2010
CLIMATE RECORD PERIOD 1901 TO 2014


WEATHER ITEM   OBSERVED TIME   RECORD YEAR NORMAL DEPARTURE LAST
                VALUE   (LST)  VALUE       VALUE  FROM      YEAR
                                                  NORMAL
..................................................................
TEMPERATURE (F)
 YESTERDAY
  MAXIMUM         63    337 PM 100    1927  78    -15       75
  MINIMUM         40    610 AM  33    1902  57    -17       52
  AVERAGE         52                        68    -16

PRECIPITATION (IN)
  YESTERDAY        0.00          4.12 1961   0.11  -0.11     0.00
  MONTH TO DATE    5.10                      1.43   3.67     0.81
  SINCE SEP 1      5.10                      1.43   3.67     0.81
  SINCE JAN 1     30.72                     27.18   3.54    28.91

DEGREE DAYS
 HEATING
  YESTERDAY       13                         2     11
  MONTH TO DATE   40                        14     26
  SINCE SEP 1     40                        14     26
  SINCE JUL 1     45                        19     26

 COOLING
  YESTERDAY        0                         4     -4
  MONTH TO DATE   49                        76    -27
  SINCE SEP 1     49                        76    -27
  SINCE JAN 1    978                      1029    -51
..................................................................


WIND (MPH)
  HIGHEST WIND SPEED    12   HIGHEST WIND DIRECTION     N (350)
  HIGHEST GUST SPEED    14   HIGHEST GUST DIRECTION    NE (40)
  AVERAGE WIND SPEED     4.3


SKY COVER
  AVERAGE SKY COVER 0.2



RELATIVE HUMIDITY (PERCENT)
 HIGHEST   100           200 AM
 LOWEST     36           200 PM
 AVERAGE    68

..........................................................


THE QUINCY IL CLIMATE NORMALS FOR TODAY
                         NORMAL    RECORD    YEAR
 MAXIMUM TEMPERATURE (F)   78        99      1939
 MINIMUM TEMPERATURE (F)   56        38      1996


SUNRISE AND SUNSET
SEPTEMBER 14 2014.....SUNRISE   645 AM CDT   SUNSET   715 PM CDT
SEPTEMBER 15 2014.....SUNRISE   646 AM CDT   SUNSET   713 PM CDT


-  INDICATES NEGATIVE NUMBERS.
R  INDICATES RECORD WAS SET OR TIED.
MM INDICATES DATA IS MISSING.
T  INDICATES TRACE AMOUNT.




$$
