000
CDUS43 KLSX 112226
CLIUIN


CLIMATE REPORT
NATIONAL WEATHER SERVICE ST LOUIS MO
526 PM CDT THU AUG 11 2016


...................................

...THE QUINCY IL CLIMATE SUMMARY FOR AUGUST 11 2016...
VALID TODAY AS OF 0500 PM LOCAL TIME.

CLIMATE NORMAL PERIOD 1981 TO 2010
CLIMATE RECORD PERIOD 1901 TO 2016


WEATHER ITEM   OBSERVED TIME   RECORD YEAR NORMAL DEPARTURE LAST
                VALUE   (LST)  VALUE       VALUE  FROM      YEAR
                                                  NORMAL
..................................................................
TEMPERATURE (F)
 TODAY
  MAXIMUM         92    357 PM 105    1934  85      7       83
  MINIMUM         75    552 AM  50    2004  65     10       64
                                      1982
                                      1967
  AVERAGE         84                        75      9       74

PRECIPITATION (IN)
  TODAY            0.00          1.64 1939   0.11  -0.11     0.00
  MONTH TO DATE    2.20                      1.31   0.89     0.87
  SINCE JUN 1      9.92                      9.34   0.58    18.82
  SINCE JAN 1     18.60                     23.43  -4.83    27.50

DEGREE DAYS
 HEATING
  TODAY            0                         0      0
  MONTH TO DATE    0                         0      0
  SINCE JUN 1      6                        16    -10
  SINCE JUL 1      6                         0      6

 COOLING
  TODAY           19                        10      9
  MONTH TO DATE  137                       115     22
  SINCE JUN 1    868                       685    183
  SINCE JAN 1    972                       771    201
..................................................................


WIND (MPH)
  HIGHEST WIND SPEED    15   HIGHEST WIND DIRECTION     S (180)
  HIGHEST GUST SPEED    19   HIGHEST GUST DIRECTION     S (190)
  AVERAGE WIND SPEED     9.0


SKY COVER
  AVERAGE SKY COVER 0.0



RELATIVE HUMIDITY (PERCENT)
 HIGHEST   100           200 AM
 LOWEST     66           100 PM
 AVERAGE    83

..........................................................


THE QUINCY IL CLIMATE NORMALS FOR TOMORROW
                         NORMAL    RECORD    YEAR
 MAXIMUM TEMPERATURE (F)   85       105      1936
 MINIMUM TEMPERATURE (F)   65        48      1979


SUNRISE AND SUNSET
AUGUST 11 2016........SUNRISE   613 AM CDT   SUNSET   806 PM CDT
AUGUST 12 2016........SUNRISE   614 AM CDT   SUNSET   805 PM CDT


-  INDICATES NEGATIVE NUMBERS.
R  INDICATES RECORD WAS SET OR TIED.
MM INDICATES DATA IS MISSING.
T  INDICATES TRACE AMOUNT.




$$
