000
CDUS43 KLSX 070729
CLIUIN


CLIMATE REPORT
NATIONAL WEATHER SERVICE ST LOUIS MO
129 AM CST SUN DEC 7 2014


...................................

...THE QUINCY IL CLIMATE SUMMARY FOR DECEMBER 6 2014...

CLIMATE NORMAL PERIOD 1981 TO 2010
CLIMATE RECORD PERIOD 1901 TO 2014


WEATHER ITEM   OBSERVED TIME   RECORD YEAR NORMAL DEPARTURE LAST
                VALUE   (LST)  VALUE       VALUE  FROM      YEAR
                                                  NORMAL
..................................................................
TEMPERATURE (F)
 YESTERDAY
  MAXIMUM         36    347 AM  69    1951  40     -4       20
  MINIMUM         27   1139 PM   0    1977  25      2       10
                                      1976
  AVERAGE         32                        33     -1

PRECIPITATION (IN)
  YESTERDAY        0.00          1.44 1998   0.08  -0.08     0.00
  MONTH TO DATE    0.50                      0.52  -0.02      T
  SINCE DEC 1      0.50                      0.52  -0.02      T
  SINCE JAN 1     39.31                     35.60   3.71    34.59

DEGREE DAYS
 HEATING
  YESTERDAY       33                        32      1
  MONTH TO DATE  215                       188     27
  SINCE DEC 1    215                       188     27
  SINCE JUL 1   1492                      1288    204

 COOLING
  YESTERDAY        0                         0      0
  MONTH TO DATE    0                         0      0
  SINCE DEC 1      0                         0      0
  SINCE JAN 1   1021                      1094    -73
..................................................................


WIND (MPH)
  HIGHEST WIND SPEED    17   HIGHEST WIND DIRECTION     N (350)
  HIGHEST GUST SPEED    21   HIGHEST GUST DIRECTION     N (340)
  AVERAGE WIND SPEED     8.7


SKY COVER
  AVERAGE SKY COVER 0.8



RELATIVE HUMIDITY (PERCENT)
 HIGHEST   100          1200 AM
 LOWEST     82           600 PM
 AVERAGE    91

..........................................................


THE QUINCY IL CLIMATE NORMALS FOR TODAY
                         NORMAL    RECORD    YEAR
 MAXIMUM TEMPERATURE (F)   40        66      1946
 MINIMUM TEMPERATURE (F)   24        -8      1976


SUNRISE AND SUNSET
DECEMBER  7 2014......SUNRISE   713 AM CST   SUNSET   440 PM CST
DECEMBER  8 2014......SUNRISE   714 AM CST   SUNSET   440 PM CST


-  INDICATES NEGATIVE NUMBERS.
R  INDICATES RECORD WAS SET OR TIED.
MM INDICATES DATA IS MISSING.
T  INDICATES TRACE AMOUNT.




$$
