000
CDUS43 KLSX 302243
CLIUIN


CLIMATE REPORT
NATIONAL WEATHER SERVICE ST LOUIS MO
441 PM CST SAT JAN 30 2016


...................................

...THE QUINCY IL CLIMATE SUMMARY FOR JANUARY 30 2016...
VALID TODAY AS OF 0400 PM LOCAL TIME.

CLIMATE NORMAL PERIOD 1981 TO 2010
CLIMATE RECORD PERIOD 1901 TO 2016


WEATHER ITEM   OBSERVED TIME   RECORD YEAR NORMAL DEPARTURE LAST
                VALUE   (LST)  VALUE       VALUE  FROM      YEAR
                                                  NORMAL
..................................................................
TEMPERATURE (F)
 TODAY
  MAXIMUM         52    359 PM  64    2012  35     17       35
  MINIMUM         35    723 AM -13    1965  19     16       20
  AVERAGE         44                        27     17       28

PRECIPITATION (IN)
  TODAY            0.00          1.77 2002   0.05  -0.05     0.00
  MONTH TO DATE    0.40                      1.47  -1.07     0.62
  SINCE DEC 1      6.22                      3.72   2.50     1.93
  SINCE JAN 1      0.40                      1.47  -1.07     0.62

DEGREE DAYS
 HEATING
  TODAY           21                        38    -17
  MONTH TO DATE 1144                      1160    -16
  SINCE DEC 1   1887                      2251   -364
  SINCE JUL 1   2705                      3351   -646

 COOLING
  TODAY            0                         0      0
  MONTH TO DATE    0                         0      0
  SINCE DEC 1      0                         0      0
  SINCE JAN 1      0                         0      0
..................................................................


WIND (MPH)
  HIGHEST WIND SPEED    15   HIGHEST WIND DIRECTION     S (190)
  HIGHEST GUST SPEED    21   HIGHEST GUST DIRECTION     S (190)
  AVERAGE WIND SPEED     5.6


SKY COVER
  AVERAGE SKY COVER 0.0



RELATIVE HUMIDITY (PERCENT)
 HIGHEST    85           900 AM
 LOWEST     56           200 PM
 AVERAGE    71

..........................................................


THE QUINCY IL CLIMATE NORMALS FOR TOMORROW
                         NORMAL    RECORD    YEAR
 MAXIMUM TEMPERATURE (F)   35        72      1989
 MINIMUM TEMPERATURE (F)   19       -14      1996


SUNRISE AND SUNSET
JANUARY 30 2016.......SUNRISE   715 AM CST   SUNSET   521 PM CST
JANUARY 31 2016.......SUNRISE   714 AM CST   SUNSET   522 PM CST


-  INDICATES NEGATIVE NUMBERS.
R  INDICATES RECORD WAS SET OR TIED.
MM INDICATES DATA IS MISSING.
T  INDICATES TRACE AMOUNT.




$$
