000
CDUS43 KLSX 120742
CLIUIN


CLIMATE REPORT
NATIONAL WEATHER SERVICE ST LOUIS MO
242 AM CDT WED APR 12 2017


...................................

...THE QUINCY IL CLIMATE SUMMARY FOR APRIL 11 2017...

CLIMATE NORMAL PERIOD 1981 TO 2010
CLIMATE RECORD PERIOD 1901 TO 2017


WEATHER ITEM   OBSERVED TIME   RECORD YEAR NORMAL DEPARTURE LAST
                VALUE   (LST)  VALUE       VALUE  FROM      YEAR
                                                  NORMAL
..................................................................
TEMPERATURE (F)
 YESTERDAY
  MAXIMUM         62    500 PM  90    1930  62      0       55
  MINIMUM         41    558 AM  25    1973  41      0       36
                                      1957
  AVERAGE         52                        52      0

PRECIPITATION (IN)
  YESTERDAY        0.00          4.03 1944   0.12  -0.12     0.00
  MONTH TO DATE    1.62                      1.25   0.37     0.36
  SINCE MAR 1      4.80                      3.71   1.09     1.44
  SINCE JAN 1      6.85                      7.11  -0.26     2.06

DEGREE DAYS
 HEATING
  YESTERDAY       13                        14     -1
  MONTH TO DATE  131                       169    -38
  SINCE MAR 1    753                       887   -134
  SINCE JUL 1   4194                      5229  -1035

 COOLING
  YESTERDAY        0                         0      0
  MONTH TO DATE    7                         0      7
  SINCE MAR 1      7                         2      5
  SINCE JAN 1      7                         2      5
..................................................................


WIND (MPH)
  HIGHEST WIND SPEED    20   HIGHEST WIND DIRECTION    NW (300)
  HIGHEST GUST SPEED    25   HIGHEST GUST DIRECTION    NW (320)
  AVERAGE WIND SPEED     7.8


SKY COVER
  AVERAGE SKY COVER 0.4



RELATIVE HUMIDITY (PERCENT)
 HIGHEST    86           600 AM
 LOWEST     39           500 PM
 AVERAGE    63

..........................................................


THE QUINCY IL CLIMATE NORMALS FOR TODAY
                         NORMAL    RECORD    YEAR
 MAXIMUM TEMPERATURE (F)   62        89      1930
 MINIMUM TEMPERATURE (F)   42        16      1957


SUNRISE AND SUNSET
APRIL 12 2017.........SUNRISE   631 AM CDT   SUNSET   740 PM CDT
APRIL 13 2017.........SUNRISE   630 AM CDT   SUNSET   742 PM CDT


-  INDICATES NEGATIVE NUMBERS.
R  INDICATES RECORD WAS SET OR TIED.
MM INDICATES DATA IS MISSING.
T  INDICATES TRACE AMOUNT.




$$
