881
CDUS43 KLSX 210738
CLIUIN


CLIMATE REPORT
NATIONAL WEATHER SERVICE ST LOUIS MO
236 AM CDT THU JUL 21 2016


...................................

...THE QUINCY IL CLIMATE SUMMARY FOR JULY 20 2016...

CLIMATE NORMAL PERIOD 1981 TO 2010
CLIMATE RECORD PERIOD 1901 TO 2016


WEATHER ITEM   OBSERVED TIME   RECORD YEAR NORMAL DEPARTURE LAST
                VALUE   (LST)  VALUE       VALUE  FROM      YEAR
                                                  NORMAL
..................................................................
TEMPERATURE (F)
 YESTERDAY
  MAXIMUM         88    417 PM 109    1934  86      2       85
  MINIMUM         71    532 AM  55    1971  66      5       68
  AVERAGE         80                        76      4

PRECIPITATION (IN)
  YESTERDAY        0.00          3.41 1949   0.13  -0.13     0.22
  MONTH TO DATE    4.39                      2.68   1.71     7.36
  SINCE JUN 1      5.41                      6.67  -1.26    15.89
  SINCE JAN 1     14.09                     20.76  -6.67    24.57

DEGREE DAYS
 HEATING
  YESTERDAY        0                         0      0
  MONTH TO DATE    6                         0      6
  SINCE JUN 1      6                        16    -10
  SINCE JUL 1      6                         0      6

 COOLING
  YESTERDAY       15                        11      4
  MONTH TO DATE  221                       220      1
  SINCE JUN 1    578                       447    131
  SINCE JAN 1    682                       533    149
..................................................................


WIND (MPH)
  HIGHEST WIND SPEED    17   HIGHEST WIND DIRECTION     S (160)
  HIGHEST GUST SPEED    23   HIGHEST GUST DIRECTION    SE (150)
  AVERAGE WIND SPEED     8.0


SKY COVER
  AVERAGE SKY COVER 0.4



RELATIVE HUMIDITY (PERCENT)
 HIGHEST    94          1000 PM
 LOWEST     63           300 PM
 AVERAGE    79

..........................................................


THE QUINCY IL CLIMATE NORMALS FOR TODAY
                         NORMAL    RECORD    YEAR
 MAXIMUM TEMPERATURE (F)   86       110      1901
 MINIMUM TEMPERATURE (F)   66        52      1944


SUNRISE AND SUNSET
JULY 21 2016..........SUNRISE   554 AM CDT   SUNSET   828 PM CDT
JULY 22 2016..........SUNRISE   555 AM CDT   SUNSET   827 PM CDT


-  INDICATES NEGATIVE NUMBERS.
R  INDICATES RECORD WAS SET OR TIED.
MM INDICATES DATA IS MISSING.
T  INDICATES TRACE AMOUNT.




$$
