000
CDUS43 KLSX 060736
CLIUIN


CLIMATE REPORT
NATIONAL WEATHER SERVICE ST LOUIS MO
136 AM CST TUE FEB 6 2018


...................................

...THE QUINCY IL CLIMATE SUMMARY FOR FEBRUARY 5 2018...

CLIMATE NORMAL PERIOD 1981 TO 2010
CLIMATE RECORD PERIOD 1901 TO 2018


WEATHER ITEM   OBSERVED TIME   RECORD YEAR NORMAL DEPARTURE LAST
                VALUE   (LST)  VALUE       VALUE  FROM      YEAR
                                                  NORMAL
..................................................................
TEMPERATURE (F)
 YESTERDAY
  MAXIMUM         21    306 PM  64    1946  36    -15       45
  MINIMUM          1    514 AM -16    1936  20    -19       28
  AVERAGE         11                        28    -17

PRECIPITATION (IN)
  YESTERDAY        0.03          1.02 1942   0.06  -0.03     0.00
  MONTH TO DATE    0.03                      0.26  -0.23     0.00
  SINCE DEC 1      1.49                      4.03  -2.54     2.21
  SINCE JAN 1      1.32                      1.78  -0.46     1.18

DEGREE DAYS
 HEATING
  YESTERDAY       54                        37     17
  MONTH TO DATE  216                       186     30
  SINCE DEC 1   2513                      2472     41
  SINCE JUL 1   3460                      3572   -112

 COOLING
  YESTERDAY        0                         0      0
  MONTH TO DATE    0                         0      0
  SINCE DEC 1      0                         0      0
  SINCE JAN 1      0                         0      0
..................................................................


WIND (MPH)
  HIGHEST WIND SPEED    14   HIGHEST WIND DIRECTION    SE (140)
  HIGHEST GUST SPEED    17   HIGHEST GUST DIRECTION    SE (140)
  AVERAGE WIND SPEED     6.2


SKY COVER
  AVERAGE SKY COVER 0.5



RELATIVE HUMIDITY (PERCENT)
 HIGHEST    92           900 PM
 LOWEST     49           100 PM
 AVERAGE    71

..........................................................


THE QUINCY IL CLIMATE NORMALS FOR TODAY
                         NORMAL    RECORD    YEAR
 MAXIMUM TEMPERATURE (F)   36        67      2009
 MINIMUM TEMPERATURE (F)   20       -16      1978


SUNRISE AND SUNSET
FEBRUARY  6 2018......SUNRISE   708 AM CST   SUNSET   530 PM CST
FEBRUARY  7 2018......SUNRISE   707 AM CST   SUNSET   531 PM CST


-  INDICATES NEGATIVE NUMBERS.
R  INDICATES RECORD WAS SET OR TIED.
MM INDICATES DATA IS MISSING.
T  INDICATES TRACE AMOUNT.




$$
