000
CDUS43 KLSX 250736
CLIUIN


CLIMATE REPORT
NATIONAL WEATHER SERVICE ST LOUIS MO
135 AM CST THU DEC 25 2014


...................................

...THE QUINCY IL CLIMATE SUMMARY FOR DECEMBER 24 2014...

CLIMATE NORMAL PERIOD 1981 TO 2010
CLIMATE RECORD PERIOD 1901 TO 2014


WEATHER ITEM   OBSERVED TIME   RECORD YEAR NORMAL DEPARTURE LAST
                VALUE   (LST)  VALUE       VALUE  FROM      YEAR
                                                  NORMAL
..................................................................
TEMPERATURE (F)
 YESTERDAY
  MAXIMUM         37    705 PM  65    1955  35      2       22
  MINIMUM         34   1159 PM -15    1983  20     14       -1
  AVERAGE         36                        28      8

PRECIPITATION (IN)
  YESTERDAY        T             2.14 1982   0.07  -0.07     0.00
  MONTH TO DATE    1.31                      1.84  -0.53     1.08
  SINCE DEC 1      1.31                      1.84  -0.53     1.08
  SINCE JAN 1     40.12                     36.92   3.20    35.67

DEGREE DAYS
 HEATING
  YESTERDAY       29                        37     -8
  MONTH TO DATE  727                       825    -98
  SINCE DEC 1    727                       825    -98
  SINCE JUL 1   2004                      1925     79

 COOLING
  YESTERDAY        0                         0      0
  MONTH TO DATE    0                         0      0
  SINCE DEC 1      0                         0      0
  SINCE JAN 1   1021                      1094    -73
..................................................................


WIND (MPH)
  HIGHEST WIND SPEED    23   HIGHEST WIND DIRECTION     W (290)
  HIGHEST GUST SPEED    29   HIGHEST GUST DIRECTION     W (290)
  AVERAGE WIND SPEED    11.5


SKY COVER
  AVERAGE SKY COVER 0.9



RELATIVE HUMIDITY (PERCENT)
 HIGHEST    92           300 AM
 LOWEST     75           900 PM
 AVERAGE    84

..........................................................


THE QUINCY IL CLIMATE NORMALS FOR TODAY
                         NORMAL    RECORD    YEAR
 MAXIMUM TEMPERATURE (F)   35        62      1922
 MINIMUM TEMPERATURE (F)   20       -16      1983


SUNRISE AND SUNSET
DECEMBER 25 2014......SUNRISE   725 AM CST   SUNSET   445 PM CST
DECEMBER 26 2014......SUNRISE   725 AM CST   SUNSET   446 PM CST


-  INDICATES NEGATIVE NUMBERS.
R  INDICATES RECORD WAS SET OR TIED.
MM INDICATES DATA IS MISSING.
T  INDICATES TRACE AMOUNT.




$$
