000
CDUS43 KLSX 270728
CLIUIN


CLIMATE REPORT
NATIONAL WEATHER SERVICE ST LOUIS MO
228 AM CDT TUE JUN 27 2017


...................................

...THE QUINCY IL CLIMATE SUMMARY FOR JUNE 26 2017...

CLIMATE NORMAL PERIOD 1981 TO 2010
CLIMATE RECORD PERIOD 1901 TO 2017


WEATHER ITEM   OBSERVED TIME   RECORD YEAR NORMAL DEPARTURE LAST
                VALUE   (LST)  VALUE       VALUE  FROM      YEAR
                                                  NORMAL
..................................................................
TEMPERATURE (F)
 YESTERDAY
  MAXIMUM         73    427 PM 101    1954  84    -11       92
                                      1931
                                      1914
  MINIMUM         51    506 AM  49    1958  65    -14       70
  AVERAGE         62                        75    -13

PRECIPITATION (IN)
  YESTERDAY        0.11          1.98 1942   0.12  -0.01     0.04
  MONTH TO DATE    2.33                      3.50  -1.17     0.61
  SINCE JUN 1      2.33                      3.50  -1.17     0.61
  SINCE JAN 1     19.11                     17.59   1.52     9.29

DEGREE DAYS
 HEATING
  YESTERDAY        3                         0      3
  MONTH TO DATE    4                        14    -10
  SINCE JUN 1      4                        14    -10
  SINCE JUL 1   4437                      5580  -1143

 COOLING
  YESTERDAY        0                        10    -10
  MONTH TO DATE  240                       188     52
  SINCE JUN 1    240                       188     52
  SINCE JAN 1    349                       274     75
..................................................................


WIND (MPH)
  HIGHEST WIND SPEED    18   HIGHEST WIND DIRECTION    NE (30)
  HIGHEST GUST SPEED    22   HIGHEST GUST DIRECTION    NE (40)
  AVERAGE WIND SPEED     5.7


SKY COVER
  AVERAGE SKY COVER 0.1



RELATIVE HUMIDITY (PERCENT)
 HIGHEST    89           300 AM
 LOWEST     44           400 PM
 AVERAGE    67

..........................................................


THE QUINCY IL CLIMATE NORMALS FOR TODAY
                         NORMAL    RECORD    YEAR
 MAXIMUM TEMPERATURE (F)   85       102      1931
 MINIMUM TEMPERATURE (F)   65        48      1992
                                             1905


SUNRISE AND SUNSET
JUNE 27 2017..........SUNRISE   538 AM CDT   SUNSET   838 PM CDT
JUNE 28 2017..........SUNRISE   539 AM CDT   SUNSET   838 PM CDT


-  INDICATES NEGATIVE NUMBERS.
R  INDICATES RECORD WAS SET OR TIED.
MM INDICATES DATA IS MISSING.
T  INDICATES TRACE AMOUNT.




$$
