000
CDUS43 KLSX 120745
CLIUIN


CLIMATE REPORT
NATIONAL WEATHER SERVICE ST LOUIS MO
145 AM CST FRI FEB 12 2016


...................................

...THE QUINCY IL CLIMATE SUMMARY FOR FEBRUARY 11 2016...

CLIMATE NORMAL PERIOD 1981 TO 2010
CLIMATE RECORD PERIOD 1901 TO 2016


WEATHER ITEM   OBSERVED TIME   RECORD YEAR NORMAL DEPARTURE LAST
                VALUE   (LST)  VALUE       VALUE  FROM      YEAR
                                                  NORMAL
..................................................................
TEMPERATURE (F)
 YESTERDAY
  MAXIMUM         24    705 PM  70    1999  38    -14       35
  MINIMUM          8    755 AM -12    1981  21    -13       24
  AVERAGE         16                        30    -14

PRECIPITATION (IN)
  YESTERDAY        0.01          1.38 1998   0.07  -0.06     0.00
  MONTH TO DATE    0.16                      0.64  -0.48     0.50
  SINCE DEC 1      6.38                      4.41   1.97     2.94
  SINCE JAN 1      0.56                      2.16  -1.60     1.63

DEGREE DAYS
 HEATING
  YESTERDAY       49                        35     14
  MONTH TO DATE  383                       402    -19
  SINCE DEC 1   2292                      2688   -396
  SINCE JUL 1   3110                      3788   -678

 COOLING
  YESTERDAY        0                         0      0
  MONTH TO DATE    0                         0      0
  SINCE DEC 1      0                         0      0
  SINCE JAN 1      0                         0      0
..................................................................


WIND (MPH)
  HIGHEST WIND SPEED    15   HIGHEST WIND DIRECTION    NE (30)
  HIGHEST GUST SPEED    16   HIGHEST GUST DIRECTION    NE (30)
  AVERAGE WIND SPEED     6.0


SKY COVER
  AVERAGE SKY COVER 0.6



RELATIVE HUMIDITY (PERCENT)
 HIGHEST    80           700 AM
 LOWEST     45           100 PM
 AVERAGE    63

..........................................................


THE QUINCY IL CLIMATE NORMALS FOR TODAY
                         NORMAL    RECORD    YEAR
 MAXIMUM TEMPERATURE (F)   38        69      1990
 MINIMUM TEMPERATURE (F)   22       -12      1988
                                             1944


SUNRISE AND SUNSET
FEBRUARY 12 2016......SUNRISE   702 AM CST   SUNSET   537 PM CST
FEBRUARY 13 2016......SUNRISE   701 AM CST   SUNSET   538 PM CST


-  INDICATES NEGATIVE NUMBERS.
R  INDICATES RECORD WAS SET OR TIED.
MM INDICATES DATA IS MISSING.
T  INDICATES TRACE AMOUNT.




$$
