000
CDUS43 KLSX 292246
CLIUIN


CLIMATE REPORT
NATIONAL WEATHER SERVICE ST LOUIS MO
535 PM CDT THU SEP 29 2016


...................................

...THE QUINCY IL CLIMATE SUMMARY FOR SEPTEMBER 29 2016...
VALID TODAY AS OF 0500 PM LOCAL TIME.

CLIMATE NORMAL PERIOD 1981 TO 2010
CLIMATE RECORD PERIOD 1901 TO 2016


WEATHER ITEM   OBSERVED TIME   RECORD YEAR NORMAL DEPARTURE LAST
                VALUE   (LST)  VALUE       VALUE  FROM      YEAR
                                                  NORMAL
..................................................................
TEMPERATURE (F)
 TODAY
  MAXIMUM         75    348 PM 100    1953  72      3       77
  MINIMUM         50    609 AM  32    1984  50      0       57
                                      1908
  AVERAGE         63                        61      2       67

PRECIPITATION (IN)
  TODAY            0.00          1.80 1906   0.11  -0.11     0.06
  MONTH TO DATE    3.09                      3.20  -0.11     1.27
  SINCE SEP 1      3.09                      3.20  -0.11     1.27
  SINCE JAN 1     26.78                     28.95  -2.17    30.03

DEGREE DAYS
 HEATING
  TODAY            2                         6     -4
  MONTH TO DATE   14                        77    -63
  SINCE SEP 1     14                        77    -63
  SINCE JUL 1     20                        82    -62

 COOLING
  TODAY            0                         2     -2
  MONTH TO DATE  220                       121     99
  SINCE SEP 1    220                       121     99
  SINCE JAN 1   1396                      1074    322
..................................................................


WIND (MPH)
  HIGHEST WIND SPEED    21   HIGHEST WIND DIRECTION     N (20)
  HIGHEST GUST SPEED    26   HIGHEST GUST DIRECTION     N (20)
  AVERAGE WIND SPEED    13.9


SKY COVER
  AVERAGE SKY COVER 0.3



RELATIVE HUMIDITY (PERCENT)
 HIGHEST    89          1200 AM
 LOWEST     38           300 PM
 AVERAGE    64

..........................................................


THE QUINCY IL CLIMATE NORMALS FOR TOMORROW
                         NORMAL    RECORD    YEAR
 MAXIMUM TEMPERATURE (F)   71        91      1952
                                             1933
 MINIMUM TEMPERATURE (F)   49        35      1916


SUNRISE AND SUNSET
SEPTEMBER 29 2016.....SUNRISE   700 AM CDT   SUNSET   649 PM CDT
SEPTEMBER 30 2016.....SUNRISE   701 AM CDT   SUNSET   648 PM CDT


-  INDICATES NEGATIVE NUMBERS.
R  INDICATES RECORD WAS SET OR TIED.
MM INDICATES DATA IS MISSING.
T  INDICATES TRACE AMOUNT.




$$
