000
CDUS43 KLSX 011245
CLIUIN


CLIMATE REPORT
NATIONAL WEATHER SERVICE ST LOUIS MO
745 AM CDT WED JUL 1 2015


...................................

...THE QUINCY IL CLIMATE SUMMARY FOR JUNE 30 2015...

CLIMATE NORMAL PERIOD 1981 TO 2010
CLIMATE RECORD PERIOD 1901 TO 2015


WEATHER ITEM   OBSERVED TIME   RECORD YEAR NORMAL DEPARTURE LAST
                VALUE   (LST)  VALUE       VALUE  FROM      YEAR
                                                  NORMAL
..................................................................
TEMPERATURE (F)
 YESTERDAY
  MAXIMUM         81    431 PM 103    1931  85     -4       89
  MINIMUM         64    425 AM  49    1943  66     -2       71
  AVERAGE         73                        76     -3

PRECIPITATION (IN)
  YESTERDAY        0.00          2.11 1993   0.12  -0.12     0.05
  MONTH TO DATE    8.53                      3.99   4.54     8.15
  SINCE JUN 1      8.53                      3.99   4.54     8.15
  SINCE JAN 1     17.21                     18.08  -0.87    16.56

DEGREE DAYS
 HEATING
  YESTERDAY        0                         0      0
  MONTH TO DATE    8                        14     -6
  SINCE JUN 1      8                        16     -8
  SINCE JUL 1   5760                      5582    178

 COOLING
  YESTERDAY        8                        11     -3
  MONTH TO DATE  247                       227     20
  SINCE JUN 1    247                       227     20
  SINCE JAN 1    361                       313     48
..................................................................


WIND (MPH)
  HIGHEST WIND SPEED    15   HIGHEST WIND DIRECTION     W (290)
  HIGHEST GUST SPEED    18   HIGHEST GUST DIRECTION    NW (320)
  AVERAGE WIND SPEED     5.8


SKY COVER
  AVERAGE SKY COVER 0.0



RELATIVE HUMIDITY (PERCENT)
 HIGHEST    97          1000 PM
 LOWEST     62           100 PM
 AVERAGE    80

..........................................................


THE QUINCY IL CLIMATE NORMALS FOR TODAY
                         NORMAL    RECORD    YEAR
 MAXIMUM TEMPERATURE (F)   85       104      1931
 MINIMUM TEMPERATURE (F)   66        52      1988
                                             1951


SUNRISE AND SUNSET
JULY  1 2015..........SUNRISE   540 AM CDT   SUNSET   837 PM CDT
JULY  2 2015..........SUNRISE   540 AM CDT   SUNSET   837 PM CDT


-  INDICATES NEGATIVE NUMBERS.
R  INDICATES RECORD WAS SET OR TIED.
MM INDICATES DATA IS MISSING.
T  INDICATES TRACE AMOUNT.




$$
