000
CDUS43 KLSX 192133
CLIUIN


CLIMATE REPORT
NATIONAL WEATHER SERVICE ST LOUIS MO
432 PM CDT THU OCT 19 2017


...................................

...THE QUINCY IL CLIMATE SUMMARY FOR OCTOBER 19 2017...
VALID TODAY AS OF 0400 PM LOCAL TIME.

CLIMATE NORMAL PERIOD 1981 TO 2010
CLIMATE RECORD PERIOD 1901 TO 2017


WEATHER ITEM   OBSERVED TIME   RECORD YEAR NORMAL DEPARTURE LAST
                VALUE   (LST)  VALUE       VALUE  FROM      YEAR
                                                  NORMAL
..................................................................
TEMPERATURE (F)
 TODAY
  MAXIMUM         77    259 PM  87    1924  64     13       65
  MINIMUM         50    611 AM  20    1972  44      6       49
  AVERAGE         64                        54     10       57

PRECIPITATION (IN)
  TODAY            0.00          1.95 1938   0.10  -0.10      T
  MONTH TO DATE    3.83                      1.86   1.97     1.82
  SINCE SEP 1      4.50                      5.16  -0.66     4.91
  SINCE JAN 1     30.65                     30.91  -0.26    28.60

DEGREE DAYS
 HEATING
  TODAY            1                        12    -11
  MONTH TO DATE   62                       173   -111
  SINCE SEP 1     93                       255   -162
  SINCE JUL 1     93                       260   -167

 COOLING
  TODAY            0                         0      0
  MONTH TO DATE   47                        14     33
  SINCE SEP 1    227                       137     90
  SINCE JAN 1   1222                      1090    132
..................................................................


WIND (MPH)
  HIGHEST WIND SPEED    12   HIGHEST WIND DIRECTION     S (190)
  HIGHEST GUST SPEED    16   HIGHEST GUST DIRECTION     S (200)
  AVERAGE WIND SPEED     7.1


SKY COVER
  AVERAGE SKY COVER 0.0



RELATIVE HUMIDITY (PERCENT)
 HIGHEST    83           700 AM
 LOWEST     40           300 PM
 AVERAGE    62

..........................................................


THE QUINCY IL CLIMATE NORMALS FOR TOMORROW
                         NORMAL    RECORD    YEAR
 MAXIMUM TEMPERATURE (F)   64        87      1979
                                             1953
 MINIMUM TEMPERATURE (F)   43        22      1960


SUNRISE AND SUNSET
OCTOBER 19 2017.......SUNRISE   720 AM CDT   SUNSET   619 PM CDT
OCTOBER 20 2017.......SUNRISE   721 AM CDT   SUNSET   618 PM CDT


-  INDICATES NEGATIVE NUMBERS.
R  INDICATES RECORD WAS SET OR TIED.
MM INDICATES DATA IS MISSING.
T  INDICATES TRACE AMOUNT.




$$
