072
CDUS43 KLSX 282129
CLIUIN


CLIMATE REPORT
NATIONAL WEATHER SERVICE ST LOUIS MO
428 PM CDT FRI APR 28 2017


...................................

...THE QUINCY IL CLIMATE SUMMARY FOR APRIL 28 2017...
VALID TODAY AS OF 0400 PM LOCAL TIME.

CLIMATE NORMAL PERIOD 1981 TO 2010
CLIMATE RECORD PERIOD 1901 TO 2017


WEATHER ITEM   OBSERVED TIME   RECORD YEAR NORMAL DEPARTURE LAST
                VALUE   (LST)  VALUE       VALUE  FROM      YEAR
                                                  NORMAL
..................................................................
TEMPERATURE (F)
 TODAY
  MAXIMUM         60    259 PM  88    1970  68     -8       61
  MINIMUM         48    405 AM  34    1928  47      1       47
  AVERAGE         54                        57     -3       54

PRECIPITATION (IN)
  TODAY            0.23          1.59 1956   0.13   0.10     0.00
                                      2005
                                      2009
  MONTH TO DATE    3.31                      3.43  -0.12     2.74
  SINCE MAR 1      6.49                      5.89   0.60     3.82
  SINCE JAN 1      8.54                      9.29  -0.75     4.44

DEGREE DAYS
 HEATING
  TODAY           11                         8      3
  MONTH TO DATE  222                       354   -132
  SINCE MAR 1    844                      1072   -228
  SINCE JUL 1   4285                      5414  -1129

 COOLING
  TODAY            0                         1     -1
  MONTH TO DATE   32                        15     17
  SINCE MAR 1     32                        17     15
  SINCE JAN 1     32                        17     15
..................................................................


WIND (MPH)
  HIGHEST WIND SPEED    22   HIGHEST WIND DIRECTION    SE (130)
  HIGHEST GUST SPEED    29   HIGHEST GUST DIRECTION    SE (130)
  AVERAGE WIND SPEED     8.2


SKY COVER
  AVERAGE SKY COVER 0.5



RELATIVE HUMIDITY (PERCENT)
 HIGHEST   100          1100 AM
 LOWEST     77          1200 AM
 AVERAGE    89

..........................................................


THE QUINCY IL CLIMATE NORMALS FOR TOMORROW
                         NORMAL    RECORD    YEAR
 MAXIMUM TEMPERATURE (F)   68        91      1910
 MINIMUM TEMPERATURE (F)   48        30      1958


SUNRISE AND SUNSET
APRIL 28 2017.........SUNRISE   608 AM CDT   SUNSET   757 PM CDT
APRIL 29 2017.........SUNRISE   607 AM CDT   SUNSET   758 PM CDT


-  INDICATES NEGATIVE NUMBERS.
R  INDICATES RECORD WAS SET OR TIED.
MM INDICATES DATA IS MISSING.
T  INDICATES TRACE AMOUNT.




$$
