000
CDUS43 KLSX 172230
CLIUIN


CLIMATE REPORT
NATIONAL WEATHER SERVICE ST LOUIS MO
428 PM CST THU NOV 17 2016


...................................

...THE QUINCY IL CLIMATE SUMMARY FOR NOVEMBER 17 2016...
VALID TODAY AS OF 0400 PM LOCAL TIME.

CLIMATE NORMAL PERIOD 1981 TO 2010
CLIMATE RECORD PERIOD 1901 TO 2016


WEATHER ITEM   OBSERVED TIME   RECORD YEAR NORMAL DEPARTURE LAST
                VALUE   (LST)  VALUE       VALUE  FROM      YEAR
                                                  NORMAL
..................................................................
TEMPERATURE (F)
 TODAY
  MAXIMUM         78R   250 PM  78    1952  51     27       64
  MINIMUM         60    517 AM   3    1959  33     27       53
  AVERAGE         69                        42     27       59

PRECIPITATION (IN)
  TODAY            0.00          2.47 1928   0.10  -0.10     2.31
  MONTH TO DATE    0.81                      1.74  -0.93     2.65
  SINCE SEP 1      5.81                      8.05  -2.24     4.88
  SINCE JAN 1     29.50                     33.80  -4.30    33.64

DEGREE DAYS
 HEATING
  TODAY            0                        23    -23
  MONTH TO DATE  184                       329   -145
  SINCE SEP 1    376                       748   -372
  SINCE JUL 1    382                       753   -371

 COOLING
  TODAY            4                         0      4
  MONTH TO DATE   15                         0     15
  SINCE SEP 1    296                       140    156
  SINCE JAN 1   1472                      1093    379
..................................................................


WIND (MPH)
  HIGHEST WIND SPEED    30   HIGHEST WIND DIRECTION    SW (210)
  HIGHEST GUST SPEED    39   HIGHEST GUST DIRECTION    SW (210)
  AVERAGE WIND SPEED    15.0


SKY COVER
  AVERAGE SKY COVER 0.0



RELATIVE HUMIDITY (PERCENT)
 HIGHEST    60           500 AM
 LOWEST     32           200 PM
 AVERAGE    46

..........................................................


THE QUINCY IL CLIMATE NORMALS FOR TOMORROW
                         NORMAL    RECORD    YEAR
 MAXIMUM TEMPERATURE (F)   50        74      1999
                                             1953
 MINIMUM TEMPERATURE (F)   33         7      1903


SUNRISE AND SUNSET
NOVEMBER 17 2016......SUNRISE   653 AM CST   SUNSET   447 PM CST
NOVEMBER 18 2016......SUNRISE   654 AM CST   SUNSET   446 PM CST


-  INDICATES NEGATIVE NUMBERS.
R  INDICATES RECORD WAS SET OR TIED.
MM INDICATES DATA IS MISSING.
T  INDICATES TRACE AMOUNT.




$$
