000
CDUS43 KLSX 142230
CLIUIN


CLIMATE REPORT
NATIONAL WEATHER SERVICE ST LOUIS MO
529 PM CDT THU JUL 14 2016


...................................

...THE QUINCY IL CLIMATE SUMMARY FOR JULY 14 2016...
VALID TODAY AS OF 0500 PM LOCAL TIME.

CLIMATE NORMAL PERIOD 1981 TO 2010
CLIMATE RECORD PERIOD 1901 TO 2016


WEATHER ITEM   OBSERVED TIME   RECORD YEAR NORMAL DEPARTURE LAST
                VALUE   (LST)  VALUE       VALUE  FROM      YEAR
                                                  NORMAL
..................................................................
TEMPERATURE (F)
 TODAY
  MAXIMUM         88   1255 PM 112    1954  86      2       89
  MINIMUM         69    517 AM  47    1950  67      2       71
  AVERAGE         79                        76      3       80

PRECIPITATION (IN)
  TODAY            0.00          3.09 1920   0.14  -0.14     0.00
  MONTH TO DATE    3.13                      1.88   1.25     6.22
  SINCE JUN 1      4.15                      5.87  -1.72    14.75
  SINCE JAN 1     12.83                     19.96  -7.13    23.43

DEGREE DAYS
 HEATING
  TODAY            0                         0      0
  MONTH TO DATE    6                         0      6
  SINCE JUN 1      6                        16    -10
  SINCE JUL 1      6                         0      6

 COOLING
  TODAY           14                        11      3
  MONTH TO DATE  139                       154    -15
  SINCE JUN 1    496                       381    115
  SINCE JAN 1    600                       467    133
..................................................................


WIND (MPH)
  HIGHEST WIND SPEED    13   HIGHEST WIND DIRECTION     W (260)
  HIGHEST GUST SPEED    16   HIGHEST GUST DIRECTION     W (260)
  AVERAGE WIND SPEED     7.2


SKY COVER
  AVERAGE SKY COVER 0.1



RELATIVE HUMIDITY (PERCENT)
 HIGHEST   100           400 AM
 LOWEST     53          1200 PM
 AVERAGE    77

..........................................................


THE QUINCY IL CLIMATE NORMALS FOR TOMORROW
                         NORMAL    RECORD    YEAR
 MAXIMUM TEMPERATURE (F)   86       114      1936
 MINIMUM TEMPERATURE (F)   67        52      1967
                                             1945


SUNRISE AND SUNSET
JULY 14 2016..........SUNRISE   548 AM CDT   SUNSET   833 PM CDT
JULY 15 2016..........SUNRISE   549 AM CDT   SUNSET   832 PM CDT


-  INDICATES NEGATIVE NUMBERS.
R  INDICATES RECORD WAS SET OR TIED.
MM INDICATES DATA IS MISSING.
T  INDICATES TRACE AMOUNT.




$$
