000
CDUS43 KLSX 100745
CLIUIN


CLIMATE REPORT
NATIONAL WEATHER SERVICE ST LOUIS MO
145 AM CST WED DEC 10 2014


...................................

...THE QUINCY IL CLIMATE SUMMARY FOR DECEMBER 9 2014...

CLIMATE NORMAL PERIOD 1981 TO 2010
CLIMATE RECORD PERIOD 1901 TO 2014


WEATHER ITEM   OBSERVED TIME   RECORD YEAR NORMAL DEPARTURE LAST
                VALUE   (LST)  VALUE       VALUE  FROM      YEAR
                                                  NORMAL
..................................................................
TEMPERATURE (F)
 YESTERDAY
  MAXIMUM         34    257 PM  71    1940  39     -5       23
  MINIMUM         30    852 AM  -8    1917  24      6        8
                                      1909
  AVERAGE         32                        31      1

PRECIPITATION (IN)
  YESTERDAY        0.00          1.01 2003   0.08  -0.08     0.00
  MONTH TO DATE    0.50                      0.77  -0.27      T
  SINCE DEC 1      0.50                      0.77  -0.27      T
  SINCE JAN 1     39.31                     35.85   3.46    34.59

DEGREE DAYS
 HEATING
  YESTERDAY       33                        34     -1
  MONTH TO DATE  307                       288     19
  SINCE DEC 1    307                       288     19
  SINCE JUL 1   1584                      1388    196

 COOLING
  YESTERDAY        0                         0      0
  MONTH TO DATE    0                         0      0
  SINCE DEC 1      0                         0      0
  SINCE JAN 1   1021                      1094    -73
..................................................................


WIND (MPH)
  HIGHEST WIND SPEED    20   HIGHEST WIND DIRECTION     N (340)
  HIGHEST GUST SPEED    24   HIGHEST GUST DIRECTION     N (340)
  AVERAGE WIND SPEED     9.2


SKY COVER
  AVERAGE SKY COVER 1.0



RELATIVE HUMIDITY (PERCENT)
 HIGHEST    85           700 PM
 LOWEST     69          1200 AM
 AVERAGE    77

..........................................................


THE QUINCY IL CLIMATE NORMALS FOR TODAY
                         NORMAL    RECORD    YEAR
 MAXIMUM TEMPERATURE (F)   39        63      1979
 MINIMUM TEMPERATURE (F)   23        -7      1917


SUNRISE AND SUNSET
DECEMBER 10 2014......SUNRISE   716 AM CST   SUNSET   440 PM CST
DECEMBER 11 2014......SUNRISE   716 AM CST   SUNSET   440 PM CST


-  INDICATES NEGATIVE NUMBERS.
R  INDICATES RECORD WAS SET OR TIED.
MM INDICATES DATA IS MISSING.
T  INDICATES TRACE AMOUNT.




$$
