878
CDUS43 KLSX 182227
CLIUIN


CLIMATE REPORT
NATIONAL WEATHER SERVICE ST LOUIS MO
526 PM CDT SUN SEP 18 2016


...................................

...THE QUINCY IL CLIMATE SUMMARY FOR SEPTEMBER 18 2016...
VALID TODAY AS OF 0500 PM LOCAL TIME.

CLIMATE NORMAL PERIOD 1981 TO 2010
CLIMATE RECORD PERIOD 1901 TO 2016


WEATHER ITEM   OBSERVED TIME   RECORD YEAR NORMAL DEPARTURE LAST
                VALUE   (LST)  VALUE       VALUE  FROM      YEAR
                                                  NORMAL
..................................................................
TEMPERATURE (F)
 TODAY
  MAXIMUM         83    359 PM  98    1925  76      7       84
  MINIMUM         57    604 AM  33    1901  55      2       64
  AVERAGE         70                        65      5       74

PRECIPITATION (IN)
  TODAY            0.00          2.26 1975   0.10  -0.10     0.07
  MONTH TO DATE    3.09                      1.96   1.13     1.21
  SINCE SEP 1      3.09                      1.96   1.13     1.21
  SINCE JAN 1     26.78                     27.71  -0.93    29.97

DEGREE DAYS
 HEATING
  TODAY            0                         3     -3
  MONTH TO DATE    0                        26    -26
  SINCE SEP 1      0                        26    -26
  SINCE JUL 1      6                        31    -25

 COOLING
  TODAY            5                         3      2
  MONTH TO DATE  135                        95     40
  SINCE SEP 1    135                        95     40
  SINCE JAN 1   1311                      1048    263
..................................................................


WIND (MPH)
  HIGHEST WIND SPEED    10   HIGHEST WIND DIRECTION     S (190)
  HIGHEST GUST SPEED    13   HIGHEST GUST DIRECTION     S (170)
  AVERAGE WIND SPEED     2.3


SKY COVER
  AVERAGE SKY COVER 0.0



RELATIVE HUMIDITY (PERCENT)
 HIGHEST   100           100 AM
 LOWEST     33           300 PM
 AVERAGE    67

..........................................................


THE QUINCY IL CLIMATE NORMALS FOR TOMORROW
                         NORMAL    RECORD    YEAR
 MAXIMUM TEMPERATURE (F)   76        95      1972
                                             1947
                                             1925
 MINIMUM TEMPERATURE (F)   54        35      1991


SUNRISE AND SUNSET
SEPTEMBER 18 2016.....SUNRISE   649 AM CDT   SUNSET   708 PM CDT
SEPTEMBER 19 2016.....SUNRISE   650 AM CDT   SUNSET   706 PM CDT


-  INDICATES NEGATIVE NUMBERS.
R  INDICATES RECORD WAS SET OR TIED.
MM INDICATES DATA IS MISSING.
T  INDICATES TRACE AMOUNT.




$$
