000
CDUS43 KLSX 192230
CLIUIN


CLIMATE REPORT
NATIONAL WEATHER SERVICE ST LOUIS MO
529 PM CDT WED AUG 19 2015


...................................

...THE QUINCY IL CLIMATE SUMMARY FOR AUGUST 19 2015...
VALID TODAY AS OF 0500 PM LOCAL TIME.

CLIMATE NORMAL PERIOD 1981 TO 2010
CLIMATE RECORD PERIOD 1901 TO 2015


WEATHER ITEM   OBSERVED TIME   RECORD YEAR NORMAL DEPARTURE LAST
                VALUE   (LST)  VALUE       VALUE  FROM      YEAR
                                                  NORMAL
..................................................................
TEMPERATURE (F)
 TODAY
  MAXIMUM         73    153 AM 106    1936  85    -12       85
  MINIMUM         60    715 AM  46    1950  64     -4       67
  AVERAGE         67                        74     -7       76

PRECIPITATION (IN)
  TODAY            T             2.00 2009   0.11  -0.11     0.12
  MONTH TO DATE    1.90                      2.24  -0.34     5.35
  SINCE JUN 1     19.85                     10.27   9.58    16.39
  SINCE JAN 1     28.53                     24.36   4.17    24.80

DEGREE DAYS
 HEATING
  TODAY            0                         0      0
  MONTH TO DATE    0                         0      0
  SINCE JUN 1     11                        16     -5
  SINCE JUL 1      3                         0      3

 COOLING
  TODAY            2                        10     -8
  MONTH TO DATE  203                       195      8
  SINCE JUN 1    786                       765     21
  SINCE JAN 1    900                       851     49
..................................................................


WIND (MPH)
  HIGHEST WIND SPEED    20   HIGHEST WIND DIRECTION     W (290)
  HIGHEST GUST SPEED    30   HIGHEST GUST DIRECTION    SW (240)
  AVERAGE WIND SPEED    11.9


SKY COVER
  AVERAGE SKY COVER 0.6



RELATIVE HUMIDITY (PERCENT)
 HIGHEST    93           100 AM
 LOWEST     63          1200 PM
 AVERAGE    78

..........................................................


THE QUINCY IL CLIMATE NORMALS FOR TOMORROW
                         NORMAL    RECORD    YEAR
 MAXIMUM TEMPERATURE (F)   84       104      1936
 MINIMUM TEMPERATURE (F)   64        42      1950


SUNRISE AND SUNSET
AUGUST 19 2015........SUNRISE   620 AM CDT   SUNSET   756 PM CDT
AUGUST 20 2015........SUNRISE   621 AM CDT   SUNSET   755 PM CDT


-  INDICATES NEGATIVE NUMBERS.
R  INDICATES RECORD WAS SET OR TIED.
MM INDICATES DATA IS MISSING.
T  INDICATES TRACE AMOUNT.




$$
