000
CDUS43 KLSX 092228
CLIUIN


CLIMATE REPORT
NATIONAL WEATHER SERVICE ST LOUIS MO
527 PM CDT MON MAY 9 2016


...................................

...THE QUINCY IL CLIMATE SUMMARY FOR MAY 9 2016...
VALID TODAY AS OF 0500 PM LOCAL TIME.

CLIMATE NORMAL PERIOD 1981 TO 2010
CLIMATE RECORD PERIOD 1901 TO 2016


WEATHER ITEM   OBSERVED TIME   RECORD YEAR NORMAL DEPARTURE LAST
                VALUE   (LST)  VALUE       VALUE  FROM      YEAR
                                                  NORMAL
..................................................................
TEMPERATURE (F)
 TODAY
  MAXIMUM         70   1150 AM  90    1963  71     -1       73
                                      1934
                                      1928
  MINIMUM         56    533 AM  31    1966  51      5       59
                                      1960
  AVERAGE         63                        61      2       66

PRECIPITATION (IN)
  TODAY            0.11          1.58 1935   0.14  -0.03      T
  MONTH TO DATE    0.98                      1.21  -0.23     1.61
  SINCE MAR 1      5.40                      7.36  -1.96     4.26
  SINCE JAN 1      6.02                     10.76  -4.74     6.30

DEGREE DAYS
 HEATING
  TODAY            2                         6     -4
  MONTH TO DATE   60                        59      1
  SINCE MAR 1    907                      1147   -240
  SINCE JUL 1   4504                      5489   -985

 COOLING
  TODAY            0                         1     -1
  MONTH TO DATE    7                         9     -2
  SINCE MAR 1     28                        27      1
  SINCE JAN 1     28                        27      1
..................................................................


WIND (MPH)
  HIGHEST WIND SPEED    16   HIGHEST WIND DIRECTION     S (180)
  HIGHEST GUST SPEED    22   HIGHEST GUST DIRECTION     S (180)
  AVERAGE WIND SPEED    11.0


SKY COVER
  AVERAGE SKY COVER 0.8



RELATIVE HUMIDITY (PERCENT)
 HIGHEST    93           100 AM
 LOWEST     78          1200 PM
 AVERAGE    86

..........................................................


THE QUINCY IL CLIMATE NORMALS FOR TOMORROW
                         NORMAL    RECORD    YEAR
 MAXIMUM TEMPERATURE (F)   71        92      2011
                                             1928
 MINIMUM TEMPERATURE (F)   51        28      1966


SUNRISE AND SUNSET
MAY  9 2016...........SUNRISE   555 AM CDT   SUNSET   808 PM CDT
MAY 10 2016...........SUNRISE   554 AM CDT   SUNSET   809 PM CDT


-  INDICATES NEGATIVE NUMBERS.
R  INDICATES RECORD WAS SET OR TIED.
MM INDICATES DATA IS MISSING.
T  INDICATES TRACE AMOUNT.




$$
