000
CDUS43 KLSX 282226
CLIUIN


CLIMATE REPORT
NATIONAL WEATHER SERVICE ST LOUIS MO
425 PM CST WED DEC 28 2016


...................................

...THE QUINCY IL CLIMATE SUMMARY FOR DECEMBER 28 2016...
VALID TODAY AS OF 0400 PM LOCAL TIME.

CLIMATE NORMAL PERIOD 1981 TO 2010
CLIMATE RECORD PERIOD 1901 TO 2016


WEATHER ITEM   OBSERVED TIME   RECORD YEAR NORMAL DEPARTURE LAST
                VALUE   (LST)  VALUE       VALUE  FROM      YEAR
                                                  NORMAL
..................................................................
TEMPERATURE (F)
 TODAY
  MAXIMUM         49    310 PM  70    1984  35     14       36
  MINIMUM         29    613 AM -20    1924  19     10       31
  AVERAGE         39                        27     12       34

PRECIPITATION (IN)
  TODAY            0.00          1.08 2015   0.06  -0.06     1.08
  MONTH TO DATE    1.03                      2.08  -1.05     5.80
  SINCE DEC 1      1.03                      2.08  -1.05     5.80
  SINCE JAN 1     30.88                     37.16  -6.28    39.47

DEGREE DAYS
 HEATING
  TODAY           26                        38    -12
  MONTH TO DATE 1025                       977     48
  SINCE DEC 1   1025                       977     48
  SINCE JUL 1   1713                      2077   -364

 COOLING
  TODAY            0                         0      0
  MONTH TO DATE    0                         0      0
  SINCE DEC 1      0                         0      0
  SINCE JAN 1   1472                      1094    378
..................................................................


WIND (MPH)
  HIGHEST WIND SPEED    16   HIGHEST WIND DIRECTION     S (200)
  HIGHEST GUST SPEED    22   HIGHEST GUST DIRECTION     S (200)
  AVERAGE WIND SPEED     9.8


SKY COVER
  AVERAGE SKY COVER 0.0



RELATIVE HUMIDITY (PERCENT)
 HIGHEST    72           300 AM
 LOWEST     53          1100 AM
 AVERAGE    63

..........................................................


THE QUINCY IL CLIMATE NORMALS FOR TOMORROW
                         NORMAL    RECORD    YEAR
 MAXIMUM TEMPERATURE (F)   35        66      1984
 MINIMUM TEMPERATURE (F)   19       -12      1917


SUNRISE AND SUNSET
DECEMBER 28 2016......SUNRISE   726 AM CST   SUNSET   448 PM CST
DECEMBER 29 2016......SUNRISE   726 AM CST   SUNSET   448 PM CST


-  INDICATES NEGATIVE NUMBERS.
R  INDICATES RECORD WAS SET OR TIED.
MM INDICATES DATA IS MISSING.
T  INDICATES TRACE AMOUNT.




$$
