000
CDUS43 KLSX 312229
CLIUIN


CLIMATE REPORT
NATIONAL WEATHER SERVICE ST LOUIS MO
528 PM CDT SUN MAY 31 2015


...................................

...THE QUINCY IL CLIMATE SUMMARY FOR MAY 31 2015...
VALID TODAY AS OF 0500 PM LOCAL TIME.

CLIMATE NORMAL PERIOD 1981 TO 2010
CLIMATE RECORD PERIOD 1901 TO 2015


WEATHER ITEM   OBSERVED TIME   RECORD YEAR NORMAL DEPARTURE LAST
                VALUE   (LST)  VALUE       VALUE  FROM      YEAR
                                                  NORMAL
..................................................................
TEMPERATURE (F)
 TODAY
  MAXIMUM         59    359 PM 102    1934  77    -18       86
  MINIMUM         50    817 AM  42    1972  58     -8       69
  AVERAGE         55                        67    -12       78

PRECIPITATION (IN)
  TODAY            0.00          2.29 1919   0.15  -0.15     0.04
  MONTH TO DATE    3.99                      4.54  -0.55     2.16
  SINCE MAR 1      6.64                     10.69  -4.05     6.29
  SINCE JAN 1      8.68                     14.09  -5.41     8.41

DEGREE DAYS
 HEATING
  TODAY           10                         2      8
  MONTH TO DATE   98                       136    -38
  SINCE MAR 1   1086                      1224   -138
  SINCE JUL 1   5752                      5566    186

 COOLING
  TODAY            0                         4     -4
  MONTH TO DATE  108                        68     40
  SINCE MAR 1    114                        86     28
  SINCE JAN 1    114                        86     28
..................................................................


WIND (MPH)
  HIGHEST WIND SPEED    17   HIGHEST WIND DIRECTION    NE (30)
  HIGHEST GUST SPEED    23   HIGHEST GUST DIRECTION    NE (30)
  AVERAGE WIND SPEED    11.4


SKY COVER
  AVERAGE SKY COVER 1.0



RELATIVE HUMIDITY (PERCENT)
 HIGHEST    77           100 AM
 LOWEST     61           700 AM
 AVERAGE    69

..........................................................


THE QUINCY IL CLIMATE NORMALS FOR TOMORROW
                         NORMAL    RECORD    YEAR
 MAXIMUM TEMPERATURE (F)   78       101      1934
 MINIMUM TEMPERATURE (F)   58        45      2012
                                             1972


SUNRISE AND SUNSET
MAY 31 2015...........SUNRISE   539 AM CDT   SUNSET   827 PM CDT
JUNE  1 2015..........SUNRISE   538 AM CDT   SUNSET   827 PM CDT


-  INDICATES NEGATIVE NUMBERS.
R  INDICATES RECORD WAS SET OR TIED.
MM INDICATES DATA IS MISSING.
T  INDICATES TRACE AMOUNT.




$$
