000
CDUS43 KLSX 190745
CLIUIN


CLIMATE REPORT
NATIONAL WEATHER SERVICE ST LOUIS MO
245 AM CDT SUN OCT 19 2014


...................................

...THE QUINCY IL CLIMATE SUMMARY FOR OCTOBER 18 2014...

CLIMATE NORMAL PERIOD 1981 TO 2010
CLIMATE RECORD PERIOD 1901 TO 2014


WEATHER ITEM   OBSERVED TIME   RECORD YEAR NORMAL DEPARTURE LAST
                VALUE   (LST)  VALUE       VALUE  FROM      YEAR
                                                  NORMAL
..................................................................
TEMPERATURE (F)
 YESTERDAY
  MAXIMUM         55   1041 AM  87    1924  64     -9       55
  MINIMUM         42    643 AM  24    1948  44     -2       41
  AVERAGE         49                        54     -5

PRECIPITATION (IN)
  YESTERDAY        0.00          1.29 1905   0.10  -0.10     0.03
  MONTH TO DATE    5.99                      1.76   4.23     0.63
  SINCE SEP 1     12.26                      5.06   7.20     2.43
  SINCE JAN 1     37.88                     30.81   7.07    30.53

DEGREE DAYS
 HEATING
  YESTERDAY       16                        11      5
  MONTH TO DATE  175                       161     14
  SINCE SEP 1    262                       243     19
  SINCE JUL 1    267                       248     19

 COOLING
  YESTERDAY        0                         0      0
  MONTH TO DATE    0                        14    -14
  SINCE SEP 1     87                       137    -50
  SINCE JAN 1   1016                      1090    -74
..................................................................


WIND (MPH)
  HIGHEST WIND SPEED    16   HIGHEST WIND DIRECTION    NW (330)
  HIGHEST GUST SPEED    20   HIGHEST GUST DIRECTION     N (340)
  AVERAGE WIND SPEED     7.6


SKY COVER
  AVERAGE SKY COVER 0.5



RELATIVE HUMIDITY (PERCENT)
 HIGHEST    96           700 AM
 LOWEST     64           100 PM
 AVERAGE    80

..........................................................


THE QUINCY IL CLIMATE NORMALS FOR TODAY
                         NORMAL    RECORD    YEAR
 MAXIMUM TEMPERATURE (F)   64        87      1924
 MINIMUM TEMPERATURE (F)   44        20      1972


SUNRISE AND SUNSET
OCTOBER 19 2014.......SUNRISE   719 AM CDT   SUNSET   619 PM CDT
OCTOBER 20 2014.......SUNRISE   721 AM CDT   SUNSET   618 PM CDT


-  INDICATES NEGATIVE NUMBERS.
R  INDICATES RECORD WAS SET OR TIED.
MM INDICATES DATA IS MISSING.
T  INDICATES TRACE AMOUNT.




$$
