411
CDUS43 KLSX 132245
CLIUIN


CLIMATE REPORT
NATIONAL WEATHER SERVICE ST LOUIS MO
445 PM CST WED DEC 13 2017


...................................

...THE QUINCY IL CLIMATE SUMMARY FOR DECEMBER 13 2017...
VALID TODAY AS OF 0400 PM LOCAL TIME.

CLIMATE NORMAL PERIOD 1981 TO 2010
CLIMATE RECORD PERIOD 1901 TO 2017


WEATHER ITEM   OBSERVED TIME   RECORD YEAR NORMAL DEPARTURE LAST
                VALUE   (LST)  VALUE       VALUE  FROM      YEAR
                                                  NORMAL
..................................................................
TEMPERATURE (F)
 TODAY
  MAXIMUM         53   1241 PM  67    1948  38     15       29
  MINIMUM         25   1258 AM -11    1903  22      3       11
  AVERAGE         39                        30      9       20

PRECIPITATION (IN)
  TODAY            0.00          1.47 2015   0.07  -0.07     0.00
  MONTH TO DATE    0.10                      1.08  -0.98     0.43
  SINCE DEC 1      0.10                      1.08  -0.98     0.43
  SINCE JAN 1     32.70                     36.16  -3.46    30.28

DEGREE DAYS
 HEATING
  TODAY           26                        35     -9
  MONTH TO DATE  365                       426    -61
  SINCE DEC 1    365                       426    -61
  SINCE JUL 1   1312                      1526   -214

 COOLING
  TODAY            0                         0      0
  MONTH TO DATE    0                         0      0
  SINCE DEC 1      0                         0      0
  SINCE JAN 1   1229                      1094    135
..................................................................


WIND (MPH)
  HIGHEST WIND SPEED    38   HIGHEST WIND DIRECTION    NW (300)
  HIGHEST GUST SPEED    49   HIGHEST GUST DIRECTION    NW (300)
  AVERAGE WIND SPEED    17.9


SKY COVER
  AVERAGE SKY COVER 0.4



RELATIVE HUMIDITY (PERCENT)
 HIGHEST    69           500 AM
 LOWEST     39          1200 PM
 AVERAGE    54

..........................................................


THE QUINCY IL CLIMATE NORMALS FOR TOMORROW
                         NORMAL    RECORD    YEAR
 MAXIMUM TEMPERATURE (F)   37        68      1975
 MINIMUM TEMPERATURE (F)   22       -12      1901


SUNRISE AND SUNSET
DECEMBER 13 2017......SUNRISE   718 AM CST   SUNSET   440 PM CST
DECEMBER 14 2017......SUNRISE   719 AM CST   SUNSET   440 PM CST


-  INDICATES NEGATIVE NUMBERS.
R  INDICATES RECORD WAS SET OR TIED.
MM INDICATES DATA IS MISSING.
T  INDICATES TRACE AMOUNT.




$$
