000
CDUS43 KLSX 010801
CLIUIN


CLIMATE REPORT
NATIONAL WEATHER SERVICE ST LOUIS MO
159 AM CST SUN MAR 1 2015


...................................

...THE QUINCY IL CLIMATE SUMMARY FOR FEBRUARY 28 2015...

CLIMATE NORMAL PERIOD 1981 TO 2010
CLIMATE RECORD PERIOD 1901 TO 2015


WEATHER ITEM   OBSERVED TIME   RECORD YEAR NORMAL DEPARTURE LAST
                VALUE   (LST)  VALUE       VALUE  FROM      YEAR
                                                  NORMAL
..................................................................
TEMPERATURE (F)
 YESTERDAY
  MAXIMUM         22    120 PM  68    1932  44    -22       44
  MINIMUM          6    411 AM  -3    1962  27    -21       10
  AVERAGE         14                        36    -22

PRECIPITATION (IN)
  YESTERDAY       MM             0.64 1918   0.08  MM        0.00
  MONTH TO DATE    0.91                      1.88  -0.97     1.42
  SINCE DEC 1      3.35                      5.65  -2.30     3.20
  SINCE JAN 1      2.04                      3.40  -1.36     2.12

DEGREE DAYS
 HEATING
  YESTERDAY       51                        30     21
  MONTH TO DATE 1273                       956    317
  SINCE DEC 1   3389                      3242    147
  SINCE JUL 1   4666                      4342    324

 COOLING
  YESTERDAY        0                         0      0
  MONTH TO DATE    0                         0      0
  SINCE DEC 1      0                         0      0
  SINCE JAN 1      0                         0      0
..................................................................


WIND (MPH)
  HIGHEST WIND SPEED    13   HIGHEST WIND DIRECTION    SE (130)
  HIGHEST GUST SPEED    15   HIGHEST GUST DIRECTION    SE (130)
  AVERAGE WIND SPEED     6.9


SKY COVER
  AVERAGE SKY COVER 0.8



RELATIVE HUMIDITY (PERCENT)
 HIGHEST    91           500 PM
 LOWEST     45           100 PM
 AVERAGE    68

..........................................................


THE QUINCY IL CLIMATE NORMALS FOR TODAY
                         NORMAL    RECORD    YEAR
 MAXIMUM TEMPERATURE (F)   45        74      1992
 MINIMUM TEMPERATURE (F)   27        -4      1962


SUNRISE AND SUNSET
MARCH  1 2015.........SUNRISE   638 AM CST   SUNSET   556 PM CST
MARCH  2 2015.........SUNRISE   637 AM CST   SUNSET   558 PM CST


-  INDICATES NEGATIVE NUMBERS.
R  INDICATES RECORD WAS SET OR TIED.
MM INDICATES DATA IS MISSING.
T  INDICATES TRACE AMOUNT.




$$
