000
CDUS43 KLSX 170731
CLIUIN


CLIMATE REPORT
NATIONAL WEATHER SERVICE ST LOUIS MO
230 AM CDT TUE OCT 17 2017


...................................

...THE QUINCY IL CLIMATE SUMMARY FOR OCTOBER 16 2017...

CLIMATE NORMAL PERIOD 1981 TO 2010
CLIMATE RECORD PERIOD 1901 TO 2017


WEATHER ITEM   OBSERVED TIME   RECORD YEAR NORMAL DEPARTURE LAST
                VALUE   (LST)  VALUE       VALUE  FROM      YEAR
                                                  NORMAL
..................................................................
TEMPERATURE (F)
 YESTERDAY
  MAXIMUM         66    351 PM  88    1950  65      1       85
  MINIMUM         38    601 AM  29    2002  44     -6       67
  AVERAGE         52                        55     -3

PRECIPITATION (IN)
  YESTERDAY        0.00          1.28 1989   0.09  -0.09     0.63
  MONTH TO DATE    3.83                      1.57   2.26     1.82
  SINCE SEP 1      4.50                      4.87  -0.37     4.91
  SINCE JAN 1     30.65                     30.62   0.03    28.60

DEGREE DAYS
 HEATING
  YESTERDAY       13                        11      2
  MONTH TO DATE   50                       139    -89
  SINCE SEP 1     81                       221   -140
  SINCE JUL 1     81                       226   -145

 COOLING
  YESTERDAY        0                         0      0
  MONTH TO DATE   47                        14     33
  SINCE SEP 1    227                       137     90
  SINCE JAN 1   1222                      1090    132
..................................................................


WIND (MPH)
  HIGHEST WIND SPEED    13   HIGHEST WIND DIRECTION     W (280)
  HIGHEST GUST SPEED    18   HIGHEST GUST DIRECTION     W (280)
  AVERAGE WIND SPEED     6.7


SKY COVER
  AVERAGE SKY COVER 0.0



RELATIVE HUMIDITY (PERCENT)
 HIGHEST   100           300 AM
 LOWEST     29           300 PM
 AVERAGE    65

..........................................................


THE QUINCY IL CLIMATE NORMALS FOR TODAY
                         NORMAL    RECORD    YEAR
 MAXIMUM TEMPERATURE (F)   65        90      2016
 MINIMUM TEMPERATURE (F)   44        27      1943


SUNRISE AND SUNSET
OCTOBER 17 2017.......SUNRISE   718 AM CDT   SUNSET   622 PM CDT
OCTOBER 18 2017.......SUNRISE   719 AM CDT   SUNSET   620 PM CDT


-  INDICATES NEGATIVE NUMBERS.
R  INDICATES RECORD WAS SET OR TIED.
MM INDICATES DATA IS MISSING.
T  INDICATES TRACE AMOUNT.




$$
