901
CDUS43 KLSX 290804
CLIUIN


CLIMATE REPORT
NATIONAL WEATHER SERVICE ST LOUIS MO
303 AM CDT SUN MAY 29 2016


...................................

...THE QUINCY IL CLIMATE SUMMARY FOR MAY 28 2016...

CLIMATE NORMAL PERIOD 1981 TO 2010
CLIMATE RECORD PERIOD 1901 TO 2016


WEATHER ITEM   OBSERVED TIME   RECORD YEAR NORMAL DEPARTURE LAST
                VALUE   (LST)  VALUE       VALUE  FROM      YEAR
                                                  NORMAL
..................................................................
TEMPERATURE (F)
 YESTERDAY
  MAXIMUM         83    425 PM  94    1914  76      7       81
  MINIMUM         66   1159 PM  38    1992  57      9       61
                                      1907
  AVERAGE         75                        66      9

PRECIPITATION (IN)
  YESTERDAY        T             1.75 1918   0.16  -0.16     0.02
  MONTH TO DATE    3.64                      4.08  -0.44     3.53
  SINCE MAR 1      8.06                     10.23  -2.17     6.18
  SINCE JAN 1      8.68                     13.63  -4.95     8.22

DEGREE DAYS
 HEATING
  YESTERDAY        0                         2     -2
  MONTH TO DATE  148                       130     18
  SINCE MAR 1    995                      1218   -223
  SINCE JUL 1   4592                      5560   -968

 COOLING
  YESTERDAY       10                         4      6
  MONTH TO DATE   57                        55      2
  SINCE MAR 1     78                        73      5
  SINCE JAN 1     78                        73      5
..................................................................


WIND (MPH)
  HIGHEST WIND SPEED    23   HIGHEST WIND DIRECTION    SW (240)
  HIGHEST GUST SPEED    30   HIGHEST GUST DIRECTION    SW (210)
  AVERAGE WIND SPEED    11.9


SKY COVER
  AVERAGE SKY COVER 0.6



RELATIVE HUMIDITY (PERCENT)
 HIGHEST    93          1200 AM
 LOWEST     52           600 PM
 AVERAGE    73

..........................................................


THE QUINCY IL CLIMATE NORMALS FOR TODAY
                         NORMAL    RECORD    YEAR
 MAXIMUM TEMPERATURE (F)   77        96      1926
 MINIMUM TEMPERATURE (F)   57        38      1947


SUNRISE AND SUNSET
MAY 29 2016...........SUNRISE   539 AM CDT   SUNSET   826 PM CDT
MAY 30 2016...........SUNRISE   539 AM CDT   SUNSET   826 PM CDT


-  INDICATES NEGATIVE NUMBERS.
R  INDICATES RECORD WAS SET OR TIED.
MM INDICATES DATA IS MISSING.
T  INDICATES TRACE AMOUNT.




$$
