000
CDUS43 KLSX 240737
CLIUIN


CLIMATE REPORT
NATIONAL WEATHER SERVICE ST LOUIS MO
236 AM CDT WED AUG 24 2016


...................................

...THE QUINCY IL CLIMATE SUMMARY FOR AUGUST 23 2016...

CLIMATE NORMAL PERIOD 1981 TO 2010
CLIMATE RECORD PERIOD 1901 TO 2016


WEATHER ITEM   OBSERVED TIME   RECORD YEAR NORMAL DEPARTURE LAST
                VALUE   (LST)  VALUE       VALUE  FROM      YEAR
                                                  NORMAL
..................................................................
TEMPERATURE (F)
 YESTERDAY
  MAXIMUM         79   1222 PM 103    1947  84     -5       77
  MINIMUM         60    450 AM  48    1939  64     -4       57
  AVERAGE         70                        74     -4

PRECIPITATION (IN)
  YESTERDAY        0.00          2.65 2002   0.11  -0.11     0.05
  MONTH TO DATE    2.55                      2.70  -0.15     1.95
  SINCE JUN 1     10.27                     10.73  -0.46    19.90
  SINCE JAN 1     18.95                     24.82  -5.87    28.58

DEGREE DAYS
 HEATING
  YESTERDAY        0                         0      0
  MONTH TO DATE    0                         0      0
  SINCE JUN 1      6                        16    -10
  SINCE JUL 1      6                         0      6

 COOLING
  YESTERDAY        5                         9     -4
  MONTH TO DATE  248                       231     17
  SINCE JUN 1    979                       801    178
  SINCE JAN 1   1083                       887    196
..................................................................


WIND (MPH)
  HIGHEST WIND SPEED    21   HIGHEST WIND DIRECTION     S (170)
  HIGHEST GUST SPEED    26   HIGHEST GUST DIRECTION     S (160)
  AVERAGE WIND SPEED    10.7


SKY COVER
  AVERAGE SKY COVER 0.5



RELATIVE HUMIDITY (PERCENT)
 HIGHEST   100           500 AM
 LOWEST     69          1100 AM
 AVERAGE    85

..........................................................


THE QUINCY IL CLIMATE NORMALS FOR TODAY
                         NORMAL    RECORD    YEAR
 MAXIMUM TEMPERATURE (F)   84       109      1936
 MINIMUM TEMPERATURE (F)   64        46      1942


SUNRISE AND SUNSET
AUGUST 24 2016........SUNRISE   626 AM CDT   SUNSET   748 PM CDT
AUGUST 25 2016........SUNRISE   627 AM CDT   SUNSET   746 PM CDT


-  INDICATES NEGATIVE NUMBERS.
R  INDICATES RECORD WAS SET OR TIED.
MM INDICATES DATA IS MISSING.
T  INDICATES TRACE AMOUNT.




$$
