000
CDUS43 KLSX 290737
CLIUIN


CLIMATE REPORT
NATIONAL WEATHER SERVICE ST LOUIS MO
236 AM CDT FRI APR 29 2016


...................................

...THE QUINCY IL CLIMATE SUMMARY FOR APRIL 28 2016...

CLIMATE NORMAL PERIOD 1981 TO 2010
CLIMATE RECORD PERIOD 1901 TO 2016


WEATHER ITEM   OBSERVED TIME   RECORD YEAR NORMAL DEPARTURE LAST
                VALUE   (LST)  VALUE       VALUE  FROM      YEAR
                                                  NORMAL
..................................................................
TEMPERATURE (F)
 YESTERDAY
  MAXIMUM         61    524 PM  88    1970  68     -7       72
  MINIMUM         47    527 AM  34    1928  47      0       41
  AVERAGE         54                        57     -3

PRECIPITATION (IN)
  YESTERDAY        0.00          1.59 1956   0.13  -0.13     0.00
                                      2005
                                      2009
  MONTH TO DATE    2.74                      3.43  -0.69     1.70
  SINCE MAR 1      3.82                      5.89  -2.07     2.65
  SINCE JAN 1      4.44                      9.29  -4.85     4.69

DEGREE DAYS
 HEATING
  YESTERDAY       11                         8      3
  MONTH TO DATE  309                       354    -45
  SINCE MAR 1    829                      1072   -243
  SINCE JUL 1   4426                      5414   -988

 COOLING
  YESTERDAY        0                         1     -1
  MONTH TO DATE   19                        15      4
  SINCE MAR 1     21                        17      4
  SINCE JAN 1     21                        17      4
..................................................................


WIND (MPH)
  HIGHEST WIND SPEED    16   HIGHEST WIND DIRECTION     W (290)
  HIGHEST GUST SPEED    22   HIGHEST GUST DIRECTION     W (270)
  AVERAGE WIND SPEED     8.3


SKY COVER
  AVERAGE SKY COVER 0.8



RELATIVE HUMIDITY (PERCENT)
 HIGHEST   100          1200 AM
 LOWEST     60           400 PM
 AVERAGE    80

..........................................................


THE QUINCY IL CLIMATE NORMALS FOR TODAY
                         NORMAL    RECORD    YEAR
 MAXIMUM TEMPERATURE (F)   68        91      1910
 MINIMUM TEMPERATURE (F)   48        30      1958


SUNRISE AND SUNSET
APRIL 29 2016.........SUNRISE   607 AM CDT   SUNSET   758 PM CDT
APRIL 30 2016.........SUNRISE   606 AM CDT   SUNSET   759 PM CDT


-  INDICATES NEGATIVE NUMBERS.
R  INDICATES RECORD WAS SET OR TIED.
MM INDICATES DATA IS MISSING.
T  INDICATES TRACE AMOUNT.




$$
