000
CDUS43 KLSX 252228
CLIUIN


CLIMATE REPORT
NATIONAL WEATHER SERVICE ST LOUIS MO
526 PM CDT WED MAR 25 2015


...................................

...THE QUINCY IL CLIMATE SUMMARY FOR MARCH 25 2015...
VALID TODAY AS OF 0500 PM LOCAL TIME.

CLIMATE NORMAL PERIOD 1981 TO 2010
CLIMATE RECORD PERIOD 1901 TO 2015


WEATHER ITEM   OBSERVED TIME   RECORD YEAR NORMAL DEPARTURE LAST
                VALUE   (LST)  VALUE       VALUE  FROM      YEAR
                                                  NORMAL
..................................................................
TEMPERATURE (F)
 TODAY
  MAXIMUM         48    353 PM  85    1907  56     -8       35
  MINIMUM         39    824 AM   7    1955  36      3       20
  AVERAGE         44                        46     -2       28

PRECIPITATION (IN)
  TODAY            0.00          1.85 1945   0.08  -0.08      T
  MONTH TO DATE    0.76                      1.93  -1.17     0.21
  SINCE MAR 1      0.76                      1.93  -1.17     0.21
  SINCE JAN 1      2.80                      5.33  -2.53     2.33

DEGREE DAYS
 HEATING
  TODAY           21                        20      1
  MONTH TO DATE  588                       609    -21
  SINCE MAR 1    588                       609    -21
  SINCE JUL 1   5254                      4951    303

 COOLING
  TODAY            0                         0      0
  MONTH TO DATE    0                         0      0
  SINCE MAR 1      0                         0      0
  SINCE JAN 1      0                         0      0
..................................................................


WIND (MPH)
  HIGHEST WIND SPEED    18   HIGHEST WIND DIRECTION     W (280)
  HIGHEST GUST SPEED    24   HIGHEST GUST DIRECTION     W (280)
  AVERAGE WIND SPEED     9.3


SKY COVER
  AVERAGE SKY COVER 0.9



RELATIVE HUMIDITY (PERCENT)
 HIGHEST   100          1200 AM
 LOWEST     76           200 PM
 AVERAGE    88

..........................................................


THE QUINCY IL CLIMATE NORMALS FOR TOMORROW
                         NORMAL    RECORD    YEAR
 MAXIMUM TEMPERATURE (F)   56        82      1991
                                             1910
 MINIMUM TEMPERATURE (F)   36         4      1955


SUNRISE AND SUNSET
MARCH 25 2015.........SUNRISE   700 AM CDT   SUNSET   722 PM CDT
MARCH 26 2015.........SUNRISE   659 AM CDT   SUNSET   723 PM CDT


-  INDICATES NEGATIVE NUMBERS.
R  INDICATES RECORD WAS SET OR TIED.
MM INDICATES DATA IS MISSING.
T  INDICATES TRACE AMOUNT.




$$
