000
CDUS43 KLSX 160727
CLIUIN


CLIMATE REPORT
NATIONAL WEATHER SERVICE ST LOUIS MO
227 AM CDT WED AUG 16 2017


...................................

...THE QUINCY IL CLIMATE SUMMARY FOR AUGUST 15 2017...

CLIMATE NORMAL PERIOD 1981 TO 2010
CLIMATE RECORD PERIOD 1901 TO 2017


WEATHER ITEM   OBSERVED TIME   RECORD YEAR NORMAL DEPARTURE LAST
                VALUE   (LST)  VALUE       VALUE  FROM      YEAR
                                                  NORMAL
..................................................................
TEMPERATURE (F)
 YESTERDAY
  MAXIMUM         88    400 PM 103    2007  85      3       76
  MINIMUM         66    418 AM  46    2004  65      1       65
  AVERAGE         77                        75      2

PRECIPITATION (IN)
  YESTERDAY        0.00          2.10 1916   0.12  -0.12     0.04
  MONTH TO DATE    2.14                      1.78   0.36     2.30
  SINCE JUN 1      7.20                      9.81  -2.61    10.02
  SINCE JAN 1     23.98                     23.90   0.08    18.70

DEGREE DAYS
 HEATING
  YESTERDAY        0                         0      0
  MONTH TO DATE    0                         0      0
  SINCE JUN 1      4                        16    -12
  SINCE JUL 1      0                         0      0

 COOLING
  YESTERDAY       12                        10      2
  MONTH TO DATE   96                       155    -59
  SINCE JUN 1    785                       725     60
  SINCE JAN 1    894                       811     83
..................................................................


WIND (MPH)
  HIGHEST WIND SPEED    10   HIGHEST WIND DIRECTION    SE (150)
  HIGHEST GUST SPEED    13   HIGHEST GUST DIRECTION    SE (140)
  AVERAGE WIND SPEED     5.4


SKY COVER
  AVERAGE SKY COVER 0.2



RELATIVE HUMIDITY (PERCENT)
 HIGHEST   100           200 AM
 LOWEST     50           400 PM
 AVERAGE    75

..........................................................


THE QUINCY IL CLIMATE NORMALS FOR TODAY
                         NORMAL    RECORD    YEAR
 MAXIMUM TEMPERATURE (F)   85       108      1936
 MINIMUM TEMPERATURE (F)   65        49      1992


SUNRISE AND SUNSET
AUGUST 16 2017........SUNRISE   618 AM CDT   SUNSET   800 PM CDT
AUGUST 17 2017........SUNRISE   619 AM CDT   SUNSET   758 PM CDT


-  INDICATES NEGATIVE NUMBERS.
R  INDICATES RECORD WAS SET OR TIED.
MM INDICATES DATA IS MISSING.
T  INDICATES TRACE AMOUNT.




$$
