000
CDUS43 KLSX 012229
CLIUIN


CLIMATE REPORT
NATIONAL WEATHER SERVICE ST LOUIS MO
428 PM CST THU DEC 1 2016


...................................

...THE QUINCY IL CLIMATE SUMMARY FOR DECEMBER 1 2016...
VALID TODAY AS OF 0400 PM LOCAL TIME.

CLIMATE NORMAL PERIOD 1981 TO 2010
CLIMATE RECORD PERIOD 1901 TO 2016


WEATHER ITEM   OBSERVED TIME   RECORD YEAR NORMAL DEPARTURE LAST
                VALUE   (LST)  VALUE       VALUE  FROM      YEAR
                                                  NORMAL
..................................................................
TEMPERATURE (F)
 TODAY
  MAXIMUM         38    357 PM  67    1913  43     -5       46
  MINIMUM         35    740 AM   7    1985  27      8       32
  AVERAGE         37                        35      2       39

PRECIPITATION (IN)
  TODAY            0.00          0.83 1985   0.09  -0.09     0.02
  MONTH TO DATE    0.00                      0.09  -0.09     0.02
  SINCE DEC 1      0.00                      0.09  -0.09     0.02
  SINCE JAN 1     29.85                     35.17  -5.32    33.69

DEGREE DAYS
 HEATING
  TODAY           28                        30     -2
  MONTH TO DATE   28                        30     -2
  SINCE DEC 1     28                        30     -2
  SINCE JUL 1    716                      1130   -414

 COOLING
  TODAY            0                         0      0
  MONTH TO DATE    0                         0      0
  SINCE DEC 1      0                         0      0
  SINCE JAN 1   1472                      1094    378
..................................................................


WIND (MPH)
  HIGHEST WIND SPEED    20   HIGHEST WIND DIRECTION     W (280)
  HIGHEST GUST SPEED    25   HIGHEST GUST DIRECTION     W (290)
  AVERAGE WIND SPEED    12.5


SKY COVER
  AVERAGE SKY COVER 1.0



RELATIVE HUMIDITY (PERCENT)
 HIGHEST    75           400 AM
 LOWEST     64          1000 AM
 AVERAGE    70

..........................................................


THE QUINCY IL CLIMATE NORMALS FOR TOMORROW
                         NORMAL    RECORD    YEAR
 MAXIMUM TEMPERATURE (F)   42        67      1982
                                             1962
 MINIMUM TEMPERATURE (F)   26         0      1929


SUNRISE AND SUNSET
DECEMBER  1 2016......SUNRISE   708 AM CST   SUNSET   440 PM CST
DECEMBER  2 2016......SUNRISE   709 AM CST   SUNSET   440 PM CST


-  INDICATES NEGATIVE NUMBERS.
R  INDICATES RECORD WAS SET OR TIED.
MM INDICATES DATA IS MISSING.
T  INDICATES TRACE AMOUNT.




$$
