000
CDUS43 KLSX 142128
CLIUIN


CLIMATE REPORT
NATIONAL WEATHER SERVICE ST LOUIS MO
428 PM CDT SAT OCT 14 2017


...................................

...THE QUINCY IL CLIMATE SUMMARY FOR OCTOBER 14 2017...
VALID TODAY AS OF 0400 PM LOCAL TIME.

CLIMATE NORMAL PERIOD 1981 TO 2010
CLIMATE RECORD PERIOD 1901 TO 2017


WEATHER ITEM   OBSERVED TIME   RECORD YEAR NORMAL DEPARTURE LAST
                VALUE   (LST)  VALUE       VALUE  FROM      YEAR
                                                  NORMAL
..................................................................
TEMPERATURE (F)
 TODAY
  MAXIMUM         87    220 PM  91    1938  66     21       68
  MINIMUM         68    650 AM  25    1917  45     23       42
  AVERAGE         78                        55     23       55

PRECIPITATION (IN)
  TODAY            T             1.14 1975   0.09  -0.09     0.00
  MONTH TO DATE    2.81                      1.38   1.43     1.19
  SINCE SEP 1      3.48                      4.68  -1.20     4.28
  SINCE JAN 1     29.63                     30.43  -0.80    27.97

DEGREE DAYS
 HEATING
  TODAY            0                        10    -10
  MONTH TO DATE   27                       118    -91
  SINCE SEP 1     58                       200   -142
  SINCE JUL 1     58                       205   -147

 COOLING
  TODAY           13                         0     13
  MONTH TO DATE   48                        14     34
  SINCE SEP 1    228                       137     91
  SINCE JAN 1   1223                      1090    133
..................................................................


WIND (MPH)
  HIGHEST WIND SPEED    24   HIGHEST WIND DIRECTION     S (200)
  HIGHEST GUST SPEED    35   HIGHEST GUST DIRECTION    SW (210)
  AVERAGE WIND SPEED    13.5


SKY COVER
  AVERAGE SKY COVER 0.5



RELATIVE HUMIDITY (PERCENT)
 HIGHEST    78           800 AM
 LOWEST     50           200 PM
 AVERAGE    64

..........................................................


THE QUINCY IL CLIMATE NORMALS FOR TOMORROW
                         NORMAL    RECORD    YEAR
 MAXIMUM TEMPERATURE (F)   65        90      1938
 MINIMUM TEMPERATURE (F)   45        29      1952


SUNRISE AND SUNSET
OCTOBER 14 2017.......SUNRISE   714 AM CDT   SUNSET   626 PM CDT
OCTOBER 15 2017.......SUNRISE   716 AM CDT   SUNSET   625 PM CDT


-  INDICATES NEGATIVE NUMBERS.
R  INDICATES RECORD WAS SET OR TIED.
MM INDICATES DATA IS MISSING.
T  INDICATES TRACE AMOUNT.




$$
