000
CDUS43 KLSX 022143
CLIUIN


CLIMATE REPORT
NATIONAL WEATHER SERVICE ST LOUIS MO
443 PM CDT WED SEP 2 2015


...................................

...THE QUINCY IL CLIMATE SUMMARY FOR SEPTEMBER 2 2015...
VALID TODAY AS OF 0400 PM LOCAL TIME.

CLIMATE NORMAL PERIOD 1981 TO 2010
CLIMATE RECORD PERIOD 1901 TO 2015


WEATHER ITEM   OBSERVED TIME   RECORD YEAR NORMAL DEPARTURE LAST
                VALUE   (LST)  VALUE       VALUE  FROM      YEAR
                                                  NORMAL
..................................................................
TEMPERATURE (F)
 TODAY
  MAXIMUM         90    200 PM 103    1913  82      8       82
  MINIMUM         71    631 AM  45    1952  61     10       67
                                      1949
                                      1946
  AVERAGE         81                        72      9       75

PRECIPITATION (IN)
  TODAY            0.00          2.68 1993   0.11  -0.11     0.00
  MONTH TO DATE    0.00                      0.22  -0.22     0.03
  SINCE SEP 1      0.00                      0.22  -0.22     0.03
  SINCE JAN 1     28.76                     25.97   2.79    25.65

DEGREE DAYS
 HEATING
  TODAY            0                         1     -1
  MONTH TO DATE    0                         1     -1
  SINCE SEP 1      0                         1     -1
  SINCE JUL 1      4                         6     -2

 COOLING
  TODAY           16                         7      9
  MONTH TO DATE   32                        14     18
  SINCE SEP 1     32                        14     18
  SINCE JAN 1    986                       967     19
..................................................................


WIND (MPH)
  HIGHEST WIND SPEED    18   HIGHEST WIND DIRECTION    SW (210)
  HIGHEST GUST SPEED    22   HIGHEST GUST DIRECTION    SW (240)
  AVERAGE WIND SPEED     8.0


SKY COVER
  AVERAGE SKY COVER 0.0



RELATIVE HUMIDITY (PERCENT)
 HIGHEST    90           300 AM
 LOWEST     47           200 PM
 AVERAGE    69

..........................................................


THE QUINCY IL CLIMATE NORMALS FOR TOMORROW
                         NORMAL    RECORD    YEAR
 MAXIMUM TEMPERATURE (F)   82       103      1913
 MINIMUM TEMPERATURE (F)   61        41      1952


SUNRISE AND SUNSET
SEPTEMBER  2 2015.....SUNRISE   633 AM CDT   SUNSET   735 PM CDT
SEPTEMBER  3 2015.....SUNRISE   634 AM CDT   SUNSET   733 PM CDT


-  INDICATES NEGATIVE NUMBERS.
R  INDICATES RECORD WAS SET OR TIED.
MM INDICATES DATA IS MISSING.
T  INDICATES TRACE AMOUNT.




$$
