000
CDUS43 KLSX 260730
CLIUIN


CLIMATE REPORT
NATIONAL WEATHER SERVICE ST LOUIS MO
130 AM CST FRI DEC 26 2014


...................................

...THE QUINCY IL CLIMATE SUMMARY FOR DECEMBER 25 2014...

CLIMATE NORMAL PERIOD 1981 TO 2010
CLIMATE RECORD PERIOD 1901 TO 2014


WEATHER ITEM   OBSERVED TIME   RECORD YEAR NORMAL DEPARTURE LAST
                VALUE   (LST)  VALUE       VALUE  FROM      YEAR
                                                  NORMAL
..................................................................
TEMPERATURE (F)
 YESTERDAY
  MAXIMUM         49    400 PM  62    1922  35     14       32
  MINIMUM         32    751 AM -16    1983  20     12       21
  AVERAGE         41                        28     13

PRECIPITATION (IN)
  YESTERDAY        0.00          1.02 1915   0.06  -0.06     0.00
  MONTH TO DATE    1.31                      1.90  -0.59     1.08
  SINCE DEC 1      1.31                      1.90  -0.59     1.08
  SINCE JAN 1     40.12                     36.98   3.14    35.67

DEGREE DAYS
 HEATING
  YESTERDAY       24                        38    -14
  MONTH TO DATE  751                       863   -112
  SINCE DEC 1    751                       863   -112
  SINCE JUL 1   2028                      1963     65

 COOLING
  YESTERDAY        0                         0      0
  MONTH TO DATE    0                         0      0
  SINCE DEC 1      0                         0      0
  SINCE JAN 1   1021                      1094    -73
..................................................................


WIND (MPH)
  HIGHEST WIND SPEED    20   HIGHEST WIND DIRECTION     S (190)
  HIGHEST GUST SPEED    25   HIGHEST GUST DIRECTION     S (180)
  AVERAGE WIND SPEED    12.1


SKY COVER
  AVERAGE SKY COVER 0.3



RELATIVE HUMIDITY (PERCENT)
 HIGHEST    85           700 AM
 LOWEST     49           800 PM
 AVERAGE    67

..........................................................


THE QUINCY IL CLIMATE NORMALS FOR TODAY
                         NORMAL    RECORD    YEAR
 MAXIMUM TEMPERATURE (F)   35        63      1942
 MINIMUM TEMPERATURE (F)   20       -10      1914


SUNRISE AND SUNSET
DECEMBER 26 2014......SUNRISE   725 AM CST   SUNSET   446 PM CST
DECEMBER 27 2014......SUNRISE   725 AM CST   SUNSET   447 PM CST


-  INDICATES NEGATIVE NUMBERS.
R  INDICATES RECORD WAS SET OR TIED.
MM INDICATES DATA IS MISSING.
T  INDICATES TRACE AMOUNT.




$$
