000
CDUS43 KLSX 262236
CLIUIN


CLIMATE REPORT
NATIONAL WEATHER SERVICE ST LOUIS MO
434 PM CST MON JAN 26 2015


...................................

...THE QUINCY IL CLIMATE SUMMARY FOR JANUARY 26 2015...
VALID TODAY AS OF 0400 PM LOCAL TIME.

CLIMATE NORMAL PERIOD 1981 TO 2010
CLIMATE RECORD PERIOD 1901 TO 2015


WEATHER ITEM   OBSERVED TIME   RECORD YEAR NORMAL DEPARTURE LAST
                VALUE   (LST)  VALUE       VALUE  FROM      YEAR
                                                  NORMAL
..................................................................
TEMPERATURE (F)
 TODAY
  MAXIMUM         42    359 PM  62    2002  35      7       51
                                      1911
  MINIMUM         24    128 AM -16    1904  19      5       13
  AVERAGE         33                        27      6       32

PRECIPITATION (IN)
  TODAY            T             1.12 1974   0.04  -0.04      T
  MONTH TO DATE    0.62                      1.28  -0.66     0.64
  SINCE DEC 1      1.93                      3.53  -1.60     1.72
  SINCE JAN 1      0.62                      1.28  -0.66     0.64

DEGREE DAYS
 HEATING
  TODAY           32                        38     -6
  MONTH TO DATE  997                      1008    -11
  SINCE DEC 1   1960                      2099   -139
  SINCE JUL 1   3237                      3199     38

 COOLING
  TODAY            0                         0      0
  MONTH TO DATE    0                         0      0
  SINCE DEC 1      0                         0      0
  SINCE JAN 1      0                         0      0
..................................................................


WIND (MPH)
  HIGHEST WIND SPEED    16   HIGHEST WIND DIRECTION     S (200)
  HIGHEST GUST SPEED    20   HIGHEST GUST DIRECTION     S (200)
  AVERAGE WIND SPEED     6.8


SKY COVER
  AVERAGE SKY COVER 0.8



RELATIVE HUMIDITY (PERCENT)
 HIGHEST    85          1000 AM
 LOWEST     73           400 PM
 AVERAGE    79

..........................................................


THE QUINCY IL CLIMATE NORMALS FOR TOMORROW
                         NORMAL    RECORD    YEAR
 MAXIMUM TEMPERATURE (F)   35        65      1968
                                             1944
 MINIMUM TEMPERATURE (F)   19       -16      1936


SUNRISE AND SUNSET
JANUARY 26 2015.......SUNRISE   718 AM CST   SUNSET   517 PM CST
JANUARY 27 2015.......SUNRISE   718 AM CST   SUNSET   518 PM CST


-  INDICATES NEGATIVE NUMBERS.
R  INDICATES RECORD WAS SET OR TIED.
MM INDICATES DATA IS MISSING.
T  INDICATES TRACE AMOUNT.




$$
