000
CDUS43 KLSX 210739
CLIUIN


CLIMATE REPORT
NATIONAL WEATHER SERVICE ST LOUIS MO
137 AM CST FRI NOV 21 2014


...................................

...THE QUINCY IL CLIMATE SUMMARY FOR NOVEMBER 20 2014...

CLIMATE NORMAL PERIOD 1981 TO 2010
CLIMATE RECORD PERIOD 1901 TO 2014


WEATHER ITEM   OBSERVED TIME   RECORD YEAR NORMAL DEPARTURE LAST
                VALUE   (LST)  VALUE       VALUE  FROM      YEAR
                                                  NORMAL
..................................................................
TEMPERATURE (F)
 YESTERDAY
  MAXIMUM         34    314 PM  74    1942  49    -15       44
  MINIMUM         18   1152 PM   8    1914  32    -14       36
  AVERAGE         26                        40    -14

PRECIPITATION (IN)
  YESTERDAY        0.00          1.92 1979   0.10  -0.10     0.56
  MONTH TO DATE    0.10                      2.04  -1.94     1.58
  SINCE SEP 1     12.44                      8.35   4.09     6.22
  SINCE JAN 1     38.06                     34.10   3.96    34.32

DEGREE DAYS
 HEATING
  YESTERDAY       39                        25     14
  MONTH TO DATE  584                       402    182
  SINCE SEP 1    992                       821    171
  SINCE JUL 1    997                       826    171

 COOLING
  YESTERDAY        0                         0      0
  MONTH TO DATE    0                         0      0
  SINCE SEP 1     92                       140    -48
  SINCE JAN 1   1021                      1093    -72
..................................................................


WIND (MPH)
  HIGHEST WIND SPEED    16   HIGHEST WIND DIRECTION    NW (320)
  HIGHEST GUST SPEED    20   HIGHEST GUST DIRECTION    NW (320)
  AVERAGE WIND SPEED     8.0


SKY COVER
  AVERAGE SKY COVER 0.2



RELATIVE HUMIDITY (PERCENT)
 HIGHEST    68           700 AM
 LOWEST     38           200 PM
 AVERAGE    53

..........................................................


THE QUINCY IL CLIMATE NORMALS FOR TODAY
                         NORMAL    RECORD    YEAR
 MAXIMUM TEMPERATURE (F)   48        74      1913
 MINIMUM TEMPERATURE (F)   31         5      1937


SUNRISE AND SUNSET
NOVEMBER 21 2014......SUNRISE   657 AM CST   SUNSET   444 PM CST
NOVEMBER 22 2014......SUNRISE   658 AM CST   SUNSET   444 PM CST


-  INDICATES NEGATIVE NUMBERS.
R  INDICATES RECORD WAS SET OR TIED.
MM INDICATES DATA IS MISSING.
T  INDICATES TRACE AMOUNT.




$$
