000
CDUS43 KLSX 212227
CLIUIN


CLIMATE REPORT
NATIONAL WEATHER SERVICE ST LOUIS MO
526 PM CDT SAT OCT 21 2017


...................................

...THE QUINCY IL CLIMATE SUMMARY FOR OCTOBER 21 2017...
VALID TODAY AS OF 0500 PM LOCAL TIME.

CLIMATE NORMAL PERIOD 1981 TO 2010
CLIMATE RECORD PERIOD 1901 TO 2017


WEATHER ITEM   OBSERVED TIME   RECORD YEAR NORMAL DEPARTURE LAST
                VALUE   (LST)  VALUE       VALUE  FROM      YEAR
                                                  NORMAL
..................................................................
TEMPERATURE (F)
 TODAY
  MAXIMUM         80    213 PM  86    1979  63     17       57
  MINIMUM         63    516 AM  24    1952  43     20       35
  AVERAGE         72                        53     19       46

PRECIPITATION (IN)
  TODAY            0.00          2.68 1983   0.09  -0.09     0.00
  MONTH TO DATE    3.83                      2.05   1.78     1.82
  SINCE SEP 1      4.50                      5.35  -0.85     4.91
  SINCE JAN 1     30.65                     31.10  -0.45    28.60

DEGREE DAYS
 HEATING
  TODAY            0                        12    -12
  MONTH TO DATE   62                       197   -135
  SINCE SEP 1     93                       279   -186
  SINCE JUL 1     93                       284   -191

 COOLING
  TODAY            7                         0      7
  MONTH TO DATE   54                        14     40
  SINCE SEP 1    234                       137     97
  SINCE JAN 1   1229                      1090    139
..................................................................


WIND (MPH)
  HIGHEST WIND SPEED    28   HIGHEST WIND DIRECTION     S (190)
  HIGHEST GUST SPEED    36   HIGHEST GUST DIRECTION     S (190)
  AVERAGE WIND SPEED    15.3


SKY COVER
  AVERAGE SKY COVER 0.3



RELATIVE HUMIDITY (PERCENT)
 HIGHEST    68           800 AM
 LOWEST     51           200 PM
 AVERAGE    60

..........................................................


THE QUINCY IL CLIMATE NORMALS FOR TOMORROW
                         NORMAL    RECORD    YEAR
 MAXIMUM TEMPERATURE (F)   63        85      1963
 MINIMUM TEMPERATURE (F)   43        25      1976
                                             1916


SUNRISE AND SUNSET
OCTOBER 21 2017.......SUNRISE   722 AM CDT   SUNSET   616 PM CDT
OCTOBER 22 2017.......SUNRISE   723 AM CDT   SUNSET   615 PM CDT


-  INDICATES NEGATIVE NUMBERS.
R  INDICATES RECORD WAS SET OR TIED.
MM INDICATES DATA IS MISSING.
T  INDICATES TRACE AMOUNT.




$$
