000
CDUS43 KLSX 252132
CLIUIN


CLIMATE REPORT
NATIONAL WEATHER SERVICE ST LOUIS MO
431 PM CDT WED MAY 25 2016


...................................

...THE QUINCY IL CLIMATE SUMMARY FOR MAY 25 2016...
VALID TODAY AS OF 0400 PM LOCAL TIME.

CLIMATE NORMAL PERIOD 1981 TO 2010
CLIMATE RECORD PERIOD 1901 TO 2016


WEATHER ITEM   OBSERVED TIME   RECORD YEAR NORMAL DEPARTURE LAST
                VALUE   (LST)  VALUE       VALUE  FROM      YEAR
                                                  NORMAL
..................................................................
TEMPERATURE (F)
 TODAY
  MAXIMUM         84    259 PM  95    1911  75      9       81
  MINIMUM         62    227 AM  34    1925  56      6       64
  AVERAGE         73                        66      7       73

PRECIPITATION (IN)
  TODAY            T             1.76 1990   0.16  -0.16     0.32
  MONTH TO DATE    1.87                      3.60  -1.73     2.96
  SINCE MAR 1      6.29                      9.75  -3.46     5.61
  SINCE JAN 1      6.91                     13.15  -6.24     7.65

DEGREE DAYS
 HEATING
  TODAY            0                         3     -3
  MONTH TO DATE  148                       123     25
  SINCE MAR 1    995                      1211   -216
  SINCE JUL 1   4592                      5553   -961

 COOLING
  TODAY            8                         3      5
  MONTH TO DATE   31                        45    -14
  SINCE MAR 1     52                        63    -11
  SINCE JAN 1     52                        63    -11
..................................................................


WIND (MPH)
  HIGHEST WIND SPEED    18   HIGHEST WIND DIRECTION     S (190)
  HIGHEST GUST SPEED    24   HIGHEST GUST DIRECTION     S (200)
  AVERAGE WIND SPEED     8.8


SKY COVER
  AVERAGE SKY COVER 0.2



RELATIVE HUMIDITY (PERCENT)
 HIGHEST    93           100 AM
 LOWEST     51           100 PM
 AVERAGE    72

..........................................................


THE QUINCY IL CLIMATE NORMALS FOR TOMORROW
                         NORMAL    RECORD    YEAR
 MAXIMUM TEMPERATURE (F)   76        95      1911
 MINIMUM TEMPERATURE (F)   56        36      1901


SUNRISE AND SUNSET
MAY 25 2016...........SUNRISE   542 AM CDT   SUNSET   822 PM CDT
MAY 26 2016...........SUNRISE   541 AM CDT   SUNSET   823 PM CDT


-  INDICATES NEGATIVE NUMBERS.
R  INDICATES RECORD WAS SET OR TIED.
MM INDICATES DATA IS MISSING.
T  INDICATES TRACE AMOUNT.




$$
