000
CDUS43 KLSX 232227
CLIUIN


CLIMATE REPORT
NATIONAL WEATHER SERVICE ST LOUIS MO
426 PM CST FRI JAN 23 2015


...................................

...THE QUINCY IL CLIMATE SUMMARY FOR JANUARY 23 2015...
VALID TODAY AS OF 0400 PM LOCAL TIME.

CLIMATE NORMAL PERIOD 1981 TO 2010
CLIMATE RECORD PERIOD 1901 TO 2015


WEATHER ITEM   OBSERVED TIME   RECORD YEAR NORMAL DEPARTURE LAST
                VALUE   (LST)  VALUE       VALUE  FROM      YEAR
                                                  NORMAL
..................................................................
TEMPERATURE (F)
 TODAY
  MAXIMUM         38    300 PM  72    1909  35      3       10
  MINIMUM         29        MM -16    1936  18     11       -3
  AVERAGE         34                        26      8        4

PRECIPITATION (IN)
  TODAY            0.00          1.62 1969   0.04  -0.04     0.00
  MONTH TO DATE    0.55                      1.14  -0.59     0.64
  SINCE DEC 1      1.86                      3.39  -1.53     1.72
  SINCE JAN 1      0.55                      1.14  -0.59     0.64

DEGREE DAYS
 HEATING
  TODAY           31                        39     -8
  MONTH TO DATE  907                       893     14
  SINCE DEC 1   1870                      1984   -114
  SINCE JUL 1   3147                      3084     63

 COOLING
  TODAY            0                         0      0
  MONTH TO DATE    0                         0      0
  SINCE DEC 1      0                         0      0
  SINCE JAN 1      0                         0      0
..................................................................


WIND (MPH)
  HIGHEST WIND SPEED    10   HIGHEST WIND DIRECTION    SW (240)
  HIGHEST GUST SPEED    MM   HIGHEST GUST DIRECTION    MM
  AVERAGE WIND SPEED     3.9


SKY COVER
  AVERAGE SKY COVER 0.8



RELATIVE HUMIDITY (PERCENT)
 HIGHEST    92           300 AM
 LOWEST     54           300 PM
 AVERAGE    73

..........................................................


THE QUINCY IL CLIMATE NORMALS FOR TOMORROW
                         NORMAL    RECORD    YEAR
 MAXIMUM TEMPERATURE (F)   35        73      1950
 MINIMUM TEMPERATURE (F)   18       -10      1963
                                             1915


SUNRISE AND SUNSET
JANUARY 23 2015.......SUNRISE   721 AM CST   SUNSET   513 PM CST
JANUARY 24 2015.......SUNRISE   720 AM CST   SUNSET   514 PM CST


-  INDICATES NEGATIVE NUMBERS.
R  INDICATES RECORD WAS SET OR TIED.
MM INDICATES DATA IS MISSING.
T  INDICATES TRACE AMOUNT.




$$
