000
CDUS43 KLSX 100740
CLIUIN


CLIMATE REPORT
NATIONAL WEATHER SERVICE ST LOUIS MO
240 AM CDT THU JUL 10 2014


...................................

...THE QUINCY IL CLIMATE SUMMARY FOR JULY 9 2014...

CLIMATE NORMAL PERIOD 1981 TO 2010
CLIMATE RECORD PERIOD 1901 TO 2014


WEATHER ITEM   OBSERVED TIME   RECORD YEAR NORMAL DEPARTURE LAST
                VALUE   (LST)  VALUE       VALUE  FROM      YEAR
                                                  NORMAL
..................................................................
TEMPERATURE (F)
 YESTERDAY
  MAXIMUM         79    427 PM 102    1930  86     -7       93
                                      1901
  MINIMUM         63   1144 PM  50    1953  67     -4       76
  AVERAGE         71                        76     -5

PRECIPITATION (IN)
  YESTERDAY        0.00          1.58 1969   0.14  -0.14     0.02
  MONTH TO DATE    1.44                      1.19   0.25     0.02
  SINCE JUN 1      9.59                      5.18   4.41     1.80
  SINCE JAN 1     18.00                     19.27  -1.27    27.04

DEGREE DAYS
 HEATING
  YESTERDAY        0                         0      0
  MONTH TO DATE    1                         0      1
  SINCE JUN 1      5                        16    -11
  SINCE JUL 1      1                         0      1

 COOLING
  YESTERDAY        6                        11     -5
  MONTH TO DATE   60                        99    -39
  SINCE JUN 1    327                       326      1
  SINCE JAN 1    470                       412     58
..................................................................


WIND (MPH)
  HIGHEST WIND SPEED    16   HIGHEST WIND DIRECTION    NW (320)
  HIGHEST GUST SPEED    22   HIGHEST GUST DIRECTION    NW (320)
  AVERAGE WIND SPEED     6.8


SKY COVER
  AVERAGE SKY COVER 0.1



RELATIVE HUMIDITY (PERCENT)
 HIGHEST    90           500 AM
 LOWEST     42           100 PM
 AVERAGE    66

..........................................................


THE QUINCY IL CLIMATE NORMALS FOR TODAY
                         NORMAL    RECORD    YEAR
 MAXIMUM TEMPERATURE (F)   86       106      1936
 MINIMUM TEMPERATURE (F)   67        53      1996
                                             1956


SUNRISE AND SUNSET
JULY 10 2014..........SUNRISE   545 AM CDT   SUNSET   835 PM CDT
JULY 11 2014..........SUNRISE   546 AM CDT   SUNSET   834 PM CDT


-  INDICATES NEGATIVE NUMBERS.
R  INDICATES RECORD WAS SET OR TIED.
MM INDICATES DATA IS MISSING.
T  INDICATES TRACE AMOUNT.




$$
