000
CDUS43 KLSX 290731
CLIUIN


CLIMATE REPORT
NATIONAL WEATHER SERVICE ST LOUIS MO
130 AM CST THU JAN 29 2015


...................................

...THE QUINCY IL CLIMATE SUMMARY FOR JANUARY 28 2015...

CLIMATE NORMAL PERIOD 1981 TO 2010
CLIMATE RECORD PERIOD 1901 TO 2015


WEATHER ITEM   OBSERVED TIME   RECORD YEAR NORMAL DEPARTURE LAST
                VALUE   (LST)  VALUE       VALUE  FROM      YEAR
                                                  NORMAL
..................................................................
TEMPERATURE (F)
 YESTERDAY
  MAXIMUM         47   1159 PM  66    2013  35     12       17
  MINIMUM         27    558 AM -15    1915  19      8       -5
  AVERAGE         37                        27     10

PRECIPITATION (IN)
  YESTERDAY        0.00          0.91 1909   0.05  -0.05     0.00
  MONTH TO DATE    0.62                      1.38  -0.76     0.64
  SINCE DEC 1      1.93                      3.63  -1.70     1.72
  SINCE JAN 1      0.62                      1.38  -0.76     0.64

DEGREE DAYS
 HEATING
  YESTERDAY       28                        38    -10
  MONTH TO DATE 1055                      1084    -29
  SINCE DEC 1   2018                      2175   -157
  SINCE JUL 1   3295                      3275     20

 COOLING
  YESTERDAY        0                         0      0
  MONTH TO DATE    0                         0      0
  SINCE DEC 1      0                         0      0
  SINCE JAN 1      0                         0      0
..................................................................


WIND (MPH)
  HIGHEST WIND SPEED    22   HIGHEST WIND DIRECTION     S (160)
  HIGHEST GUST SPEED    29   HIGHEST GUST DIRECTION    SE (150)
  AVERAGE WIND SPEED    14.4


SKY COVER
  AVERAGE SKY COVER 0.1



RELATIVE HUMIDITY (PERCENT)
 HIGHEST    92          1200 AM
 LOWEST     58           500 PM
 AVERAGE    75

..........................................................


THE QUINCY IL CLIMATE NORMALS FOR TODAY
                         NORMAL    RECORD    YEAR
 MAXIMUM TEMPERATURE (F)   35        63      2013
                                             1914
 MINIMUM TEMPERATURE (F)   19       -15      1915
                                             1904


SUNRISE AND SUNSET
JANUARY 29 2015.......SUNRISE   716 AM CST   SUNSET   520 PM CST
JANUARY 30 2015.......SUNRISE   715 AM CST   SUNSET   521 PM CST


-  INDICATES NEGATIVE NUMBERS.
R  INDICATES RECORD WAS SET OR TIED.
MM INDICATES DATA IS MISSING.
T  INDICATES TRACE AMOUNT.




$$
