088
CDUS43 KLSX 060728
CLIUIN


CLIMATE REPORT
NATIONAL WEATHER SERVICE ST LOUIS MO
228 AM CDT FRI MAY 6 2016


...................................

...THE QUINCY IL CLIMATE SUMMARY FOR MAY 5 2016...

CLIMATE NORMAL PERIOD 1981 TO 2010
CLIMATE RECORD PERIOD 1901 TO 2016


WEATHER ITEM   OBSERVED TIME   RECORD YEAR NORMAL DEPARTURE LAST
                VALUE   (LST)  VALUE       VALUE  FROM      YEAR
                                                  NORMAL
..................................................................
TEMPERATURE (F)
 YESTERDAY
  MAXIMUM         66    514 PM  92    1943  70     -4       83
  MINIMUM         41    439 AM  33    1954  50     -9       63
  AVERAGE         54                        60     -6

PRECIPITATION (IN)
  YESTERDAY        0.00          1.45 1967   0.13  -0.13     0.13
  MONTH TO DATE    T                         0.66  -0.66     0.19
  SINCE MAR 1      4.42                      6.81  -2.39     2.84
  SINCE JAN 1      5.04                     10.21  -5.17     4.88

DEGREE DAYS
 HEATING
  YESTERDAY       11                         6      5
  MONTH TO DATE   54                        35     19
  SINCE MAR 1    901                      1123   -222
  SINCE JUL 1   4498                      5465   -967

 COOLING
  YESTERDAY        0                         1     -1
  MONTH TO DATE    0                         5     -5
  SINCE MAR 1     21                        23     -2
  SINCE JAN 1     21                        23     -2
..................................................................


WIND (MPH)
  HIGHEST WIND SPEED    14   HIGHEST WIND DIRECTION    NW (310)
  HIGHEST GUST SPEED    21   HIGHEST GUST DIRECTION     N (360)
  AVERAGE WIND SPEED     7.6


SKY COVER
  AVERAGE SKY COVER 0.0



RELATIVE HUMIDITY (PERCENT)
 HIGHEST    79           400 AM
 LOWEST     29           500 PM
 AVERAGE    54

..........................................................


THE QUINCY IL CLIMATE NORMALS FOR TODAY
                         NORMAL    RECORD    YEAR
 MAXIMUM TEMPERATURE (F)   70        91      1934
 MINIMUM TEMPERATURE (F)   50        32      1989


SUNRISE AND SUNSET
MAY  6 2016...........SUNRISE   558 AM CDT   SUNSET   805 PM CDT
MAY  7 2016...........SUNRISE   557 AM CDT   SUNSET   806 PM CDT


-  INDICATES NEGATIVE NUMBERS.
R  INDICATES RECORD WAS SET OR TIED.
MM INDICATES DATA IS MISSING.
T  INDICATES TRACE AMOUNT.




$$
