000
CDUS43 KLSX 230728
CLIUIN


CLIMATE REPORT
NATIONAL WEATHER SERVICE ST LOUIS MO
227 AM CDT TUE MAY 23 2017


...................................

...THE QUINCY IL CLIMATE SUMMARY FOR MAY 22 2017...

CLIMATE NORMAL PERIOD 1981 TO 2010
CLIMATE RECORD PERIOD 1901 TO 2017


WEATHER ITEM   OBSERVED TIME   RECORD YEAR NORMAL DEPARTURE LAST
                VALUE   (LST)  VALUE       VALUE  FROM      YEAR
                                                  NORMAL
..................................................................
TEMPERATURE (F)
 YESTERDAY
  MAXIMUM         73   1131 AM  94    1925  74     -1       80
  MINIMUM         47    151 AM  38    1963  55     -8       51
  AVERAGE         60                        65     -5

PRECIPITATION (IN)
  YESTERDAY        0.34          2.58 1968   0.15   0.19     0.00
  MONTH TO DATE    3.77                      3.14   0.63     1.87
  SINCE MAR 1     13.76                      9.29   4.47     6.29
  SINCE JAN 1     15.81                     12.69   3.12     6.91

DEGREE DAYS
 HEATING
  YESTERDAY        5                         3      2
  MONTH TO DATE  102                       114    -12
  SINCE MAR 1    972                      1202   -230
  SINCE JUL 1   4413                      5544  -1131

 COOLING
  YESTERDAY        0                         3     -3
  MONTH TO DATE   61                        36     25
  SINCE MAR 1     93                        54     39
  SINCE JAN 1     93                        54     39
..................................................................


WIND (MPH)
  HIGHEST WIND SPEED    22   HIGHEST WIND DIRECTION    SW (230)
  HIGHEST GUST SPEED    27   HIGHEST GUST DIRECTION    SW (210)
  AVERAGE WIND SPEED     8.4


SKY COVER
  AVERAGE SKY COVER 0.5



RELATIVE HUMIDITY (PERCENT)
 HIGHEST   100          1200 AM
 LOWEST     49          1100 AM
 AVERAGE    75

..........................................................


THE QUINCY IL CLIMATE NORMALS FOR TODAY
                         NORMAL    RECORD    YEAR
 MAXIMUM TEMPERATURE (F)   75        93      1921
 MINIMUM TEMPERATURE (F)   55        40      1963
                                             1917


SUNRISE AND SUNSET
MAY 23 2017...........SUNRISE   543 AM CDT   SUNSET   821 PM CDT
MAY 24 2017...........SUNRISE   542 AM CDT   SUNSET   821 PM CDT


-  INDICATES NEGATIVE NUMBERS.
R  INDICATES RECORD WAS SET OR TIED.
MM INDICATES DATA IS MISSING.
T  INDICATES TRACE AMOUNT.




$$
