000
CDUS43 KLSX 290742
CLIUIN


CLIMATE REPORT
NATIONAL WEATHER SERVICE ST LOUIS MO
241 AM CDT WED MAR 29 2017


...................................

...THE QUINCY IL CLIMATE SUMMARY FOR MARCH 28 2017...

CLIMATE NORMAL PERIOD 1981 TO 2010
CLIMATE RECORD PERIOD 1901 TO 2017


WEATHER ITEM   OBSERVED TIME   RECORD YEAR NORMAL DEPARTURE LAST
                VALUE   (LST)  VALUE       VALUE  FROM      YEAR
                                                  NORMAL
..................................................................
TEMPERATURE (F)
 YESTERDAY
  MAXIMUM         54    136 PM  84    1985  57     -3       60
                                      1910
  MINIMUM         49   1159 PM  17    1955  37     12       29
  AVERAGE         52                        47      5

PRECIPITATION (IN)
  YESTERDAY        0.00          2.27 1977   0.09  -0.09     0.00
  MONTH TO DATE    1.46                      2.18  -0.72     0.89
  SINCE MAR 1      1.46                      2.18  -0.72     0.89
  SINCE JAN 1      3.51                      5.58  -2.07     1.51

DEGREE DAYS
 HEATING
  YESTERDAY       13                        19     -6
  MONTH TO DATE  569                       666    -97
  SINCE MAR 1    569                       666    -97
  SINCE JUL 1   4010                      5008   -998

 COOLING
  YESTERDAY        0                         0      0
  MONTH TO DATE    0                         0      0
  SINCE MAR 1      0                         0      0
  SINCE JAN 1      0                         0      0
..................................................................


WIND (MPH)
  HIGHEST WIND SPEED    16   HIGHEST WIND DIRECTION     E (100)
  HIGHEST GUST SPEED    20   HIGHEST GUST DIRECTION     E (100)
  AVERAGE WIND SPEED     7.4


SKY COVER
  AVERAGE SKY COVER 1.0



RELATIVE HUMIDITY (PERCENT)
 HIGHEST    93           200 AM
 LOWEST     77          1100 PM
 AVERAGE    85

..........................................................


THE QUINCY IL CLIMATE NORMALS FOR TODAY
                         NORMAL    RECORD    YEAR
 MAXIMUM TEMPERATURE (F)   57        85      1986
 MINIMUM TEMPERATURE (F)   37        18      1969


SUNRISE AND SUNSET
MARCH 29 2017.........SUNRISE   653 AM CDT   SUNSET   726 PM CDT
MARCH 30 2017.........SUNRISE   652 AM CDT   SUNSET   727 PM CDT


-  INDICATES NEGATIVE NUMBERS.
R  INDICATES RECORD WAS SET OR TIED.
MM INDICATES DATA IS MISSING.
T  INDICATES TRACE AMOUNT.




$$
