000
CDUS43 KLSX 220745
CLIUIN


CLIMATE REPORT
NATIONAL WEATHER SERVICE ST LOUIS MO
245 AM CDT MON SEP 22 2014


...................................

...THE QUINCY IL CLIMATE SUMMARY FOR SEPTEMBER 21 2014...

CLIMATE NORMAL PERIOD 1981 TO 2010
CLIMATE RECORD PERIOD 1901 TO 2014


WEATHER ITEM   OBSERVED TIME   RECORD YEAR NORMAL DEPARTURE LAST
                VALUE   (LST)  VALUE       VALUE  FROM      YEAR
                                                  NORMAL
..................................................................
TEMPERATURE (F)
 YESTERDAY
  MAXIMUM         73    230 PM  95    1940  75     -2       71
  MINIMUM         53   1159 PM  38    1995  53      0       49
                                      1991
                                      1918
  AVERAGE         63                        64     -1

PRECIPITATION (IN)
  YESTERDAY        0.00          3.98 1947   0.12  -0.12     0.00
  MONTH TO DATE    6.25                      2.30   3.95     1.35
  SINCE SEP 1      6.25                      2.30   3.95     1.35
  SINCE JAN 1     31.87                     28.05   3.82    29.45

DEGREE DAYS
 HEATING
  YESTERDAY        2                         4     -2
  MONTH TO DATE   77                        36     41
  SINCE SEP 1     77                        36     41
  SINCE JUL 1     82                        41     41

 COOLING
  YESTERDAY        0                         3     -3
  MONTH TO DATE   56                       104    -48
  SINCE SEP 1     56                       104    -48
  SINCE JAN 1    985                      1057    -72
..................................................................


WIND (MPH)
  HIGHEST WIND SPEED    26   HIGHEST WIND DIRECTION    NW (310)
  HIGHEST GUST SPEED    32   HIGHEST GUST DIRECTION    NW (310)
  AVERAGE WIND SPEED    11.1


SKY COVER
  AVERAGE SKY COVER 0.1



RELATIVE HUMIDITY (PERCENT)
 HIGHEST    93          1200 AM
 LOWEST     38           100 PM
 AVERAGE    66

..........................................................


THE QUINCY IL CLIMATE NORMALS FOR TODAY
                         NORMAL    RECORD    YEAR
 MAXIMUM TEMPERATURE (F)   75        96      1937
 MINIMUM TEMPERATURE (F)   53        34      1995


SUNRISE AND SUNSET
SEPTEMBER 22 2014.....SUNRISE   652 AM CDT   SUNSET   702 PM CDT
SEPTEMBER 23 2014.....SUNRISE   653 AM CDT   SUNSET   700 PM CDT


-  INDICATES NEGATIVE NUMBERS.
R  INDICATES RECORD WAS SET OR TIED.
MM INDICATES DATA IS MISSING.
T  INDICATES TRACE AMOUNT.




$$
