000
CDUS43 KLSX 170745
CLIUIN


CLIMATE REPORT
NATIONAL WEATHER SERVICE ST LOUIS MO
145 AM CST SUN DEC 17 2017


...................................

...THE QUINCY IL CLIMATE SUMMARY FOR DECEMBER 16 2017...

CLIMATE NORMAL PERIOD 1981 TO 2010
CLIMATE RECORD PERIOD 1901 TO 2017


WEATHER ITEM   OBSERVED TIME   RECORD YEAR NORMAL DEPARTURE LAST
                VALUE   (LST)  VALUE       VALUE  FROM      YEAR
                                                  NORMAL
..................................................................
TEMPERATURE (F)
 YESTERDAY
  MAXIMUM         57    331 PM  65    2006  37     20       27
  MINIMUM         34    739 AM -12    1932  22     12       17
  AVERAGE         46                        29     17

PRECIPITATION (IN)
  YESTERDAY        0.00          0.83 1940   0.07  -0.07     0.01
  MONTH TO DATE    0.10                      1.30  -1.20     0.44
  SINCE DEC 1      0.10                      1.30  -1.20     0.44
  SINCE JAN 1     32.70                     36.38  -3.68    30.29

DEGREE DAYS
 HEATING
  YESTERDAY       19                        36    -17
  MONTH TO DATE  451                       532    -81
  SINCE DEC 1    451                       532    -81
  SINCE JUL 1   1398                      1632   -234

 COOLING
  YESTERDAY        0                         0      0
  MONTH TO DATE    0                         0      0
  SINCE DEC 1      0                         0      0
  SINCE JAN 1   1229                      1094    135
..................................................................


WIND (MPH)
  HIGHEST WIND SPEED    22   HIGHEST WIND DIRECTION    SW (210)
  HIGHEST GUST SPEED    27   HIGHEST GUST DIRECTION    SW (210)
  AVERAGE WIND SPEED    12.7


SKY COVER
  AVERAGE SKY COVER 0.0



RELATIVE HUMIDITY (PERCENT)
 HIGHEST    69           400 AM
 LOWEST     30           300 PM
 AVERAGE    50

..........................................................


THE QUINCY IL CLIMATE NORMALS FOR TODAY
                         NORMAL    RECORD    YEAR
 MAXIMUM TEMPERATURE (F)   37        64      1939
 MINIMUM TEMPERATURE (F)   21        -5      1932


SUNRISE AND SUNSET
DECEMBER 17 2017......SUNRISE   721 AM CST   SUNSET   441 PM CST
DECEMBER 18 2017......SUNRISE   721 AM CST   SUNSET   442 PM CST


-  INDICATES NEGATIVE NUMBERS.
R  INDICATES RECORD WAS SET OR TIED.
MM INDICATES DATA IS MISSING.
T  INDICATES TRACE AMOUNT.




$$
