000
CDUS43 KLSX 010728
CLIUIN


CLIMATE REPORT
NATIONAL WEATHER SERVICE ST LOUIS MO
228 AM CDT SAT OCT 1 2016


...................................

...THE QUINCY IL CLIMATE SUMMARY FOR SEPTEMBER 30 2016...

CLIMATE NORMAL PERIOD 1981 TO 2010
CLIMATE RECORD PERIOD 1901 TO 2016


WEATHER ITEM   OBSERVED TIME   RECORD YEAR NORMAL DEPARTURE LAST
                VALUE   (LST)  VALUE       VALUE  FROM      YEAR
                                                  NORMAL
..................................................................
TEMPERATURE (F)
 YESTERDAY
  MAXIMUM         67    404 PM  91    1952  71     -4       68
                                      1933
  MINIMUM         55    642 AM  35    1916  49      6       45
  AVERAGE         61                        60      1

PRECIPITATION (IN)
  YESTERDAY        T             1.28 1962   0.10  -0.10     0.00
  MONTH TO DATE    3.09                      3.30  -0.21     1.27
  SINCE SEP 1      3.09                      3.30  -0.21     1.27
  SINCE JAN 1     26.78                     29.05  -2.27    30.03

DEGREE DAYS
 HEATING
  YESTERDAY        4                         6     -2
  MONTH TO DATE   18                        83    -65
  SINCE SEP 1     18                        82    -64
  SINCE JUL 1     24                        87    -63

 COOLING
  YESTERDAY        0                         2     -2
  MONTH TO DATE  220                       123     97
  SINCE SEP 1    220                       123     97
  SINCE JAN 1   1396                      1076    320
..................................................................


WIND (MPH)
  HIGHEST WIND SPEED    18   HIGHEST WIND DIRECTION     N (20)
  HIGHEST GUST SPEED    22   HIGHEST GUST DIRECTION     N (10)
  AVERAGE WIND SPEED    10.1


SKY COVER
  AVERAGE SKY COVER 0.7



RELATIVE HUMIDITY (PERCENT)
 HIGHEST    93           200 AM
 LOWEST     73          1000 AM
 AVERAGE    83

..........................................................


THE QUINCY IL CLIMATE NORMALS FOR TODAY
                         NORMAL    RECORD    YEAR
 MAXIMUM TEMPERATURE (F)   71        90      1937
 MINIMUM TEMPERATURE (F)   49        32      1985
                                             1958
                                             1939


SUNRISE AND SUNSET
OCTOBER  1 2016.......SUNRISE   702 AM CDT   SUNSET   646 PM CDT
OCTOBER  2 2016.......SUNRISE   703 AM CDT   SUNSET   645 PM CDT


-  INDICATES NEGATIVE NUMBERS.
R  INDICATES RECORD WAS SET OR TIED.
MM INDICATES DATA IS MISSING.
T  INDICATES TRACE AMOUNT.




$$
