000
CXUS53 KLSX 011545
CLMUIN


CLIMATE REPORT
NATIONAL WEATHER SERVICE ST LOUIS MO
929 AM CST THU DEC 1 2016

...................................

...THE QUINCY IL CLIMATE SUMMARY FOR THE MONTH OF NOVEMBER 2016...

CLIMATE NORMAL PERIOD 1981 TO 2010
CLIMATE RECORD PERIOD 1901 TO 2016

WEATHER         OBSERVED          NORMAL  DEPART  LAST YEAR`S
                 VALUE   DATE(S)  VALUE   FROM    VALUE
                                          NORMAL
.............................................................
TEMPERATURE (F)
RECORD
 HIGH              84   11/08/1915
                        11/07/1915
 LOW              -11   11/30/1964
HIGHEST            80   11/01                         73
LOWEST             21   11/20                         17
AVG. MAXIMUM     58.6              51.3     7.3     56.7
AVG. MINIMUM     39.1              33.7     5.4     38.0
MEAN             48.9              42.5     6.4     47.4
DAYS MAX >= 90      0               0.0     0.0        0
DAYS MAX <= 32      0               1.6    -1.6        0
DAYS MIN <= 32      8              13.3    -5.3        6
DAYS MIN <= 0       0               0.0     0.0        0

PRECIPITATION (INCHES)
RECORD
 MAXIMUM        11.17   1985
 MINIMUM            T   1914
TOTALS           1.16              3.02   -1.86     2.68
DAILY AVG.       0.04              0.10   -0.06     0.11
DAYS >= .01         5               9.2    -4.2        5
DAYS >= .10         4               5.4    -1.4        2
DAYS >= .50         1               2.1    -1.1        1
DAYS >= 1.00        0               0.7    -0.7        1
GREATEST
 24 HR. TOTAL    0.66   11/02

DEGREE_DAYS
HEATING TOTAL     490               676    -186      522
 SINCE 7/1        688              1100    -412      818
COOLING TOTAL      15                 1      14        0
 SINCE 1/1       1472              1094     378     1219
..............................................................

WIND (MPH)
HIGHEST WIND SPEED/DIRECTION    35/320    DATE  11/02
HIGHEST GUST SPEED/DIRECTION    43/280    DATE  11/18

SKY COVER
NUMBER OF DAYS FAIR           18
NUMBER OF DAYS PC              8
NUMBER OF DAYS CLOUDY          4


WEATHER CONDITIONS. NUMBER OF DAYS WITH
THUNDERSTORM              1     MIXED PRECIP               0
HEAVY RAIN                1     RAIN                       4
LIGHT RAIN                7     FREEZING RAIN              0
LT FREEZING RAIN          0     HEAVY SNOW                 0
SNOW                      0     LIGHT SNOW                 0
SLEET                     0     FOG                        9
FOG W/VIS <= 1/4 MILE     2     HAZE                       5

-  INDICATES NEGATIVE NUMBERS.
R  INDICATES RECORD WAS SET OR TIED.
MM INDICATES DATA IS MISSING.
T  INDICATES TRACE AMOUNT.


...MONTHLY...

TIED 5TH WARMEST NOVEMBER ON RECORD (48.9 DEGREES).

TIED 3RD MOST OCCURRENCES OF A MAXIMUM TEMPERATURE GREATER THAN OR EQUAL
TO 80 DEGREES (1 DAY).

TIED MOST OCCURRENCES OF A MINIMUM TEMPERATURE GREATER THAN OR EQUAL
TO 60 DEGREES (2 DAYS).


...DAILY...

RECORD HIGH TEMPERATURE OF 78 DEGREES TIED ON 11/17. ALSO SET IN 1952.

2 RECORD HIGH MINIMUM TEMPERATURES SET (11/17 AND 11/01).


GOSSELIN

$$
