000
CXUS53 KLSX 011931
CLMUIN


CLIMATE REPORT
NATIONAL WEATHER SERVICE ST LOUIS MO
200 PM CDT SAT AUG 1 2015

...................................

...THE QUINCY IL CLIMATE SUMMARY FOR THE MONTH OF JULY 2015...

CLIMATE NORMAL PERIOD 1981 TO 2010
CLIMATE RECORD PERIOD 1901 TO 2015

WEATHER         OBSERVED          NORMAL  DEPART  LAST YEAR`S
                 VALUE   DATE(S)  VALUE   FROM    VALUE
                                          NORMAL
.............................................................
TEMPERATURE (F)
RECORD
 HIGH             114   07/15/1936
 LOW               47   07/14/1950
HIGHEST            93   07/28                         89
                        07/17
LOWEST             57   07/08                         52
AVG. MAXIMUM     84.3              85.8    -1.5     80.5
AVG. MINIMUM     66.7              66.3     0.4     61.5
MEAN             75.5              76.1    -0.6     71.0
DAYS MAX >= 90      5               7.8    -2.8        0
DAYS MAX <= 32      0               0.0     0.0        0
DAYS MIN <= 32      0               0.0     0.0        0
DAYS MIN <= 0       0               0.0     0.0        0

PRECIPITATION (INCHES)
RECORD
 MAXIMUM        13.21   1981
 MINIMUM         0.10   1988
TOTALS           9.42              4.04    5.38     2.89
DAILY AVG.       0.30              0.13    0.17     0.09
DAYS >= .01        12               9.2     2.8       10
DAYS >= .10         9               6.2     2.8        6
DAYS >= .50         5               2.5     2.5        3
DAYS >= 1.00        3               1.2     1.8        1
GREATEST
 24 HR. TOTAL    3.87   07/11 TO 07/11

DEGREE_DAYS
HEATING TOTAL       3                 0       3        5
 SINCE 7/1          3                 0       3        5
COOLING TOTAL     336               343      -7      198
 SINCE 1/1        697               656      41      608
..............................................................

WIND (MPH)
HIGHEST WIND SPEED/DIRECTION    48/290    DATE  07/13
HIGHEST GUST SPEED/DIRECTION    74/290    DATE  07/13

SKY COVER
POSSIBLE SUNSHINE (PERCENT)  MSG
AVERAGE SKY COVER           0.20
NUMBER OF DAYS FAIR           23
NUMBER OF DAYS PC              6
NUMBER OF DAYS CLOUDY          2


WEATHER CONDITIONS. NUMBER OF DAYS WITH
THUNDERSTORM              8     MIXED PRECIP               0
HEAVY RAIN                9     RAIN                       6
LIGHT RAIN               16     FREEZING RAIN              0
LT FREEZING RAIN          0     HEAVY SNOW                 0
SNOW                      0     LIGHT SNOW                 0
SLEET                     0     FOG                       19
FOG W/VIS <= 1/4 MILE     2     HAZE                       8

-  INDICATES NEGATIVE NUMBERS.
R  INDICATES RECORD WAS SET OR TIED.
MM INDICATES DATA IS MISSING.
T  INDICATES TRACE AMOUNT.

.............................RECORDS..........................

MONTHLY:  THIS IS THIRD WETTEST JULY ON RECORD...INCLUDING ONE
DAY OF MISSING PRECIPITATION.

DAILY:  TWO RECORD LOW MAXIMUM TEMPERATURES WERE SET...AND ONE DAILY
PRECIPITATION AMOUNT WAS SET.  ON JULY 7TH...THE HIGH TEMPERATURE OF 74
TIED THE LOW MAXIMUM RECORD FOR THE DATE.  ON JULY 8TH...THE HIGH
TEMPERATURE OF 67 ESTABLISHED A NEW LOW MAXIMUM RECORD FOR THE DATE.

ON JULY 11TH...3.87 INCHES OF RAIN ESTABLISHED A NEW RAINFALL RECORD FOR
THE DATE.  THE PREVIOUS RECORD WAS 1.60 INCHES SET IN 1915.

$$
