000
CXUS53 KLSX 011850
CLMUIN


CLIMATE REPORT
NATIONAL WEATHER SERVICE ST LOUIS MO
1255 PM CDT TUE JUL 1 2014

...................................

...THE QUINCY IL CLIMATE SUMMARY FOR THE MONTH OF JUNE 2014...

CLIMATE NORMAL PERIOD 1981 TO 2010
CLIMATE RECORD PERIOD 1901 TO 2014

WEATHER         OBSERVED          NORMAL  DEPART  LAST YEAR`S
                 VALUE   DATE(S)  VALUE   FROM    VALUE
                                          NORMAL
.............................................................
TEMPERATURE (F)
RECORD
 HIGH             105   06/19/1936
 LOW               39   06/12/1903
HIGHEST            90   06/21                         95
                        06/19
                        06/18
LOWEST             50   06/13                         50
AVG. MAXIMUM     82.4              81.7     0.7     82.1
AVG. MINIMUM     64.7              62.4     2.3     64.0
MEAN             73.6              72.1     1.5     73.1
DAYS MAX >= 90      3               3.0     0.0        5
DAYS MAX <= 32      0               0.0     0.0        0
DAYS MIN <= 32      0               0.0     0.0        0
DAYS MIN <= 0       0               0.0     0.0        0

PRECIPITATION (INCHES)
RECORD
 MAXIMUM        12.46   1947
 MINIMUM         0.40   1963
TOTALS           8.15              3.99    4.16     1.78
DAILY AVG.       0.27              0.13    0.14     0.06
DAYS >= .01        16              10.1     5.9        7
DAYS >= .10        11               6.6     4.4        5
DAYS >= .50         5               2.9     2.1        2
DAYS >= 1.00        3               1.0     2.0        0
GREATEST
 24 HR. TOTAL    3.11   06/03 TO 06/04

DEGREE_DAYS
HEATING TOTAL       4                16     -12       12
 SINCE 7/1       6255              5582     673     5638
COOLING TOTAL     267               227      40      259
 SINCE 1/1        410               313      97      371
..............................................................

WIND (MPH)
HIGHEST WIND SPEED/DIRECTION    53/320    DATE  06/03
HIGHEST GUST SPEED/DIRECTION    70/210    DATE  06/21

SKY COVER

AVERAGE SKY COVER           0.30
NUMBER OF DAYS FAIR           23
NUMBER OF DAYS PC              5
NUMBER OF DAYS CLOUDY          2


WEATHER CONDITIONS. NUMBER OF DAYS WITH
THUNDERSTORM             12     MIXED PRECIP               0
HEAVY RAIN               10     RAIN                      12
LIGHT RAIN               16     FREEZING RAIN              0
LT FREEZING RAIN          0     HEAVY SNOW                 0
SNOW                      0     LIGHT SNOW                 0
SLEET                     0     FOG                       18
FOG W/VIS <= 1/4 MILE     1     HAZE                       8

-  INDICATES NEGATIVE NUMBERS.
R  INDICATES RECORD WAS SET OR TIED.
MM INDICATES DATA IS MISSING.
T  INDICATES TRACE AMOUNT.

$$

RECORDS FOR JUNE

4TH WETTEST JUNE ON RECORD; 8.15 INCHES

THE MONTHLY MEAN TEMPERATURE TIED IN 20TH PLACE FOR WARMEST ON RECORD; PREVIOUS WAS IN 1988

RECORD DAILY MAXIMUM RAINFALL WAS SET ON JUNE 19TH WITH 1.69 INCHES; PREVIOUS 1.57
IN 1929.
