000
CXUS53 KLSX 011651
CLMUIN
CLIMATE REPORT
NATIONAL WEATHER SERVICE ST LOUIS MO
1151 AM CDT SAT JUL 01 2023
...................................
...THE QUINCY IL CLIMATE SUMMARY FOR THE MONTH OF JUNE 2023...
CLIMATE NORMAL PERIOD 1991 TO 2020
CLIMATE RECORD PERIOD 1901 TO 2023
WEATHER OBSERVED NORMAL DEPART LAST YEAR`S
VALUE DATE(S) VALUE FROM VALUE
NORMAL
..............................................................
TEMPERATURE (F)
RECORD
HIGH 105 06/19/1936
LOW 39 06/12/1903
HIGHEST 95 06/24 96
LOWEST 48 06/12 54
AVG. MAXIMUM 85.6 82.4 3.2 85.1
AVG. MINIMUM 60.8 63.1 -2.3 64.9
MEAN 73.2 72.8 0.4 75.0
DAYS MAX >= 90 9 4.6 4.4 9
DAYS MAX <= 32 0 0.0 0.0 0
DAYS MIN <= 32 0 0.0 0.0 0
DAYS MIN <= 0 0 0.0 0.0 0
PRECIPITATION (INCHES)
RECORD
MAXIMUM 12.46 1947
MINIMUM 0.40 1963
TOTALS 1.52 4.50 -2.98 4.21
DAILY AVG. 0.05 0.15 -0.10 0.14
DAYS >= .01 6 10.3 -4.3 8
DAYS >= .10 3 7.0 -4.0 5
DAYS >= .50 1 3.0 -2.0 3
DAYS >= 1.00 0 1.3 -1.3 1
GREATEST
24 HR. TOTAL 0.67 06/29 TO 06/29
DEGREE DAYS
HEATING TOTAL 8 13 -5 0
SINCE 7/1 4961 5482 -521
COOLING TOTAL 262 245 17 308
SINCE 1/1 366 348 18
..............................................................
WIND (MPH)
HIGHEST WIND SPEED/DIRECTION 37/310 DATE 06/29
HIGHEST GUST SPEED/DIRECTION 56/310 DATE 06/29
SKY COVER
NUMBER OF DAYS FAIR 28
NUMBER OF DAYS PC 1
NUMBER OF DAYS CLOUDY 1
WEATHER CONDITIONS. NUMBER OF DAYS WITH
THUNDERSTORM 5 MIXED PRECIP 0
HEAVY RAIN 2 RAIN 4
LIGHT RAIN 5 FREEZING RAIN 0
LT FREEZING RAIN 0 HAIL 0
HEAVY SNOW 0 SNOW 0
LIGHT SNOW 0 SLEET 0
FOG 8 FOG W/VIS <= 1/4 MILE 1
HAZE 6
- INDICATES NEGATIVE NUMBERS.
R INDICATES RECORD WAS SET OR TIED.
MM INDICATES DATA IS MISSING.
T INDICATES TRACE AMOUNT.
...MONTHLY...
TIED TOP 10 LEAST OCCURRENCES WITH MEASURABLE RAINFALL (6 DAYS).
...DAILY...
NO RECORDS OF NOTE
$$