820
CXUS53 KLSX 011930
CLMUIN


CLIMATE REPORT
NATIONAL WEATHER SERVICE ST LOUIS MO
229 PM CDT MON AUG 1 2016

...................................

...THE QUINCY IL CLIMATE SUMMARY FOR THE MONTH OF JULY 2016...

CLIMATE NORMAL PERIOD 1981 TO 2010
CLIMATE RECORD PERIOD 1901 TO 2016

WEATHER         OBSERVED          NORMAL  DEPART  LAST YEAR`S
                 VALUE   DATE(S)  VALUE   FROM    VALUE
                                          NORMAL
.............................................................
TEMPERATURE (F)
RECORD
 HIGH             114   07/15/1936
 LOW               47   07/14/1950
HIGHEST            95   07/24                         93
                        07/21
LOWEST             57   07/03                         57
AVG. MAXIMUM     85.6              85.8    -0.2     84.3
AVG. MINIMUM     67.6              66.3     1.3     66.7
MEAN             76.6              76.1     0.5     75.5
DAYS MAX >= 90      9               7.8     1.2        5
DAYS MAX <= 32      0               0.0     0.0        0
DAYS MIN <= 32      0               0.0     0.0        0
DAYS MIN <= 0       0               0.0     0.0        0

PRECIPITATION (INCHES)
RECORD
 MAXIMUM        13.21   1981
 MINIMUM         0.00   2015
TOTALS           6.70              4.04    2.66     9.42
DAILY AVG.       0.22              0.13    0.09     0.30
DAYS >= .01        13               9.2     3.8       12
DAYS >= .10        11               6.2     4.8        9
DAYS >= .50         6               2.5     3.5        5
DAYS >= 1.00        2               1.2     0.8        3
GREATEST
 24 HR. TOTAL    1.45   07/27 TO 07/28

DEGREE_DAYS
HEATING TOTAL       6                 0       6        3
 SINCE 7/1          6                 0       6        3
COOLING TOTAL     374               343      31      336
 SINCE 1/1        835               656     179      697
..............................................................

WIND (MPH)
HIGHEST WIND SPEED/DIRECTION    48/310    DATE  07/19
HIGHEST GUST SPEED/DIRECTION    62/310    DATE  07/19

SKY COVER
POSSIBLE SUNSHINE (PERCENT)   MM
AVERAGE SKY COVER           0.20
NUMBER OF DAYS FAIR           25
NUMBER OF DAYS PC              4
NUMBER OF DAYS CLOUDY          2


WEATHER CONDITIONS. NUMBER OF DAYS WITH
THUNDERSTORM              0     MIXED PRECIP               0
HEAVY RAIN                8     RAIN                       9
LIGHT RAIN               13     FREEZING RAIN              0
LT FREEZING RAIN          0     HEAVY SNOW                 0
SNOW                      0     LIGHT SNOW                 0
SLEET                     0     FOG                       19
FOG W/VIS <= 1/4 MILE     3     HAZE                       2

-  INDICATES NEGATIVE NUMBERS.
R  INDICATES RECORD WAS SET OR TIED.
MM INDICATES DATA IS MISSING.
T  INDICATES TRACE AMOUNT.

$$
