000
CXUS53 KLSX 031402 CCB
CLMUIN

CLIMATE REPORT
NATIONAL WEATHER SERVICE ST LOUIS MO
1242 PM CDT SUN JUN 1 2014

...................................

...THE QUINCY IL CLIMATE SUMMARY FOR THE MONTH OF MAY 2014...

CLIMATE NORMAL PERIOD 1981 TO 2010
CLIMATE RECORD PERIOD 1901 TO 2014

WEATHER         OBSERVED          NORMAL  DEPART  LAST YEAR`S
                 VALUE   DATE(S)  VALUE   FROM    VALUE
                                          NORMAL
.............................................................
TEMPERATURE (F)
RECORD
 HIGH             103   05/30/1934
 LOW               26   05/04/1907
HIGHEST            87   05/28                         88
                        05/21
                        05/12
LOWEST             35   05/17                         36
AVG. MAXIMUM     75.2              72.7     2.5     72.9
AVG. MINIMUM     55.1              52.9     2.2     54.0
MEAN             65.2              62.8     2.4     63.5
DAYS MAX >= 90      0               0.2    -0.2        0
DAYS MAX <= 32      0               0.0     0.0        0
DAYS MIN <= 32      0               0.1    -0.1        0
DAYS MIN <= 0       0               0.0     0.0        0

PRECIPITATION (INCHES)
RECORD
 MAXIMUM        13.70   1935
 MINIMUM         0.45   1992
                        1901
TOTALS           2.16              4.54   -2.38    11.39
DAILY AVG.       0.07              0.15   -0.08     0.37
DAYS >= .01        14              12.2     1.8       14
DAYS >= .10         3               7.7    -4.7       10
DAYS >= .50         1               2.9    -1.9        6
DAYS >= 1.00        1               1.4    -0.4        6
GREATEST
 24 HR. TOTAL    1.40   05/12 TO 05/13

DEGREE_DAYS
HEATING TOTAL     128               136      -8      141
 SINCE 7/1       6251              5566     685     5626
COOLING TOTAL     139                68      71       98
 SINCE 1/1        143                86      57      112
..............................................................

WIND (MPH)
HIGHEST WIND SPEED/DIRECTION    35/250    DATE  05/12
HIGHEST GUST SPEED/DIRECTION    45/170    DATE  05/11

SKY COVER
AVERAGE SKY COVER           0.30
NUMBER OF DAYS FAIR           22
NUMBER OF DAYS PC              5
NUMBER OF DAYS CLOUDY          4


WEATHER CONDITIONS. NUMBER OF DAYS WITH
THUNDERSTORM             10     MIXED PRECIP               0
HEAVY RAIN                1     RAIN                       5
LIGHT RAIN               18     FREEZING RAIN              0
LT FREEZING RAIN          0     HEAVY SNOW                 0
SNOW                      0     LIGHT SNOW                 0
SLEET                     0     FOG                       11
FOG W/VIS <= 1/4 MILE     0     HAZE                       5

-  INDICATES NEGATIVE NUMBERS.
R  INDICATES RECORD WAS SET OR TIED.
MM INDICATES DATA IS MISSING.
T  INDICATES TRACE AMOUNT.

$$

5/17...RECORD LOW OF 35 DEGREES...PREVIOUSLY 37 IN 2011
