000
CXUS53 KLSX 021422 RRA
CLMUIN

CLIMATE REPORT
NATIONAL WEATHER SERVICE ST LOUIS MO
918 AM CST TUE DEC 1 2015

...................................

...THE QUINCY IL CLIMATE SUMMARY FOR THE MONTH OF NOVEMBER 2015...

CLIMATE NORMAL PERIOD 1981 TO 2010
CLIMATE RECORD PERIOD 1901 TO 2015

WEATHER         OBSERVED          NORMAL  DEPART  LAST YEAR`S
                 VALUE   DATE(S)  VALUE   FROM    VALUE
                                          NORMAL
.............................................................
TEMPERATURE (F)
RECORD
 HIGH              84   11/08/1915
                        11/07/1915
 LOW              -11   11/30/1964
HIGHEST            73   11/02                         70
LOWEST             17   11/22                         10
AVG. MAXIMUM     56.7              51.3     5.4     45.2
AVG. MINIMUM     38.0              33.7     4.3     26.7
MEAN             47.4              42.5     4.9     36.0
DAYS MAX >= 90      0               0.0     0.0        0
DAYS MAX <= 32      0               1.6    -1.6        7
DAYS MIN <= 32      6              13.3    -7.3       22
DAYS MIN <= 0       0               0.0     0.0        0

...NOTE...

THE PRECIPITATION SUMMARY FOR THE MONTH IS INCOMPLETE DUE TO 5 DAYS OF
MISSING DATA AS A RESULT OF EQUIPMENT FAILURE/TIPPING BUCKET MALFUNCTION.

PRECIPITATION (INCHES)
RECORD
 MAXIMUM        11.17   1985
 MINIMUM            T   1914
TOTALS           2.68              3.02   -0.34     0.85
DAILY AVG.          M              0.10       M     0.03
DAYS >= .01         M               9.2       M        5
DAYS >= .10         M               5.4       M        1
DAYS >= .50         M               2.1       M        1
DAYS >= 1.00        M               0.7       M        0
GREATEST
 24 HR. TOTAL    2.31   11/17

DEGREE_DAYS
HEATING TOTAL     522               676    -154      864
 SINCE 7/1        818              1100    -282     1277
COOLING TOTAL       0                 1      -1        0
 SINCE 1/1       1219              1094     125     1021
..............................................................

WIND (MPH)
HIGHEST WIND SPEED/DIRECTION    39/240    DATE  11/11
HIGHEST GUST SPEED/DIRECTION    53/240    DATE  11/11

SKY COVER
NUMBER OF DAYS FAIR           14
NUMBER OF DAYS PC              8
NUMBER OF DAYS CLOUDY          8


WEATHER CONDITIONS. NUMBER OF DAYS WITH
THUNDERSTORM              1     MIXED PRECIP               0
HEAVY RAIN                5     RAIN                       7
LIGHT RAIN               15     FREEZING RAIN              0
LT FREEZING RAIN          0     HEAVY SNOW                 0
SNOW                      1     LIGHT SNOW                 1
SLEET                     0     FOG                       14
FOG W/VIS <= 1/4 MILE     4     HAZE                       3

-  INDICATES NEGATIVE NUMBERS.
R  INDICATES RECORD WAS SET OR TIED.
MM INDICATES DATA IS MISSING.
T  INDICATES TRACE AMOUNT.

$$


...NOVEMBER MONTHY RECORDS...

TIED 10TH WARMEST AT 47.4 DEGREES

UNABLE TO DETERMINE MONTHLY PRECIPITATION RANKING DUE TO 5 DAYS OF MISSING DATA


...DAILY RECORDS...

11/5...TIED RECORD HIGH MINIMUM OF 57 DEGREES...PREVIOUSLY SET IN 2008
