000
CXUS53 KLSX 012333 RRA
CLMUIN

CLIMATE REPORT
NATIONAL WEATHER SERVICE ST LOUIS MO
735 AM CST SAT MAR 1 2014

...................................

...THE QUINCY IL CLIMATE SUMMARY FOR THE MONTH OF FEBRUARY 2014...

CLIMATE NORMAL PERIOD 1981 TO 2010
CLIMATE RECORD PERIOD 1901 TO 2014

WEATHER         OBSERVED          NORMAL  DEPART  LAST YEAR`S
                 VALUE   DATE(S)  VALUE   FROM    VALUE
                                          NORMAL
.............................................................
TEMPERATURE (F)
RECORD
 HIGH              74   02/10/1932
                        02/15/1921
 LOW              -29   02/13/1905
HIGHEST            62   02/20                         59
LOWEST            -11   02/07                          3
AVG. MAXIMUM     28.9              39.1   -10.2     38.1
AVG. MINIMUM     10.0              22.6   -12.6     22.8
MEAN             19.5              30.9   -11.4     30.4
DAYS MAX >= 90      0               0.0     0.0        0
DAYS MAX <= 32     20               8.2    11.8        8
DAYS MIN <= 32     27              21.5     5.5       25
DAYS MIN <= 0       8               1.4     6.6        0

PRECIPITATION (INCHES)
RECORD
 MAXIMUM         5.15   1997
 MINIMUM            T   1907
TOTALS           1.42* 2 DAYS MSG  1.88   -0.46     2.54
DAILY AVG.       0.05              0.07   -0.02     0.09
DAYS >= .01         6               7.7    -1.7        9
DAYS >= .10         5               3.4     1.6        5
DAYS >= .50         0               1.2    -1.2        1
DAYS >= 1.00        0               0.6    -0.6        0
GREATEST
 24 HR. TOTAL    0.49   01/31 TO 02/01

DEGREE_DAYS
HEATING TOTAL    1269               956     313      960
 SINCE 7/1       4894              4342     552     4111
COOLING TOTAL       0                 0       0        0
 SINCE 1/1          0                 0       0        0
..............................................................

WIND (MPH)
HIGHEST WIND SPEED/DIRECTION    41/240    DATE  02/20
HIGHEST GUST SPEED/DIRECTION    56/250    DATE  02/20

SKY COVER
POSSIBLE SUNSHINE (PERCENT)   MM
AVERAGE SKY COVER           0.40
NUMBER OF DAYS FAIR           14
NUMBER OF DAYS PC             10
NUMBER OF DAYS CLOUDY          4


WEATHER CONDITIONS. NUMBER OF DAYS WITH
THUNDERSTORM              3     MIXED PRECIP               0
HEAVY RAIN                0     RAIN                       2
LIGHT RAIN                3     FREEZING RAIN              2
LT FREEZING RAIN          2     HEAVY SNOW                 1
SNOW                      4     LIGHT SNOW                10
SLEET                     0     FOG                       12
FOG W/VIS <= 1/4 MILE     2     HAZE                      13

-  INDICATES NEGATIVE NUMBERS.
R  INDICATES RECORD WAS SET OR TIED.
MM INDICATES DATA IS MISSING.
T  INDICATES TRACE AMOUNT.

$$

2/7 RECORD LOW...-11 DEGREES...PREVIOUSLY -8 DEGREES IN 1905

2/8 RECORD LOW MAXIMUM...8 DEGREES...PREVIOUS 10 DEGREES IN 1982.

2/10 TIED RECORD LOW MAXIMUM...8 DEGREES...ALSO 8 DEGREES IN 1936

5TH COLDEST FEBRUARY...19.5 DEGREES
