327
CXUS53 KLSX 011907 CCA
CLMUIN

CLIMATE REPORT
NATIONAL WEATHER SERVICE ST LOUIS MO
1044 AM CST WED FEB 1 2017

...................................

...THE QUINCY IL CLIMATE SUMMARY FOR THE MONTH OF JANUARY 2017...

CLIMATE NORMAL PERIOD 1981 TO 2010
CLIMATE RECORD PERIOD 1901 TO 2017

WEATHER         OBSERVED          NORMAL  DEPART  LAST YEAR`S
                 VALUE   DATE(S)  VALUE   FROM    VALUE
                                          NORMAL
.............................................................
TEMPERATURE (F)
RECORD
 HIGH              73   01/24/1950
 LOW              -21   01/20/1985
                        01/10/1982
HIGHEST            60   01/10                         52
LOWEST             -2   01/07                         -2
                        01/06
AVG. MAXIMUM     38.8              34.4     4.4     35.4
AVG. MINIMUM     24.4              18.5     5.9     18.9
MEAN             31.6              26.5     5.1     27.1
DAYS MAX >= 90      0               0.0     0.0        0
DAYS MAX <= 32     10              12.8    -2.8       10
DAYS MIN <= 32     21              27.2    -6.2       26
DAYS MIN <= 0       2               2.7    -0.7        2

PRECIPITATION (INCHES)
RECORD
 MAXIMUM         6.56   1916
 MINIMUM         0.09   2009
TOTALS           1.18              1.52   -0.34     0.40
DAILY AVG.       0.04              0.05   -0.01     0.01
DAYS >= .01         9               7.6     1.4        3
DAYS >= .10         2               3.4    -1.4        2
DAYS >= .50         1               0.8     0.2        0
DAYS >= 1.00        0               0.3    -0.3        0
GREATEST
 24 HR. TOTAL    0.85   01/16 TO 01/16
                        01/16 TO 01/17

DEGREE_DAYS
HEATING TOTAL    1026              1195    -169     1166
 SINCE 7/1       2827              3386    -559     2727
COOLING TOTAL       0                 0       0        0
 SINCE 1/1          0                 0       0        0
..............................................................

WIND (MPH)
HIGHEST WIND SPEED/DIRECTION    36/250    DATE  01/10
HIGHEST GUST SPEED/DIRECTION    48/250    DATE  01/10

SKY COVER
NUMBER OF DAYS FAIR            8
NUMBER OF DAYS PC             11
NUMBER OF DAYS CLOUDY         12


WEATHER CONDITIONS. NUMBER OF DAYS WITH
THUNDERSTORM              1     MIXED PRECIP               0
HEAVY RAIN                2     RAIN                       1
LIGHT RAIN                6     FREEZING RAIN              1
LT FREEZING RAIN          3     HEAVY SNOW                 0
SNOW                      0     LIGHT SNOW                 3
SLEET                     0     FOG                       20
FOG W/VIS <= 1/4 MILE     5     HAZE                       5

-  INDICATES NEGATIVE NUMBERS.
R  INDICATES RECORD WAS SET OR TIED.
MM INDICATES DATA IS MISSING.
T  INDICATES TRACE AMOUNT.

$$

...MONTHLY...

19TH WARMEST JANUARY ON RECORD ( 31.6 DEGREES)

TIED 4TH LEAST OCCURENCES OF A MINIMUM TEMPERATURE LESS THAN OR EQUAL TO 32 DEGREES( 21 DAYS).

2ND LONGEST STREAK OF CONSECUTIVE DAYS WITH A MINIMUM TEMPERATURE ABOVE FREEZING WITHIN THE MONTH
OF JANUARY.


...DAILY...

1 RECORD HIGH TEMPERATURES SET( 60 DEGREES PM 01/10. PREVIOUS 59 DEGREES IN 1939).

1 RECORD PRECIPITATION VALUE SET ( 0.85 INCHES SET ON 01/16. PREVIOUS 0.52 INCHES IN 1907.
