000
CXUS53 KLSX 011701
CLMUIN


CLIMATE REPORT
NATIONAL WEATHER SERVICE ST LOUIS MO
1101 AM CST SUN FEB 1 2015

...................................

...THE QUINCY IL CLIMATE SUMMARY FOR THE MONTH OF JANUARY 2015...

CLIMATE NORMAL PERIOD 1981 TO 2010
CLIMATE RECORD PERIOD 1901 TO 2015

WEATHER         OBSERVED          NORMAL  DEPART  LAST YEAR`S
                 VALUE   DATE(S)  VALUE   FROM    VALUE
                                          NORMAL
.............................................................
TEMPERATURE (F)
RECORD
 HIGH              73   01/24/1950
 LOW              -21   01/20/1985
                        01/10/1982
HIGHEST            52   01/19                         56
LOWEST             -4   01/08                        -13
                        01/07
AVG. MAXIMUM     36.6              34.4     2.2     30.0
AVG. MINIMUM     18.5              18.5     0.0      9.2
MEAN             27.6              26.5     1.1     19.7
DAYS MAX >= 90      0               0.0     0.0        0
DAYS MAX <= 32      9              12.8    -3.8       16
DAYS MIN <= 32     30              27.2     2.8       29
DAYS MIN <= 0       2               2.7    -0.7        9

PRECIPITATION (INCHES)
RECORD
 MAXIMUM         6.56   1916
 MINIMUM         0.09   2009
TOTALS           1.13              1.52   -0.39     0.70
DAILY AVG.       0.04              0.05   -0.01     0.02
DAYS >= .01         7               7.6    -0.6        8
DAYS >= .10         2               3.4    -1.4        1
DAYS >= .50         1               0.8     0.2        1
DAYS >= 1.00        0               0.3    -0.3        0
GREATEST
 24 HR. TOTAL    0.51   01/31 TO 01/31

DEGREE_DAYS
HEATING TOTAL    1153              1195     -42     1309
 SINCE 7/1       3393              3386       7     3625
COOLING TOTAL       0                 0       0        0
 SINCE 1/1          0                 0       0        0
..............................................................

WIND (MPH)
HIGHEST WIND SPEED/DIRECTION    37/330    DATE  01/07
HIGHEST GUST SPEED/DIRECTION    44/340    DATE  01/07

SKY COVER
POSSIBLE SUNSHINE (PERCENT)   MM
AVERAGE SKY COVER           0.40
NUMBER OF DAYS FAIR           16
NUMBER OF DAYS PC              9
NUMBER OF DAYS CLOUDY          6


WEATHER CONDITIONS. NUMBER OF DAYS WITH
THUNDERSTORM              0     MIXED PRECIP               0
HEAVY RAIN                0     RAIN                       1
LIGHT RAIN                5     FREEZING RAIN              0
LT FREEZING RAIN          2     HEAVY SNOW                 0
SNOW                      0     LIGHT SNOW                11
SLEET                     0     FOG                       15
FOG W/VIS <= 1/4 MILE     1     HAZE                       9

-  INDICATES NEGATIVE NUMBERS.
R  INDICATES RECORD WAS SET OR TIED.
MM INDICATES DATA IS MISSING.
T  INDICATES TRACE AMOUNT.

$$
