000
CXUS53 KLSX 011416
CLMUIN


CLIMATE REPORT
NATIONAL WEATHER SERVICE ST LOUIS MO
838 AM CDT TUE NOV 1 2016

...................................

...THE QUINCY IL CLIMATE SUMMARY FOR THE MONTH OF OCTOBER 2016...

CLIMATE NORMAL PERIOD 1981 TO 2010
CLIMATE RECORD PERIOD 1901 TO 2016

WEATHER         OBSERVED          NORMAL  DEPART  LAST YEAR`S
                 VALUE   DATE(S)  VALUE   FROM    VALUE
                                          NORMAL
.............................................................
TEMPERATURE (F)
RECORD
 HIGH              96   10/07/1939
 LOW               10   10/30/1925
HIGHEST            90   10/17                         84
LOWEST             34   10/13                         32
AVG. MAXIMUM     71.3              65.0     6.3     68.0
AVG. MINIMUM     50.9              44.4     6.5     45.9
MEAN             61.1              54.7     6.4     56.9
DAYS MAX >= 90      1               0.1     0.9        0
DAYS MAX <= 32      0               0.0     0.0        0
DAYS MIN <= 32      0               2.5    -2.5        1
DAYS MIN <= 0       0               0.0     0.0        0

PRECIPITATION (INCHES)
RECORD
 MAXIMUM        10.84   1969
 MINIMUM         0.16   1904
TOTALS           1.91              3.01   -1.10     0.96
DAILY AVG.       0.06              0.10   -0.04     0.03
DAYS >= .01         8               8.7    -0.7        4
DAYS >= .10         2               5.7    -3.7        2
DAYS >= .50         2               1.9     0.1        1
DAYS >= 1.00        1               0.8     0.2        0
GREATEST
 24 HR. TOTAL    1.08   10/06 TO 10/07

DEGREE_DAYS
HEATING TOTAL     174               337    -163      262
 SINCE 7/1        198               424    -226      296
COOLING TOTAL      61                17      44       24
 SINCE 1/1       1457              1093     364     1219
..............................................................

WIND (MPH)
HIGHEST WIND SPEED/DIRECTION    35/200    DATE  10/17
HIGHEST GUST SPEED/DIRECTION    47/210    DATE  10/17

SKY COVER
NUMBER OF DAYS FAIR           17
NUMBER OF DAYS PC              9
NUMBER OF DAYS CLOUDY          5


WEATHER CONDITIONS. NUMBER OF DAYS WITH
THUNDERSTORM              4     MIXED PRECIP               0
HEAVY RAIN                2     RAIN                       2
LIGHT RAIN               12     FREEZING RAIN              0
LT FREEZING RAIN          0     HEAVY SNOW                 0
SNOW                      0     LIGHT SNOW                 0
SLEET                     0     FOG                       12
FOG W/VIS <= 1/4 MILE     0     HAZE                       3

-  INDICATES NEGATIVE NUMBERS.
R  INDICATES RECORD WAS SET OR TIED.
MM INDICATES DATA IS MISSING.
T  INDICATES TRACE AMOUNT.

...MONTHLY...

TIED 13TH WARMEST OCTOBER ON RECORD (61.1 DEGREES)

TIED 7TH MOST NUMBER OF DAYS WITH MINIMUM TEMPERATURE 60 DEGREES
OR GREATER (7)

TIED 4TH FEWEST NUMBER OF DAYS WITH MINIMUM TEMPERATURE OF LESS THAN
40 DEGREES (2)

TIED 10TH FEWEST NUMBER OF DAYS WITH AT LEAST 0.10 INCHES OF RAINFALL (3)

...DAILY...

RECORD HIGH TEMPERATURE OF 90 DEGREES ON 10/17. PREVIOUSLY 88 DEGREES IN 1950.

2 RECORD MINIMUM TEMPERATURES SET (10/16 AND 10/17)

WALSH

$$
