000
CXUS53 KLSX 020444 CCC
CLMUIN

CLIMATE REPORT
NATIONAL WEATHER SERVICE ST LOUIS MO
845 AM CST SUN MAR 1 2015

...................................

...THE QUINCY IL CLIMATE SUMMARY FOR THE MONTH OF FEBRUARY 2015...

CLIMATE NORMAL PERIOD 1981 TO 2010
CLIMATE RECORD PERIOD 1901 TO 2015

WEATHER         OBSERVED          NORMAL  DEPART  LAST YEAR`S
                 VALUE   DATE(S)  VALUE   FROM    VALUE
                                          NORMAL
.............................................................
TEMPERATURE (F)
RECORD
 HIGH              76   02/29/1972
 LOW              -29   02/13/1905
HIGHEST            52   02/07                         62
LOWEST             -8   02/27                        -11
AVG. MAXIMUM     28.6              39.1   -10.5     28.9
AVG. MINIMUM     10.1              22.6   -12.5     10.0
MEAN             19.3              30.9   -11.6     19.5
DAYS MAX >= 90      0               0.0     0.0        0
DAYS MAX <= 32     14               8.2     5.8       20
DAYS MIN <= 32     26              21.5     4.5       27
DAYS MIN <= 0       6               1.4     4.6        8

PRECIPITATION (INCHES)
RECORD
 MAXIMUM         5.15   1997
 MINIMUM            T   1907
TOTALS              M              1.88       M     1.42
DAILY AVG.          M              0.07       M     0.05
DAYS >= .01         M               7.7       M        6
DAYS >= .10         M               3.4       M        5
DAYS >= .50         M               1.2       M        0
DAYS >= 1.00        M               0.6       M        0
GREATEST
 24 HR. TOTAL    1.00   01/31 TO 02/01

DEGREE_DAYS
HEATING TOTAL    1273               956     317     1269
 SINCE 7/1       4666              4342     324     4894
COOLING TOTAL       0                 0       0        0
 SINCE 1/1          0                 0       0        0
..............................................................

WIND (MPH)
HIGHEST WIND SPEED/DIRECTION    35/340    DATE  02/12
HIGHEST GUST SPEED/DIRECTION    44/330    DATE  02/12

SKY COVER
NUMBER OF DAYS FAIR           12
NUMBER OF DAYS PC             10
NUMBER OF DAYS CLOUDY          6


WEATHER CONDITIONS. NUMBER OF DAYS WITH
THUNDERSTORM              0     MIXED PRECIP               0
HEAVY RAIN                0     RAIN                       0
LIGHT RAIN                3     FREEZING RAIN              0
LT FREEZING RAIN          1     HEAVY SNOW                 1
SNOW                      6     LIGHT SNOW                13
SLEET                     0     FOG                       15
FOG W/VIS <= 1/4 MILE     3     HAZE                      13

-  INDICATES NEGATIVE NUMBERS.
R  INDICATES RECORD WAS SET OR TIED.
MM INDICATES DATA IS MISSING.
T  INDICATES TRACE AMOUNT.


...MONTHLY...

5TH COLDEST FEBRUARY ON RECORD (19.3 DEGREES).


...DAILY...

1 RECORD LOW TIED.
    -- -8 DEGREES ON 02/27...ALSO TIED WITH 1934.

2 RECORD LOW MAXIMUM TEMPERATURES SET.
    -- 12 DEGREES ON 02/23...PREVIOUS 16 DEGREES IN 1993.
    -- 13 DEGREES ON 02/19...PREVIOUS 14 DEGREES IN 1929.

$$
