000
CXUS53 KLSX 051441 CCA
CLMUIN

CLIMATE REPORT
NATIONAL WEATHER SERVICE ST LOUIS MO
1206 PM CDT TUE APR 1 2014

...................................

...THE QUINCY IL CLIMATE SUMMARY FOR THE MONTH OF MARCH 2014...

CLIMATE NORMAL PERIOD 1981 TO 2010
CLIMATE RECORD PERIOD 1901 TO 2014

WEATHER         OBSERVED          NORMAL  DEPART  LAST YEAR`S
                 VALUE   DATE(S)  VALUE   FROM    VALUE
                                          NORMAL
.............................................................
TEMPERATURE (F)
RECORD
 HIGH              88   03/21/1907
 LOW              -13   03/05/1960
HIGHEST            71   03/11                         66
LOWEST             -9   03/03                         11
AVG. MAXIMUM     48.1              51.4    -3.3     42.2
AVG. MINIMUM     24.9              32.4    -7.5     26.5
MEAN             36.5              41.9    -5.4     34.4
DAYS MAX >= 90      0               0.0     0.0        0
DAYS MAX <= 32      2               1.7     0.3        6
DAYS MIN <= 32     24              15.7     8.3       24
DAYS MIN <= 0       2               0.1     1.9        0

PRECIPITATION (INCHES)
RECORD
 MAXIMUM        11.45   1973
 MINIMUM         0.15   1910
TOTALS           0.68              2.46   -1.78     2.15
DAILY AVG.       0.02              0.08   -0.06     0.07
DAYS >= .01         6              10.1    -4.1        8
DAYS >= .10         2               5.9    -3.9        3
DAYS >= .50         0               1.4    -1.4        2
DAYS >= 1.00        0               0.4    -0.4        1
GREATEST
 24 HR. TOTAL    0.44   03/27 TO 03/27

DEGREE_DAYS
HEATING TOTAL     878               718     160      942
 SINCE 7/1       5772              5060     712     5053
COOLING TOTAL       0                 2      -2        0
 SINCE 1/1          0                 2      -2        0
..............................................................

WIND (MPH)
HIGHEST WIND SPEED/DIRECTION    35/200    DATE  03/31
HIGHEST GUST SPEED/DIRECTION    42/200    DATE  03/31

SKY COVER
NUMBER OF DAYS FAIR           19
NUMBER OF DAYS PC              8
NUMBER OF DAYS CLOUDY          4


WEATHER CONDITIONS. NUMBER OF DAYS WITH
THUNDERSTORM              1     MIXED PRECIP               0
HEAVY RAIN                1     RAIN                       1
LIGHT RAIN                6     FREEZING RAIN              0
LT FREEZING RAIN          0     HEAVY SNOW                 0
SNOW                      2     LIGHT SNOW                 7
SLEET                     0     FOG                       12
FOG W/VIS <= 1/4 MILE     0     HAZE                      12

-  INDICATES NEGATIVE NUMBERS.
R  INDICATES RECORD WAS SET OR TIED.
MM INDICATES DATA IS MISSING.
T  INDICATES TRACE AMOUNT.


...MONTHLY...

TIED 18TH COLDEST MARCH ON RECORD (36.5 DEGREES).

7TH DRIEST MARCH ON RECORD (0.68 INCHES).


...DAILY...

RECORD LOW OF -9 DEGREES ON 3/3 (PREVIOUS -1 DEGREES IN 1913).
    -- 2ND COLDEST MARCH TEMPERATURE RECORDED AT KUIN

RECORD LOW MAXIMUM OF 12 DEGREES ON 3/2 (PREVIOUS 21 DEGREES IN 1960).



$$
