000
CXUS53 KLSX 011417
CLMUIN


CLIMATE REPORT
NATIONAL WEATHER SERVICE ST LOUIS MO
845 AM CDT SUN SEP 1 2013

...................................

...THE QUINCY IL CLIMATE SUMMARY FOR THE MONTH OF AUGUST 2013...

CLIMATE NORMAL PERIOD 1981 TO 2010
CLIMATE RECORD PERIOD 1901 TO 2013

WEATHER         OBSERVED          NORMAL  DEPART  LAST YEAR`S
                 VALUE   DATE(S)  VALUE   FROM    VALUE
                                          NORMAL
.............................................................
TEMPERATURE (F)
RECORD
 HIGH             111   08/09/1934
 LOW               42   08/28/1986
                        08/20/1950
HIGHEST           100   08/30                         99
LOWEST             50   08/14                         50
AVG. MAXIMUM     86.4              84.5     1.9     88.0
AVG. MINIMUM     64.0              64.4    -0.4     62.6
MEAN             75.2              74.4     0.8     75.3
DAYS MAX >= 90      9               6.3     2.7       16
DAYS MAX <= 32      0               0.0     0.0        0
DAYS MIN <= 32      0               0.0     0.0        0
DAYS MIN <= 0       0               0.0     0.0        0

PRECIPITATION (INCHES)
RECORD
 MAXIMUM        10.84   1970
 MINIMUM         0.25   2011
TOTALS           0.01R             3.63   -3.62     4.75
DAILY AVG.       0.00              0.12   -0.12     0.15
DAYS >= .01         1               9.0    -8.0        7
DAYS >= .10         0               5.5    -5.5        3
DAYS >= .50         0               2.2    -2.2        3
DAYS >= 1.00        0               0.9    -0.9        2
GREATEST
 24 HR. TOTAL    0.01   08/07 TO 08/07

DEGREE_DAYS
HEATING TOTAL       2                 5      -3        0
 SINCE 7/1          6                 5       1        0
COOLING TOTAL     325               297      28      328
 SINCE 1/1       1006               953      53     1447
..............................................................

WIND (MPH)
HIGHEST WIND SPEED/DIRECTION    20/260    DATE  08/27
HIGHEST GUST SPEED/DIRECTION    25/240    DATE  08/27

SKY COVER

AVERAGE SKY COVER           0.10
NUMBER OF DAYS FAIR           27
NUMBER OF DAYS PC              4
NUMBER OF DAYS CLOUDY          0


WEATHER CONDITIONS. NUMBER OF DAYS WITH
THUNDERSTORM              2     MIXED PRECIP               0
HEAVY RAIN                0     RAIN                       0
LIGHT RAIN                1     FREEZING RAIN              0
LT FREEZING RAIN          0     HEAVY SNOW                 0
SNOW                      0     LIGHT SNOW                 0
SLEET                     0     FOG                       12
FOG W/VIS <= 1/4 MILE     2     HAZE                       3

-  INDICATES NEGATIVE NUMBERS.
R  INDICATES RECORD WAS SET OR TIED.
MM INDICATES DATA IS MISSING.
T  INDICATES TRACE AMOUNT.

$$

DRIEST AUGUST ON RECORD WITH 0.01 INCHES. THE PREVIOUS RECORD WAS 0.25 INCHES
IN 2011.
