000
CXUS53 KLSX 011506
CLMUIN


CLIMATE REPORT
NATIONAL WEATHER SERVICE ST LOUIS MO
841 AM CST SAT FEB 1 2014

...................................

...THE QUINCY IL CLIMATE SUMMARY FOR THE MONTH OF JANUARY 2014...

CLIMATE NORMAL PERIOD 1981 TO 2010
CLIMATE RECORD PERIOD 1901 TO 2014

WEATHER         OBSERVED          NORMAL  DEPART  LAST YEAR`S
                 VALUE   DATE(S)  VALUE   FROM    VALUE
                                          NORMAL
.............................................................
TEMPERATURE (F)
RECORD
 HIGH              73   01/24/1950
 LOW              -21   01/20/1985
                        01/10/1982
HIGHEST            56   01/12                         66
LOWEST            -13   01/06                          3
AVG. MAXIMUM     30.0              34.4    -4.4     38.5
AVG. MINIMUM      9.2              18.5    -9.3     19.8
MEAN             19.6              26.5    -6.8     29.2
DAYS MAX >= 90      0               0.0     0.0        0
DAYS MAX <= 32     16              12.8     3.2        9
DAYS MIN <= 32     29              27.2     1.8       26
DAYS MIN <= 0       9               2.7     6.3        0

PRECIPITATION (INCHES)
RECORD
 MAXIMUM         6.56   1916
 MINIMUM         0.09   2009
TOTALS           0.70              1.52   -0.82     2.93
DAILY AVG.       0.02              0.05   -0.03     0.09
DAYS >= .01         8               7.6     0.4        7
DAYS >= .10         1               3.4    -2.4        4
DAYS >= .50         1               0.8     0.2        1
DAYS >= 1.00        0               0.3    -0.3        1
GREATEST
 24 HR. TOTAL    0.56   01/10 TO 01/10

DEGREE_DAYS
HEATING TOTAL    1309              1195     114     1103
 SINCE 7/1       3625              3386     239     3151
COOLING TOTAL       0                 0       0        0
 SINCE 1/1          0                 0       0        0
..............................................................

WIND (MPH)
HIGHEST WIND SPEED/DIRECTION    44/330    DATE  01/26
HIGHEST GUST SPEED/DIRECTION    54/330    DATE  01/26

SKY COVER

AVERAGE SKY COVER           0.50
NUMBER OF DAYS FAIR           13
NUMBER OF DAYS PC             10
NUMBER OF DAYS CLOUDY          8


WEATHER CONDITIONS. NUMBER OF DAYS WITH
THUNDERSTORM              1     MIXED PRECIP               0
HEAVY RAIN                1     RAIN                       1
LIGHT RAIN                7     FREEZING RAIN              0
LT FREEZING RAIN          0     HEAVY SNOW                 1
SNOW                      4     LIGHT SNOW                15
SLEET                     0     FOG                       11
FOG W/VIS <= 1/4 MILE     1     HAZE                       6

-  INDICATES NEGATIVE NUMBERS.
R  INDICATES RECORD WAS SET OR TIED.
MM INDICATES DATA IS MISSING.
T  INDICATES TRACE AMOUNT.

$$

01/06 RECORD LOW MINIMUM TEMPERATURE -13 DEGREES PREVIOUS -9 IN 1970
