000
CXUS53 KLSX 011410
CLMUIN


CLIMATE REPORT
NATIONAL WEATHER SERVICE ST LOUIS MO
900 AM CDT MON JUL 1 2013

...................................

...THE QUINCY IL CLIMATE SUMMARY FOR THE MONTH OF JUNE 2013...

CLIMATE NORMAL PERIOD 1981 TO 2010
CLIMATE RECORD PERIOD 1901 TO 2013

WEATHER         OBSERVED          NORMAL  DEPART  LAST YEAR`S
                 VALUE   DATE(S)  VALUE   FROM    VALUE
                                          NORMAL
.............................................................
TEMPERATURE (F)
RECORD
 HIGH             105   06/19/1936
 LOW               39   06/12/1903
HIGHEST            95   06/12                        104
LOWEST             50   06/03                         45
AVG. MAXIMUM     82.1              81.7     0.4     87.3
AVG. MINIMUM     64.0              62.4     1.6     62.4
MEAN             73.1              72.1     1.0     74.8
DAYS MAX >= 90      5               3.0     2.0       10
DAYS MAX <= 32      0               0.0     0.0        0
DAYS MIN <= 32      0               0.0     0.0        0
DAYS MIN <= 0       0               0.0     0.0        0

PRECIPITATION (INCHES)
RECORD
 MAXIMUM        12.46   1947
 MINIMUM         0.40   1963
TOTALS           1.78              3.99   -2.21     0.72
DAILY AVG.       0.06              0.13   -0.07     0.02
DAYS >= .01         7              10.1    -3.1        3
DAYS >= .10         5               6.6    -1.6        3
DAYS >= .50         2               2.9    -0.9        0
DAYS >= 1.00        0               1.0    -1.0        0
GREATEST
 24 HR. TOTAL    1.72   05/31 TO 06/01

DEGREE_DAYS
HEATING TOTAL      12                16      -4        8
 SINCE 7/1       5638              5582      56     4280
COOLING TOTAL     259               227      32      312
 SINCE 1/1        371               313      58      534
..............................................................

WIND (MPH)
HIGHEST WIND SPEED/DIRECTION    46/320    DATE  06/23
HIGHEST GUST SPEED/DIRECTION    61/310    DATE  06/23

SKY COVER
POSSIBLE SUNSHINE (PERCENT)   MM
AVERAGE SKY COVER           0.30
NUMBER OF DAYS FAIR           20
NUMBER OF DAYS PC              8
NUMBER OF DAYS CLOUDY          2


WEATHER CONDITIONS. NUMBER OF DAYS WITH
THUNDERSTORM              7     MIXED PRECIP               0
HEAVY RAIN                4     RAIN                       3
LIGHT RAIN               14     FREEZING RAIN              0
LT FREEZING RAIN          0     HEAVY SNOW                 0
SNOW                      0     LIGHT SNOW                 0
SLEET                     0     FOG                       10
FOG W/VIS <= 1/4 MILE     1     HAZE                       2

-  INDICATES NEGATIVE NUMBERS.
R  INDICATES RECORD WAS SET OR TIED.
MM INDICATES DATA IS MISSING.
T  INDICATES TRACE AMOUNT.

$$
