000
CXUS53 KLSX 011845
CLMUIN


CLIMATE REPORT
NATIONAL WEATHER SERVICE ST LOUIS MO
1236 PM CST WED JAN 1 2014

...................................

...THE QUINCY IL CLIMATE SUMMARY FOR THE MONTH OF DECEMBER 2013...

CLIMATE NORMAL PERIOD 1981 TO 2010
CLIMATE RECORD PERIOD 1901 TO 2013

WEATHER         OBSERVED          NORMAL  DEPART  LAST YEAR`S
                 VALUE   DATE(S)  VALUE   FROM    VALUE
                                          NORMAL
.............................................................
TEMPERATURE (F)
RECORD
 HIGH              74   12/03/2012
 LOW              -22   12/22/1989
HIGHEST            60   12/04                         74
LOWEST             -1   12/24                         12
AVG. MAXIMUM     35.6              37.5    -1.9     43.4
AVG. MINIMUM     17.5              22.1    -4.6     27.8
MEAN             26.6              29.8    -3.2     35.6
DAYS MAX >= 90      0               0.0     0.0        0
DAYS MAX <= 32     16               9.4     6.6        8
DAYS MIN <= 32     27              25.4     1.6       21
DAYS MIN <= 0       1               1.5    -0.5        0

PRECIPITATION (INCHES)
RECORD
 MAXIMUM         8.62   1982
 MINIMUM         0.15   1955
TOTALS           1.08              2.25   -1.17     1.53
DAILY AVG.       0.03              0.07   -0.04     0.05
DAYS >= .01         5               8.5    -3.5        9
DAYS >= .10         4               4.1    -0.1        5
DAYS >= .50         1               1.3    -0.3        1
DAYS >= 1.00        0               0.6    -0.6        0
GREATEST
 24 HR. TOTAL    0.79   12/13 TO 12/14

DEGREE_DAYS
HEATING TOTAL    1183              1091      92      903
 SINCE 7/1       2316              2191     125     2048
COOLING TOTAL       0                 0       0        0
 SINCE 1/1       1242              1094     148     1575
..............................................................

WIND (MPH)
HIGHEST WIND SPEED/DIRECTION    28/330    DATE  12/29
HIGHEST GUST SPEED/DIRECTION    37/260    DATE  12/04

SKY COVER
POSSIBLE SUNSHINE (PERCENT)   MM
AVERAGE SKY COVER           0.50
NUMBER OF DAYS FAIR           13
NUMBER OF DAYS PC              8
NUMBER OF DAYS CLOUDY         10


WEATHER CONDITIONS. NUMBER OF DAYS WITH
THUNDERSTORM              0     MIXED PRECIP               0
HEAVY RAIN                0     RAIN                       0
LIGHT RAIN                3     FREEZING RAIN              2
LT FREEZING RAIN          3     HEAVY SNOW                 0
SNOW                      2     LIGHT SNOW                 4
SLEET                     0     FOG                       16
FOG W/VIS <= 1/4 MILE     3     HAZE                       7

-  INDICATES NEGATIVE NUMBERS.
R  INDICATES RECORD WAS SET OR TIED.
MM INDICATES DATA IS MISSING.
T  INDICATES TRACE AMOUNT.

$$
