000
CXUS53 KLSX 061443 RRB
CLMUIN

CLIMATE REPORT
NATIONAL WEATHER SERVICE ST LOUIS MO
1238 PM CST WED MAR 2 2016

...................................

...THE QUINCY IL CLIMATE SUMMARY FOR THE MONTH OF FEBRUARY 2016...

CLIMATE NORMAL PERIOD 1981 TO 2010
CLIMATE RECORD PERIOD 1901 TO 2016

WEATHER         OBSERVED          NORMAL  DEPART  LAST YEAR`S
                 VALUE   DATE(S)  VALUE   FROM    VALUE
                                          NORMAL
.............................................................
TEMPERATURE (F)
RECORD
 HIGH              76   02/29/1972
 LOW              -29   02/13/1905
HIGHEST            72   02/20                         52
LOWEST              2   02/13                         -8
AVG. MAXIMUM     43.9              39.1     4.8     28.6
AVG. MINIMUM     25.5              22.6     2.9     10.1
MEAN             34.7              30.9     3.8     19.3
DAYS MAX >= 90      0               0.0     0.0        0
DAYS MAX <= 32      6               8.2    -2.2       14
DAYS MIN <= 32     22              21.5     0.5       26
DAYS MIN <= 0       0               1.4    -1.4        6

PRECIPITATION (INCHES)
RECORD
 MAXIMUM         5.15   1997
 MINIMUM            T   1907
TOTALS           0.22              1.88   -1.66     0.91
DAILY AVG.       0.01              0.07   -0.06     0.05
DAYS >= .01         7               7.7    -0.7        3
DAYS >= .10         1               3.4    -2.4        2
DAYS >= .50         0               1.2    -1.2        1
DAYS >= 1.00        0               0.6    -0.6        0
GREATEST
 24 HR. TOTAL    0.10   02/02 TO 02/02

DEGREE_DAYS
HEATING TOTAL     870               956     -86     1273
 SINCE 7/1       3597              4371    -774     4666
COOLING TOTAL       0                 0       0        0
 SINCE 1/1          0                 0       0        0
..............................................................

WIND (MPH)
HIGHEST WIND SPEED/DIRECTION    39/300    DATE  02/19
HIGHEST GUST SPEED/DIRECTION    49/280    DATE  02/19

SKY COVER
POSSIBLE SUNSHINE (PERCENT)    M
AVERAGE SKY COVER           0.50
NUMBER OF DAYS FAIR           13
NUMBER OF DAYS PC             10
NUMBER OF DAYS CLOUDY          6


WEATHER CONDITIONS. NUMBER OF DAYS WITH
THUNDERSTORM              1     MIXED PRECIP               0
HEAVY RAIN                0     RAIN                       0
LIGHT RAIN                3     FREEZING RAIN              0
LT FREEZING RAIN          2     HEAVY SNOW                 2
SNOW                      2     LIGHT SNOW                 6
SLEET                     0     FOG                       13
FOG W/VIS <= 1/4 MILE     3     HAZE                       8

-  INDICATES NEGATIVE NUMBERS.
R  INDICATES RECORD WAS SET OR TIED.
MM INDICATES DATA IS MISSING.
T  INDICATES TRACE AMOUNT.

$$
