000
CXUS53 KLSX 011238
CLMUIN


CLIMATE REPORT
NATIONAL WEATHER SERVICE ST LOUIS MO
721 AM CDT MON SEP 1 2014

...................................

...THE QUINCY IL CLIMATE SUMMARY FOR THE MONTH OF AUGUST 2014...

CLIMATE NORMAL PERIOD 1981 TO 2010
CLIMATE RECORD PERIOD 1901 TO 2014

WEATHER         OBSERVED          NORMAL  DEPART  LAST YEAR`S
                 VALUE   DATE(S)  VALUE   FROM    VALUE
                                          NORMAL
.............................................................
TEMPERATURE (F)
RECORD
 HIGH             111   08/09/1934
 LOW               42   08/28/1986
                        08/20/1950
HIGHEST            93   08/25                        100
                        08/24
LOWEST             56   08/13                         50
AVG. MAXIMUM     83.2              84.5    -1.3     86.4
AVG. MINIMUM     67.0              64.4     2.6     64.0
MEAN             75.1              74.4     0.7     75.2
DAYS MAX >= 90      4               6.3    -2.3        9
DAYS MAX <= 32      0               0.0     0.0        0
DAYS MIN <= 32      0               0.0     0.0        0
DAYS MIN <= 0       0               0.0     0.0        0

PRECIPITATION (INCHES)
RECORD
 MAXIMUM        10.84   1970
 MINIMUM         0.01   2013
TOTALS           6.17              3.63    2.54     0.01
DAILY AVG.       0.20              0.12    0.08     0.00
DAYS >= .01        14               9.0     5.0        1
DAYS >= .10         8               5.5     2.5        0
DAYS >= .50         3               2.2     0.8        0
DAYS >= 1.00        2               0.9     1.1        0
GREATEST
 24 HR. TOTAL    2.28   08/06 TO 08/07

DEGREE_DAYS
HEATING TOTAL       0                 5      -5        2
 SINCE 7/1          5                 5       0        6
COOLING TOTAL     321               297      24      325
 SINCE 1/1        929               953     -24     1006
..............................................................

WIND (MPH)
HIGHEST WIND SPEED/DIRECTION    38/240    DATE  08/29
HIGHEST GUST SPEED/DIRECTION    45/240    DATE  08/29

SKY COVER
AVERAGE SKY COVER           0.30
NUMBER OF DAYS FAIR           21
NUMBER OF DAYS PC              6
NUMBER OF DAYS CLOUDY          4


WEATHER CONDITIONS. NUMBER OF DAYS WITH
THUNDERSTORM             11     MIXED PRECIP               0
HEAVY RAIN                5     RAIN                       6
LIGHT RAIN               17     FREEZING RAIN              0
LT FREEZING RAIN          0     HEAVY SNOW                 0
SNOW                      0     LIGHT SNOW                 0
SLEET                     0     FOG                       27
FOG W/VIS <= 1/4 MILE     4     HAZE                       9

-  INDICATES NEGATIVE NUMBERS.
R  INDICATES RECORD WAS SET OR TIED.
MM INDICATES DATA IS MISSING.
T  INDICATES TRACE AMOUNT.

&&

...MONTHLY...

14TH WETTEST AUGUST ON RECORD (6.17 INCHES).


...DAILY...

DAILY RECORD RAINFALL OF 2.26 INCHES ON 08/07. PREVIOUS 2.01 INCHES SET IN 1977.


$$
