000
CXUS53 KLSX 031457
CLMUIN


CLIMATE REPORT
NATIONAL WEATHER SERVICE ST LOUIS MO
904 AM CDT MON JUN 3 2013

...................................

...THE QUINCY IL CLIMATE SUMMARY FOR THE MONTH OF MAY 2013...

CLIMATE NORMAL PERIOD 1981 TO 2010
CLIMATE RECORD PERIOD 1901 TO 2013

WEATHER         OBSERVED          NORMAL  DEPART  LAST YEAR`S
                 VALUE   DATE(S)  VALUE   FROM    VALUE
                                          NORMAL
.............................................................
TEMPERATURE (F)
RECORD
 HIGH             103   05/30/1934
 LOW               26   05/04/1907
HIGHEST            88   05/19                         92
                        05/14
LOWEST             36   05/12                         47
AVG. MAXIMUM     72.9              72.7     0.2     80.1
AVG. MINIMUM     54.0              52.9     1.1     57.9
MEAN             63.5              62.8     0.7     69.0
DAYS MAX >= 90      0               0.2    -0.2        4
DAYS MAX <= 32      0               0.0     0.0        0
DAYS MIN <= 32      0               0.1    -0.1        0
DAYS MIN <= 0       0               0.0     0.0        0

PRECIPITATION (INCHES)
RECORD
 MAXIMUM        13.70   1935
 MINIMUM         0.45   1992
                        1901
TOTALS          11.39              4.54    6.85     1.33
DAILY AVG.       0.37              0.15    0.22     0.04
DAYS >= .01        14              12.2     1.8        6
DAYS >= .10        10               7.7     2.3        3
DAYS >= .50         6               2.9     3.1        1
DAYS >= 1.00        6               1.4     4.6        0
GREATEST
 24 HR. TOTAL    2.68   05/30 TO 05/31

DEGREE_DAYS
HEATING TOTAL     141               136       5       30
 SINCE 7/1       5626              5566      60     4272
COOLING TOTAL      98                68      30      162
 SINCE 1/1        112                86      26      222
..............................................................

WIND (MPH)
HIGHEST WIND SPEED/DIRECTION    40/340    DATE  05/28
HIGHEST GUST SPEED/DIRECTION    51/340    DATE  05/28

SKY COVER

AVERAGE SKY COVER           0.40
NUMBER OF DAYS FAIR           15
NUMBER OF DAYS PC              7
NUMBER OF DAYS CLOUDY          9


WEATHER CONDITIONS. NUMBER OF DAYS WITH
THUNDERSTORM             11     MIXED PRECIP               0
HEAVY RAIN                9     RAIN                      10
LIGHT RAIN               15     FREEZING RAIN              0
LT FREEZING RAIN          0     HEAVY SNOW                 0
SNOW                      0     LIGHT SNOW                 1
SLEET                     0     FOG                       20
FOG W/VIS <= 1/4 MILE     3     HAZE                       2

-  INDICATES NEGATIVE NUMBERS.
R  INDICATES RECORD WAS SET OR TIED.
MM INDICATES DATA IS MISSING.
T  INDICATES TRACE AMOUNT.

$$
