000
CXUS53 KLSX 011221
CLMUIN


CLIMATE REPORT
NATIONAL WEATHER SERVICE ST LOUIS MO
620 AM CST SUN DEC 1 2013

...................................

...THE QUINCY IL CLIMATE SUMMARY FOR THE MONTH OF NOVEMBER 2013...

CLIMATE NORMAL PERIOD 1981 TO 2010
CLIMATE RECORD PERIOD 1901 TO 2013

WEATHER         OBSERVED          NORMAL  DEPART  LAST YEAR`S
                 VALUE   DATE(S)  VALUE   FROM    VALUE
                                          NORMAL
.............................................................
TEMPERATURE (F)
RECORD
 HIGH              84   11/08/1915
                        11/07/1915
 LOW              -11   11/30/1964
HIGHEST            73   11/17                         75
LOWEST             10   11/24                         15
AVG. MAXIMUM     48.9              51.3    -2.4     52.6
AVG. MINIMUM     30.0              33.7    -3.7     32.5
MEAN             39.5              42.5    -3.0     42.6
DAYS MAX >= 90      0               0.0     0.0        0
DAYS MAX <= 32      3               1.6     1.4        0
DAYS MIN <= 32     17              13.3     3.7       17
DAYS MIN <= 0       0               0.0     0.0        0

PRECIPITATION (INCHES)
RECORD
 MAXIMUM        11.17   1985
 MINIMUM            T   1914
TOTALS           1.85              3.02   -1.17     1.04
DAILY AVG.       0.06              0.10   -0.04     0.03
DAYS >= .01         6               9.2    -3.2        7
DAYS >= .10         5               5.4    -0.4        2
DAYS >= .50         1               2.1    -1.1        1
DAYS >= 1.00        0               0.7    -0.7        0
GREATEST
 24 HR. TOTAL    1.05   10/31 TO 11/01

DEGREE_DAYS
HEATING TOTAL     760               676      84      669
 SINCE 7/1       1133              1100      33     1145
COOLING TOTAL       0                 1      -1        2
 SINCE 1/1       1242              1094     148     1575
..............................................................

WIND (MPH)
HIGHEST WIND SPEED/DIRECTION    44/260    DATE  11/17
HIGHEST GUST SPEED/DIRECTION    59/250    DATE  11/17

SKY COVER
POSSIBLE SUNSHINE (PERCENT)   MM
AVERAGE SKY COVER           0.30
NUMBER OF DAYS FAIR           18
NUMBER OF DAYS PC              6
NUMBER OF DAYS CLOUDY          6


WEATHER CONDITIONS. NUMBER OF DAYS WITH
THUNDERSTORM              0     MIXED PRECIP               0
HEAVY RAIN                3     RAIN                       2
LIGHT RAIN                8     FREEZING RAIN              0
LT FREEZING RAIN          1     HEAVY SNOW                 0
SNOW                      0     LIGHT SNOW                 1
SLEET                     0     FOG                        6
FOG W/VIS <= 1/4 MILE     0     HAZE                       3

-  INDICATES NEGATIVE NUMBERS.
R  INDICATES RECORD WAS SET OR TIED.
MM INDICATES DATA IS MISSING.
T  INDICATES TRACE AMOUNT.

$$
