000
CXUS53 KLSX 011614
CLMUIN


CLIMATE REPORT
NATIONAL WEATHER SERVICE ST LOUIS MO
1104 AM CDT FRI NOV 1 2013

...................................

...THE QUINCY IL CLIMATE SUMMARY FOR THE MONTH OF OCTOBER 2013...

CLIMATE NORMAL PERIOD 1981 TO 2010
CLIMATE RECORD PERIOD 1901 TO 2013

WEATHER         OBSERVED          NORMAL  DEPART  LAST YEAR`S
                 VALUE   DATE(S)  VALUE   FROM    VALUE
                                          NORMAL
.............................................................
TEMPERATURE (F)
RECORD
 HIGH              96   10/07/1939
 LOW               10   10/30/1925
HIGHEST            88   10/04                         81
LOWEST             23   10/25                         27
AVG. MAXIMUM     66.3              65.0     1.3     62.9
AVG. MINIMUM     44.4              44.4     0.0     42.6
MEAN             55.3              54.7     0.6     52.8
DAYS MAX >= 90      0               0.1    -0.1        0
DAYS MAX <= 32      0               0.0     0.0        0
DAYS MIN <= 32      3               2.5     0.5        5
DAYS MIN <= 0       0               0.0     0.0        0

PRECIPITATION (INCHES)
RECORD
 MAXIMUM        10.84   1969
 MINIMUM         0.16   1904
TOTALS           2.84              3.01   -0.17     4.66
DAILY AVG.       0.09              0.10   -0.01     0.15
DAYS >= .01        11               8.7     2.3       11
DAYS >= .10         5               5.7    -0.7        8
DAYS >= .50         2               1.9     0.1        2
DAYS >= 1.00        2               0.8     1.2        2
GREATEST
 24 HR. TOTAL    1.64   10/30 TO 10/31

DEGREE_DAYS
HEATING TOTAL     336               337      -1      391
 SINCE 7/1        373               424     -51      476
COOLING TOTAL      43                17      26       21
 SINCE 1/1       1242              1093     149     1573
..............................................................

WIND (MPH)
HIGHEST WIND SPEED/DIRECTION    33/250    DATE  10/03
HIGHEST GUST SPEED/DIRECTION    43/260    DATE  10/03

SKY COVER
POSSIBLE SUNSHINE (PERCENT)   MM
AVERAGE SKY COVER           0.40
NUMBER OF DAYS FAIR           13
NUMBER OF DAYS PC             14
NUMBER OF DAYS CLOUDY          3


WEATHER CONDITIONS. NUMBER OF DAYS WITH
THUNDERSTORM              2     MIXED PRECIP               0
HEAVY RAIN                3     RAIN                       3
LIGHT RAIN               15     FREEZING RAIN              0
LT FREEZING RAIN          0     HEAVY SNOW                 0
SNOW                      0     LIGHT SNOW                 0
SLEET                     0     FOG                       11
FOG W/VIS <= 1/4 MILE     2     HAZE                       5

-  INDICATES NEGATIVE NUMBERS.
R  INDICATES RECORD WAS SET OR TIED.
MM INDICATES DATA IS MISSING.
T  INDICATES TRACE AMOUNT.

$$

RECORD LOW TEMPERATURE OCTBER 25TH.

 A RECORD LOW TEMPERATURE OF 23 DEGREES HAS BEEN SET AT QUINCY ILLINOIS.
 THIS BREAKS THE OLD RECORD OF 27 DEGREES SET IN 1987.
