000
CXUS53 KLSX 020851
CLMUIN


CLIMATE REPORT
NATIONAL WEATHER SERVICE ST LOUIS MO
337 AM CDT FRI MAY 2 2014

...................................

...THE QUINCY IL CLIMATE SUMMARY FOR THE MONTH OF APRIL 2014...

CLIMATE NORMAL PERIOD 1981 TO 2010
CLIMATE RECORD PERIOD 1901 TO 2014

WEATHER         OBSERVED          NORMAL  DEPART  LAST YEAR`S
                 VALUE   DATE(S)  VALUE   FROM    VALUE
                                          NORMAL
.............................................................
TEMPERATURE (F)
RECORD
 HIGH              92   04/25/1986
                        04/10/1930
 LOW               15   04/05/1929
HIGHEST            82   04/12                         84
LOWEST             25   04/15                         22
AVG. MAXIMUM     64.3              63.4     0.9     60.8
AVG. MINIMUM     42.1              43.0    -0.9     40.7
MEAN             53.2              53.2     0.0     50.8
DAYS MAX >= 90      0               0.0     0.0        0
DAYS MAX <= 32      0               0.0     0.0        0
DAYS MIN <= 32      4               3.4     0.6        5
DAYS MIN <= 0       0               0.0     0.0        0

PRECIPITATION (INCHES)
RECORD
 MAXIMUM         7.97   1944
 MINIMUM         0.79   1930
TOTALS           3.45              3.69   -0.24     6.23
DAILY AVG.       0.12              0.12    0.00     0.21
DAYS >= .01        11              11.1    -0.1       12
DAYS >= .10         6               7.1    -1.1        7
DAYS >= .50         2               2.7    -0.7        3
DAYS >= 1.00        1               0.8     0.2        2
GREATEST
 24 HR. TOTAL    1.39   04/02 TO 04/03

DEGREE_DAYS
HEATING TOTAL     351               370     -19      432
 SINCE 7/1       6123              5430     693     5485
COOLING TOTAL       4                16     -12       14
 SINCE 1/1          4                18     -14       14
..............................................................

WIND (MPH)
HIGHEST WIND SPEED/DIRECTION    33/300    DATE  04/04
HIGHEST GUST SPEED/DIRECTION    42/300    DATE  04/04

SKY COVER
AVERAGE SKY COVER           0.30
NUMBER OF DAYS FAIR           18
NUMBER OF DAYS PC              7
NUMBER OF DAYS CLOUDY          5


WEATHER CONDITIONS. NUMBER OF DAYS WITH
THUNDERSTORM              5     MIXED PRECIP               0
HEAVY RAIN                4     RAIN                       6
LIGHT RAIN               13     FREEZING RAIN              0
LT FREEZING RAIN          0     HEAVY SNOW                 0
SNOW                      1     LIGHT SNOW                 1
SLEET                     0     FOG                       12
FOG W/VIS <= 1/4 MILE     0     HAZE                       2

-  INDICATES NEGATIVE NUMBERS.
R  INDICATES RECORD WAS SET OR TIED.
MM INDICATES DATA IS MISSING.
T  INDICATES TRACE AMOUNT.

$$
