000
CXUS53 KLSX 011349
CLMUIN


CLIMATE REPORT
NATIONAL WEATHER SERVICE ST LOUIS MO
833 AM CDT TUE OCT 1 2013

...................................

...THE QUINCY IL CLIMATE SUMMARY FOR THE MONTH OF SEPTEMBER 2013...

CLIMATE NORMAL PERIOD 1981 TO 2010
CLIMATE RECORD PERIOD 1901 TO 2013

WEATHER         OBSERVED          NORMAL  DEPART  LAST YEAR`S
                 VALUE   DATE(S)  VALUE   FROM    VALUE
                                          NORMAL
.............................................................
TEMPERATURE (F)
RECORD
 HIGH             105   09/04/1913
 LOW               26   09/28/1942
HIGHEST           100   09/09                         92
LOWEST             47   09/29                         38
                        09/14
AVG. MAXIMUM     82.9              77.1     5.8     77.0
AVG. MINIMUM     57.5              55.6     1.9     53.8
MEAN             70.2              66.4     3.8     65.4
DAYS MAX >= 90      8               1.8     6.2        2
DAYS MAX <= 32      0               0.0     0.0        0
DAYS MIN <= 32      0               0.0     0.0        0
DAYS MIN <= 0       0               0.0     0.0        0

PRECIPITATION (INCHES)
RECORD
 MAXIMUM        11.64   1926
 MINIMUM         0.14   1939
TOTALS           1.80              3.30   -1.50     2.93
DAILY AVG.       0.06              0.11   -0.05     0.10
DAYS >= .01         8               7.9     0.1        9
DAYS >= .10         5               5.2    -0.2        4
DAYS >= .50         1               2.0    -1.0        3
DAYS >= 1.00        0               0.9    -0.9        1
GREATEST
 24 HR. TOTAL    0.70   09/11 TO 09/12

DEGREE_DAYS
HEATING TOTAL      31                82     -51       85
 SINCE 7/1         37                87     -50       85
COOLING TOTAL     193               123      70      105
 SINCE 1/1       1199              1076     123     1552
..............................................................

WIND (MPH)
HIGHEST WIND SPEED/DIRECTION    24/310    DATE  09/19
HIGHEST GUST SPEED/DIRECTION    31/310    DATE  09/19

SKY COVER
AVERAGE SKY COVER           0.20
NUMBER OF DAYS FAIR           26
NUMBER OF DAYS PC              4
NUMBER OF DAYS CLOUDY          0


WEATHER CONDITIONS. NUMBER OF DAYS WITH
THUNDERSTORM              4     MIXED PRECIP               0
HEAVY RAIN                3     RAIN                       4
LIGHT RAIN                8     FREEZING RAIN              0
LT FREEZING RAIN          0     HEAVY SNOW                 0
SNOW                      0     LIGHT SNOW                 0
SLEET                     0     FOG                       14
FOG W/VIS <= 1/4 MILE     2     HAZE                       5

-  INDICATES NEGATIVE NUMBERS.
R  INDICATES RECORD WAS SET OR TIED.
MM INDICATES DATA IS MISSING.
T  INDICATES TRACE AMOUNT.

$$

...DAILY...

1 DAILY RECORD HIGH (09/09).


...MONTHLY...

19TH WARMEST SEPTEMBER ON RECORD (70.5 DEGREES).

18TH DRIEST SEPTEMBER ON RECORD (1.80 INCHES).
