000
CXUS53 KLSX 040133 CCA
CLMUIN

CLIMATE REPORT
NATIONAL WEATHER SERVICE ST LOUIS MO
1140 AM CDT TUE AUG 1 2017

...................................

...THE QUINCY IL CLIMATE SUMMARY FOR THE MONTH OF JULY 2017...

CLIMATE NORMAL PERIOD 1981 TO 2010
CLIMATE RECORD PERIOD 1901 TO 2017

WEATHER         OBSERVED          NORMAL  DEPART  LAST YEAR`S
                 VALUE   DATE(S)  VALUE   FROM    VALUE
                                          NORMAL
.............................................................
TEMPERATURE (F)
RECORD
 HIGH             114   07/15/1936
 LOW               47   07/14/1950
HIGHEST            98   07/22                         95
                        07/21
                        07/20
LOWEST             56   07/30                         57
AVG. MAXIMUM     89.0              85.8     3.2     85.6
AVG. MINIMUM     67.5              66.3     1.2     67.6
MEAN             78.3              76.1     2.2     76.6
DAYS MAX >= 90     12               7.8     4.2        9
DAYS MAX <= 32      0               0.0     0.0        0
DAYS MIN <= 32      0               0.0     0.0        0
DAYS MIN <= 0       0               0.0     0.0        0

PRECIPITATION (INCHES)
RECORD
 MAXIMUM        13.21   1981
 MINIMUM         0.10   1988
TOTALS           1.63              4.04   -2.41     6.70
DAILY AVG.       0.05              0.13   -0.08     0.22
DAYS >= .01         8               9.2    -1.2       13
DAYS >= .10         4               6.2    -2.2       11
DAYS >= .50         1               2.5    -1.5        6
DAYS >= 1.00        0               1.2    -1.2        2
GREATEST
 24 HR. TOTAL    1.05   07/26 TO 07/27

DEGREE_DAYS
HEATING TOTAL       0                 0       0        6
 SINCE 7/1          0                 0       0        6
COOLING TOTAL     418               343      75      374
 SINCE 1/1        798               656     142      835
..............................................................

WIND (MPH)
HIGHEST WIND SPEED/DIRECTION    40/290    DATE  07/26
HIGHEST GUST SPEED/DIRECTION    55/290    DATE  07/26

SKY COVER
NUMBER OF DAYS FAIR           29
NUMBER OF DAYS PC              1
NUMBER OF DAYS CLOUDY          1


WEATHER CONDITIONS. NUMBER OF DAYS WITH
THUNDERSTORM              7     MIXED PRECIP               0
HEAVY RAIN                3     RAIN                       2
LIGHT RAIN               10     FREEZING RAIN              0
LT FREEZING RAIN          0     HEAVY SNOW                 0
SNOW                      0     LIGHT SNOW                 0
SLEET                     0     FOG                        8
FOG W/VIS <= 1/4 MILE     0     HAZE                       1

-  INDICATES NEGATIVE NUMBERS.
R  INDICATES RECORD WAS SET OR TIED.
MM INDICATES DATA IS MISSING.
T  INDICATES TRACE AMOUNT.

...MONTHLY...

NO RECORDS OF NOTE

...DAILY...

NO RECORDS OF NOTE

$$
