000
CXUS53 KLSX 011939
CLMUIN


CLIMATE REPORT
NATIONAL WEATHER SERVICE ST LOUIS MO
139 PM CST SUN NOV 1 2015

...................................

...THE QUINCY IL CLIMATE SUMMARY FOR THE MONTH OF OCTOBER 2015...

CLIMATE NORMAL PERIOD 1981 TO 2010
CLIMATE RECORD PERIOD 1901 TO 2015

WEATHER         OBSERVED          NORMAL  DEPART  LAST YEAR`S
                 VALUE   DATE(S)  VALUE   FROM    VALUE
                                          NORMAL
.............................................................
TEMPERATURE (F)
RECORD
 HIGH              96   10/07/1939
 LOW               10   10/30/1925
HIGHEST            84   10/21                         77
LOWEST             32   10/17                         27
AVG. MAXIMUM     68.0              65.0     3.0     63.9
AVG. MINIMUM     45.9              44.4     1.5     45.2
MEAN             56.9              54.7     2.2     54.6
DAYS MAX >= 90      0               0.1    -0.1        0
DAYS MAX <= 32      0               0.0     0.0        0
DAYS MIN <= 32      1               2.5    -1.5        1
DAYS MIN <= 0       0               0.0     0.0        0

PRECIPITATION (INCHES)
RECORD
 MAXIMUM        10.84   1969
 MINIMUM         0.16   1904
TOTALS           0.96              3.01   -2.05     6.07
DAILY AVG.       0.03              0.10   -0.07     0.20
DAYS >= .01         4               8.7    -4.7       12
DAYS >= .10         2               5.7    -3.7        6
DAYS >= .50         1               1.9    -0.9        4
DAYS >= 1.00        0               0.8    -0.8        3
GREATEST
 24 HR. TOTAL    0.59   10/27 TO 10/28

DEGREE_DAYS
HEATING TOTAL     262               337     -75      321
 SINCE 7/1        296               424    -128      413
COOLING TOTAL      24                17       7        5
 SINCE 1/1       1219              1093     126     1021
..............................................................

WIND (MPH)
HIGHEST WIND SPEED/DIRECTION    29/290    DATE  10/12
HIGHEST GUST SPEED/DIRECTION    37/300    DATE  10/12

SKY COVER
POSSIBLE SUNSHINE (PERCENT)   MM
AVERAGE SKY COVER           0.30
NUMBER OF DAYS FAIR           20
NUMBER OF DAYS PC              5
NUMBER OF DAYS CLOUDY          6


WEATHER CONDITIONS. NUMBER OF DAYS WITH
THUNDERSTORM              0     MIXED PRECIP               0
HEAVY RAIN                1     RAIN                       3
LIGHT RAIN                9     FREEZING RAIN              0
LT FREEZING RAIN          0     HEAVY SNOW                 0
SNOW                      0     LIGHT SNOW                 2
SLEET                     0     FOG                        8
FOG W/VIS <= 1/4 MILE     0     HAZE                       9

-  INDICATES NEGATIVE NUMBERS.
R  INDICATES RECORD WAS SET OR TIED.
MM INDICATES DATA IS MISSING.
T  INDICATES TRACE AMOUNT.

$$
