000
CXUS53 KLSX 020804 RRA
CLMUIN

CLIMATE REPORT
NATIONAL WEATHER SERVICE ST LOUIS MO
1146 AM CDT THU AUG 1 2013

...................................

...THE QUINCY IL CLIMATE SUMMARY FOR THE MONTH OF JULY 2013...

CLIMATE NORMAL PERIOD 1981 TO 2010
CLIMATE RECORD PERIOD 1901 TO 2013

WEATHER         OBSERVED          NORMAL  DEPART  LAST YEAR`S
                 VALUE   DATE(S)  VALUE   FROM    VALUE
                                          NORMAL
.............................................................
TEMPERATURE (F)
RECORD
 HIGH             114   07/15/1936
 LOW               47   07/14/1950
HIGHEST            97   07/19                        105
LOWEST             49   07/28                         62
AVG. MAXIMUM     85.1              85.8    -0.7     96.5
AVG. MINIMUM     64.1              66.3    -2.2     70.9
MEAN             74.6              76.1    -1.5     83.7
DAYS MAX >= 90      7               7.8    -0.8       28
DAYS MAX <= 32      0               0.0     0.0        0
DAYS MIN <= 32      0               0.0     0.0        0
DAYS MIN <= 0       0               0.0     0.0        0

PRECIPITATION (INCHES)
RECORD
 MAXIMUM        13.21   1981
 MINIMUM         0.10   1988
TOTALS           1.07              4.04   -2.97     1.42
DAILY AVG.       0.04              0.13   -0.09     0.05
DAYS >= .01         5               9.2    -4.2        8
DAYS >= .10         3               6.2    -3.2        6
DAYS >= .50         1               2.5    -1.5        0
DAYS >= 1.00        0               1.2    -1.2        0
GREATEST
 24 HR. TOTAL    0.57   07/29 TO 07/30

DEGREE_DAYS
HEATING TOTAL       4                 0       4        0
 SINCE 7/1          4                 0       4        0
COOLING TOTAL     310               343     -33      585
 SINCE 1/1        681               656      25     1119
..............................................................

WIND (MPH)
HIGHEST WIND SPEED/DIRECTION    22/020    DATE  07/01
HIGHEST GUST SPEED/DIRECTION    26/320    DATE  07/27

SKY COVER
POSSIBLE SUNSHINE (PERCENT)   MM
AVERAGE SKY COVER           0.20
NUMBER OF DAYS FAIR           25
NUMBER OF DAYS PC              5
NUMBER OF DAYS CLOUDY          1


WEATHER CONDITIONS. NUMBER OF DAYS WITH
THUNDERSTORM              0     MIXED PRECIP               0
HEAVY RAIN                3     RAIN                       2
LIGHT RAIN               11     FREEZING RAIN              0
LT FREEZING RAIN          0     HEAVY SNOW                 0
SNOW                      0     LIGHT SNOW                 0
SLEET                     0     FOG                       10
FOG W/VIS <= 1/4 MILE     3     HAZE                       6

-  INDICATES NEGATIVE NUMBERS.
R  INDICATES RECORD WAS SET OR TIED.
MM INDICATES DATA IS MISSING.
T  INDICATES TRACE AMOUNT.

$$

19TH COLDEST JULY ON RECORD (74.6 DEGREES).

JULY 28TH - RECORD LOW 49 DEGREES...PREVIOUSLY 55 DEGREES IN 1994.

JULY 29TH - RECORD LOW 50 DEGREES...PREVIOUSLY 52 DEGREES IN 1971.
