000
CXUS53 KLSX 011723
CLMUIN


CLIMATE REPORT
NATIONAL WEATHER SERVICE ST LOUIS MO
1148 AM CDT SAT JUL 1 2017

...................................

...THE QUINCY IL CLIMATE SUMMARY FOR THE MONTH OF JUNE 2017...

CLIMATE NORMAL PERIOD 1981 TO 2010
CLIMATE RECORD PERIOD 1901 TO 2017

WEATHER         OBSERVED          NORMAL  DEPART  LAST YEAR`S
                 VALUE   DATE(S)  VALUE   FROM    VALUE
                                          NORMAL
.............................................................
TEMPERATURE (F)
RECORD
 HIGH             105   06/19/1936
 LOW               39   06/12/1903
HIGHEST            94   06/13                         97
LOWEST             51   06/26                         52
AVG. MAXIMUM     84.6              81.7     2.9     88.1
AVG. MINIMUM     62.8              62.4     0.4     65.3
MEAN             73.7              72.1     1.6     76.7
DAYS MAX >= 90      7               3.0     4.0       15
DAYS MAX <= 32      0               0.0     0.0        0
DAYS MIN <= 32      0               0.0     0.0        0
DAYS MIN <= 0       0               0.0     0.0        0

PRECIPITATION (INCHES)
RECORD
 MAXIMUM        12.46   1947
 MINIMUM         0.40   1963
TOTALS           3.43              3.99   -0.56     1.02
DAILY AVG.       0.11              0.13   -0.02     0.03
DAYS >= .01        10              10.1    -0.1        6
DAYS >= .10         8               6.6     1.4        4
DAYS >= .50         3               2.9     0.1        0
DAYS >= 1.00        1               1.0     0.0        0
GREATEST
 24 HR. TOTAL    1.00   06/14 TO 06/14

DEGREE_DAYS
HEATING TOTAL       4                16     -12        0
 SINCE 7/1       4437              5582   -1145     4592
COOLING TOTAL     271               227      44      357
 SINCE 1/1        380               313      67      461
..............................................................

WIND (MPH)
HIGHEST WIND SPEED/DIRECTION    46/320    DATE  06/17
HIGHEST GUST SPEED/DIRECTION    56/330    DATE  06/17

SKY COVER
NUMBER OF DAYS FAIR           27
NUMBER OF DAYS PC              3
NUMBER OF DAYS CLOUDY          0


WEATHER CONDITIONS. NUMBER OF DAYS WITH
THUNDERSTORM              8     MIXED PRECIP               0
HEAVY RAIN                3     RAIN                       6
LIGHT RAIN               10     FREEZING RAIN              0
LT FREEZING RAIN          0     HEAVY SNOW                 0
SNOW                      0     LIGHT SNOW                 0
SLEET                     0     FOG                        7
FOG W/VIS <= 1/4 MILE     0     HAZE                       1

-  INDICATES NEGATIVE NUMBERS.
R  INDICATES RECORD WAS SET OR TIED.
MM INDICATES DATA IS MISSING.
T  INDICATES TRACE AMOUNT.

$$
