125
CXUS53 KLSX 011411
CLMUIN


CLIMATE REPORT
NATIONAL WEATHER SERVICE ST LOUIS MO
847 AM CDT WED JUN 1 2016

...................................

...THE QUINCY IL CLIMATE SUMMARY FOR THE MONTH OF MAY 2016...

CLIMATE NORMAL PERIOD 1981 TO 2010
CLIMATE RECORD PERIOD 1901 TO 2016

WEATHER         OBSERVED          NORMAL  DEPART  LAST YEAR`S
                 VALUE   DATE(S)  VALUE   FROM    VALUE
                                          NORMAL
.............................................................
TEMPERATURE (F)
RECORD
 HIGH             103   05/30/1934
 LOW               26   05/04/1907
HIGHEST            85   05/30                         83
LOWEST             40   05/15                         41
                        05/14
AVG. MAXIMUM     72.6              72.7    -0.1     74.1
AVG. MINIMUM     52.8              52.9    -0.1     56.1
MEAN             62.7              62.8    -0.1     65.1
DAYS MAX >= 90      0               0.2    -0.2        0
DAYS MAX <= 32      0               0.0     0.0        0
DAYS MIN <= 32      0               0.1    -0.1        0
DAYS MIN <= 0       0               0.0     0.0        0

PRECIPITATION (INCHES)
RECORD
 MAXIMUM        13.70   1935
 MINIMUM         0.45   1992
                        1901
TOTALS           3.64              4.54   -0.90     3.99
DAILY AVG.       0.12              0.15   -0.03     0.13
DAYS >= .01        10              12.2    -2.2       18
DAYS >= .10         8               7.7     0.3       10
DAYS >= .50         3               2.9     0.1        3
DAYS >= 1.00        1               1.4    -0.4        0
GREATEST
 24 HR. TOTAL    1.19   05/26 TO 05/27

DEGREE_DAYS
HEATING TOTAL     148               136      12       98
 SINCE 7/1       4592              5566    -974     5752
COOLING TOTAL      83                68      15      108
 SINCE 1/1        104                86      18      114
..............................................................

WIND (MPH)
HIGHEST WIND SPEED/DIRECTION    36/320    DATE  05/13
HIGHEST GUST SPEED/DIRECTION    41/320    DATE  05/13

SKY COVER
AVERAGE SKY COVER           0.40
NUMBER OF DAYS FAIR           18
NUMBER OF DAYS PC              8
NUMBER OF DAYS CLOUDY          5


WEATHER CONDITIONS. NUMBER OF DAYS WITH
THUNDERSTORM             10     MIXED PRECIP               0
HEAVY RAIN                4     RAIN                       6
LIGHT RAIN               19     FREEZING RAIN              0
LT FREEZING RAIN          0     HEAVY SNOW                 0
SNOW                      0     LIGHT SNOW                 0
SLEET                     0     FOG                       14
FOG W/VIS <= 1/4 MILE     2     HAZE                       4

-  INDICATES NEGATIVE NUMBERS.
R  INDICATES RECORD WAS SET OR TIED.
MM INDICATES DATA IS MISSING.
T  INDICATES TRACE AMOUNT.

...............................................................

...MONTHLY...

NO RECORDS OF NOTE

...DAILY...

NO RECORDS OF NOTE


WALSH
$$
