836
CXUS53 KLSX 011401
CLMUIN


CLIMATE REPORT
NATIONAL WEATHER SERVICE ST LOUIS MO
846 AM CDT THU SEP 1 2016

...................................

...THE QUINCY IL CLIMATE SUMMARY FOR THE MONTH OF AUGUST 2016...

CLIMATE NORMAL PERIOD 1981 TO 2010
CLIMATE RECORD PERIOD 1901 TO 2016

WEATHER         OBSERVED          NORMAL  DEPART  LAST YEAR`S
                 VALUE   DATE(S)  VALUE   FROM    VALUE
                                          NORMAL
.............................................................
TEMPERATURE (F)
RECORD
 HIGH             111   08/09/1934
 LOW               42   08/28/1986
                        08/20/1950
HIGHEST            92   08/11                         91
LOWEST             56   08/22                         50
AVG. MAXIMUM     84.1              84.5    -0.4     83.0
AVG. MINIMUM     67.4              64.4     3.0     63.0
MEAN             75.7              74.4     1.3     73.0
DAYS MAX >= 90      2               6.3    -4.3        2
DAYS MAX <= 32      0               0.0     0.0        0
DAYS MIN <= 32      0               0.0     0.0        0
DAYS MIN <= 0       0               0.0     0.0        0

PRECIPITATION (INCHES)
RECORD
 MAXIMUM        10.84   1970
 MINIMUM         0.01   2013
TOTALS           7.29              3.63    3.66     2.13
DAILY AVG.       0.24              0.12    0.12     0.07
DAYS >= .01        12               9.0     3.0        8
DAYS >= .10         8               5.5     2.5        4
DAYS >= .50         5               2.2     2.8        2
DAYS >= 1.00        3               0.9     2.1        1
GREATEST
 24 HR. TOTAL    2.10   08/26 TO 08/27

DEGREE_DAYS
HEATING TOTAL       0                 5      -5        1
 SINCE 7/1          6                 5       1        4
COOLING TOTAL     341               297      44      257
 SINCE 1/1       1176               953     223      954
..............................................................

WIND (MPH)
HIGHEST WIND SPEED/DIRECTION    33/300    DATE  08/24
HIGHEST GUST SPEED/DIRECTION    47/300    DATE  08/24

SKY COVER
NUMBER OF DAYS FAIR           19
NUMBER OF DAYS PC             12
NUMBER OF DAYS CLOUDY          0


WEATHER CONDITIONS. NUMBER OF DAYS WITH
THUNDERSTORM             12     MIXED PRECIP               0
HEAVY RAIN                8     RAIN                       7
LIGHT RAIN               13     FREEZING RAIN              0
LT FREEZING RAIN          0     HEAVY SNOW                 0
SNOW                      0     LIGHT SNOW                 0
SLEET                     0     FOG                       17
FOG W/VIS <= 1/4 MILE     3     HAZE                       0

-  INDICATES NEGATIVE NUMBERS.
R  INDICATES RECORD WAS SET OR TIED.
MM INDICATES DATA IS MISSING.
T  INDICATES TRACE AMOUNT.


...MONTHLY...

TIED 8TH LEAST NUMBER OF OCCURRENCES OF A MAXIMUM TEMPERATURE GREATER
THAN OR EQUAL TO 90 DEGREES (2 DAYS).

9TH WETTEST AUGUST ON RECORD (7.29 INCHES).

TIED 4TH MOST NUMBER OF DAYS WITH AT LEAST ONE INCH OF RAINFALL (3 DAYS).


...DAILY...

RECORD PRECIPITATION VALUE OF 1.47 INCHES SET ON 08/24. PREVIOUS 1.13
INCHES IN 2007.


GOSSELIN

$$
