000
CXUS53 KLSX 021532 CCA
CLMUIN

CLIMATE REPORT
NATIONAL WEATHER SERVICE ST LOUIS MO
1212 PM CDT FRI AUG 1 2014

...................................

...THE QUINCY IL CLIMATE SUMMARY FOR THE MONTH OF JULY 2014...

CLIMATE NORMAL PERIOD 1981 TO 2010
CLIMATE RECORD PERIOD 1901 TO 2014

WEATHER         OBSERVED          NORMAL  DEPART  LAST YEAR`S
                 VALUE   DATE(S)  VALUE   FROM    VALUE
                                          NORMAL
.............................................................
TEMPERATURE (F)
RECORD
 HIGH             114   07/15/1936
 LOW               47   07/14/1950
HIGHEST            89   07/12                         97
                        07/07
LOWEST             52   07/16                         49
AVG. MAXIMUM     80.5              85.8    -5.3     85.1
AVG. MINIMUM     61.5              66.3    -4.8     64.1
MEAN             71.0              76.1    -5.1     74.6
DAYS MAX >= 90      0               7.8    -7.8        7
DAYS MAX <= 32      0               0.0     0.0        0
DAYS MIN <= 32      0               0.0     0.0        0
DAYS MIN <= 0       0               0.0     0.0        0

PRECIPITATION (INCHES)
RECORD
 MAXIMUM        13.21   1981
 MINIMUM         0.10   1988
TOTALS           2.89              4.04   -1.15     1.07
DAILY AVG.       0.09              0.13   -0.04     0.04
DAYS >= .01        10               9.2     0.8        5
DAYS >= .10         6               6.2    -0.2        3
DAYS >= .50         3               2.5     0.5        1
DAYS >= 1.00        1               1.2    -0.2        0
GREATEST
 24 HR. TOTAL    1.31   07/07 TO 07/08

DEGREE_DAYS
HEATING TOTAL       5                 0       5        4
 SINCE 7/1          5                 0       5        4
COOLING TOTAL     198               343    -145      310
 SINCE 1/1        608               656     -48      681
..............................................................

WIND (MPH)
HIGHEST WIND SPEED/DIRECTION    40/320    DATE  07/07
HIGHEST GUST SPEED/DIRECTION    48/320    DATE  07/07

SKY COVER
AVERAGE SKY COVER           0.20
NUMBER OF DAYS FAIR           25
NUMBER OF DAYS PC              6
NUMBER OF DAYS CLOUDY          0


WEATHER CONDITIONS. NUMBER OF DAYS WITH
THUNDERSTORM              7     MIXED PRECIP               0
HEAVY RAIN                3     RAIN                       6
LIGHT RAIN               10     FREEZING RAIN              0
LT FREEZING RAIN          0     HEAVY SNOW                 0
SNOW                      0     LIGHT SNOW                 0
SLEET                     0     FOG                       13
FOG W/VIS <= 1/4 MILE     2     HAZE                       5

-  INDICATES NEGATIVE NUMBERS.
R  INDICATES RECORD WAS SET OR TIED.
MM INDICATES DATA IS MISSING.
T  INDICATES TRACE AMOUNT.

&&

JULY 2ND...RECORD LOW MAXIMUM TEMPERATURE 68 DEGREES...PREVIOUSLY
73 DEGREES IN 1968 AND 1924.

JULY 15TH...RECORD LOW MAXIMUM TEMPERATURE 70 DEGREES...PREVIOUSLY
72 DEGREES IN 1993.

JULY 16TH...RECORD LOW TEMPERATURE 52 DEGREES...PREVIOUSLY 54 DEGREES
IN 1903.

JULY 16TH...RECORD LOW MAXIMUM TEMPERATURE 75 DEGREES...TIED WITH 1958.

1ST COOLEST JULY ON RECORD (AVERAGE MONTHLY TEMPERATURE 71.0 DEGREES)...
PREVIOUS 71.3 DEGREES IN 2009 AND 1950.

$$
