753
CXUS53 KLSX 011339
CLMUIN


CLIMATE REPORT
NATIONAL WEATHER SERVICE ST LOUIS MO
825 AM CDT SUN MAY 1 2016

...................................

...THE QUINCY IL CLIMATE SUMMARY FOR THE MONTH OF APRIL 2016...

CLIMATE NORMAL PERIOD 1981 TO 2010
CLIMATE RECORD PERIOD 1901 TO 2016

WEATHER         OBSERVED          NORMAL  DEPART  LAST YEAR`S
                 VALUE   DATE(S)  VALUE   FROM    VALUE
                                          NORMAL
.............................................................
TEMPERATURE (F)
RECORD
 HIGH              92   04/25/1986
                        04/10/1930
 LOW               15   04/05/1929
HIGHEST            81   04/24                         81
                        04/17
LOWEST             23   04/09                         25
AVG. MAXIMUM     65.4              63.4     2.0     67.7
AVG. MINIMUM     43.5              43.0     0.5     43.9
MEAN             54.4              53.2     1.2     55.8
DAYS MAX >= 90      0               0.0     0.0        0
DAYS MAX <= 32      0               0.0     0.0        0
DAYS MIN <= 32      5               3.4     1.6        3
DAYS MIN <= 0       0               0.0     0.0        0

PRECIPITATION (INCHES)
RECORD
 MAXIMUM         7.97   1944
 MINIMUM         0.79   1930
TOTALS           3.34              3.69   -0.35     1.70
DAILY AVG.       0.11              0.12   -0.01     0.06
DAYS >= .01        10              11.1    -1.1       10
DAYS >= .10         8               7.1     0.9        5
DAYS >= .50         4               2.7     1.3        1
DAYS >= 1.00        0               0.8    -0.8        0
GREATEST
 24 HR. TOTAL    0.81   04/19

DEGREE_DAYS
HEATING TOTAL     327               370     -43      276
 SINCE 7/1       4444              5430    -986     5654
COOLING TOTAL      19                16       3        6
 SINCE 1/1         21                18       3        6
..............................................................

WIND (MPH)
HIGHEST WIND SPEED/DIRECTION    44/300    DATE  04/02
HIGHEST GUST SPEED/DIRECTION    55/290    DATE  04/02

SKY COVER
NUMBER OF DAYS FAIR           17
NUMBER OF DAYS PC              6
NUMBER OF DAYS CLOUDY          7


WEATHER CONDITIONS. NUMBER OF DAYS WITH
THUNDERSTORM              6     MIXED PRECIP               0
HEAVY RAIN                6     RAIN                       5
LIGHT RAIN               14     FREEZING RAIN              0
LT FREEZING RAIN          0     HEAVY SNOW                 0
SNOW                      0     LIGHT SNOW                 0
SLEET                     0     FOG                       14
FOG W/VIS <= 1/4 MILE     7     HAZE                       3

-  INDICATES NEGATIVE NUMBERS.
R  INDICATES RECORD WAS SET OR TIED.
MM INDICATES DATA IS MISSING.
T  INDICATES TRACE AMOUNT.

...............................................................

...MONTHLY...

NO RECORDS OF NOTE.


...DAILY...

NO RECORDS OF NOTE.


GOSSELIN

$$
