000
CXUS53 KLSX 012010
CLSUIN

CLIMATE REPORT
NATIONAL WEATHER SERVICE ST LOUIS MO
127 PM CST THU DEC 1 2016

...................................

...THE QUINCY IL CLIMATE SUMMARY FOR THE SEASON, FROM
9/1/2016 TO 11/30/2016...

CLIMATE NORMAL PERIOD 1981 TO 2010
CLIMATE RECORD PERIOD 1901 TO 2016

WEATHER         OBSERVED          NORMAL  DEPART
                 VALUE   DATE(S)  VALUE   FROM
                                          NORMAL
................................................
TEMPERATURE (F)
RECORD
 HIGH             105   09/04/1913
 LOW              -11   11/30/1964
HIGHEST            93   09/06
LOWEST             21   11/20
AVG. MAXIMUM     70.3              64.5     5.8
AVG. MINIMUM     50.4              44.6     5.8
MEAN             60.5              54.5     6.0
DAYS MAX >= 90      5
DAYS MAX <= 32      0
DAYS MIN <= 32      8
DAYS MIN <= 0       0

PRECIPITATION (INCHES)
RECORD
 MAXIMUM        21.55   1977
 MINIMUM         2.39   1956
TOTALS           6.16              9.33   -3.17
DAYS >= .01        19
DAYS >= .10         9
DAYS >= .50         5
DAYS >= 1.00        2
GREATEST
 24 HR. TOTAL    2.18   09/19 TO 09/20

DEGREE_DAYS
HEATING TOTAL     682              1095    -413
 SINCE 7/1        688              1100    -412
COOLING TOTAL     296               141     155
 SINCE 1/1       1472              1094     378
.................................................

WIND (MPH)
HIGHEST WIND SPEED/DIRECTION    35/320    DATE  11/02
HIGHEST GUST SPEED/DIRECTION    47/210    DATE  10/17


WEATHER CONDITIONS. NUMBER OF DAYS WITH
THUNDERSTORM             10     FOG W/VIS <= 1/4 MILE      4

-  INDICATES NEGATIVE NUMBERS.
R  INDICATES RECORD WAS SET OR TIED.
MM INDICATES DATA IS MISSING.
T  INDICATES TRACE AMOUNT.

...SEASONAL...

3RD WARMEST METEOROLOGICAL FALL ON RECORD (60.5 DEGREES).

MOST NUMBER OF OCCURRENCES OF A MAXIMUM TEMPERATURE GREATER THAN OR
EQUAL TO 60 DEGREES (72 DAYS).

TIED 6TH LEAST NUMBER OF OCCURRENCES OF A MINIMUM TEMPERATURE LESS
THAN OR EQUAL TO 32 DEGREES (8 DAYS).


...MONTHLY...

TIED 5TH WARMEST NOVEMBER ON RECORD (48.9 DEGREES)

TIED MOST OCCURRENCES OF A MINIMUM TEMPERATURE GREATER THAN OR EQAUL
TO 60 DEGREES WITHIN THE MONTH OF NOVEMBER (2 DAYS).

TIED 13TH WARMEST OCTOBER ON RECORD (61.1 DEGREES).

TIED 16TH WARMEST SEPTEMBER ON RECORD (71.4 DEGREES).


...DAILY...

2 RECORD HIGH TEMPERATURES SET (11/17 AND 10/17).

4 RECORD HIGH MINIMUM TEMPERATURES SET (11/17...11/01...10/17
AND 10/16)

$$
