000
CXUS53 KLSX 030345 CCA
CLSUIN

TTAA00 KLSX 020202


CLIMATE REPORT
NATIONAL WEATHER SERVICE ST LOUIS MO
733 PM CST MON DEC 1 2014

...................................

...THE QUINCY IL CLIMATE SUMMARY FOR THE SEASON, FROM
9/1/2014 TO 11/30/2014...

CLIMATE NORMAL PERIOD 1981 TO 2010
CLIMATE RECORD PERIOD 1901 TO 2014

WEATHER         OBSERVED          NORMAL  DEPART
                 VALUE   DATE(S)  VALUE   FROM
                                          NORMAL
................................................
TEMPERATURE (F)
RECORD
 HIGH             105   09/04/1913
 LOW              -11   11/30/1964
HIGHEST            90   09/05
LOWEST             10   11/18
AVG. MAXIMUM     61.4              64.5    -3.1
AVG. MINIMUM     42.1
MEAN             51.7              54.5    -2.8
DAYS MAX >= 90      1
DAYS MAX <= 32      7
DAYS MIN <= 32     23
DAYS MIN <= 0       0

PRECIPITATION (INCHES)
RECORD
 MAXIMUM        21.55   1977
 MINIMUM         2.39   1956
TOTALS          13.19              9.33    3.86
DAYS >= .01        25
DAYS >= .10        12
DAYS >= .50         9
DAYS >= 1.00        5
GREATEST
 24 HR. TOTAL    4.29   09/09 TO 09/10

DEGREE_DAYS
HEATING TOTAL    1272              1095     177
 SINCE 7/1       1277              1100     177
COOLING TOTAL      92               141     -49
 SINCE 1/1       1021              1094     -73
.................................................

WIND (MPH)
AVERAGE WIND SPEED              9.2
HIGHEST WIND SPEED/DIRECTION    35/330    DATE  11/06
HIGHEST GUST SPEED/DIRECTION    41/330    DATE  11/06

SKY COVER
NUMBER OF DAYS FAIR           48
NUMBER OF DAYS PC             26
NUMBER OF DAYS CLOUDY         16


WEATHER CONDITIONS. NUMBER OF DAYS WITH
THUNDERSTORM              7     FOG W/VIS <= 1/4 MILE     10

-  INDICATES NEGATIVE NUMBERS.
R  INDICATES RECORD WAS SET OR TIED.
MM INDICATES DATA IS MISSING.
T  INDICATES TRACE AMOUNT.

$$

6TH COOLEST FALL ON RECORD WITH 1959 AND 1903

18TH WETTEST FALL ON RECORD

THE CLIMATE TEAM
