000
CXUS53 KLSX 012038
CLSUIN

STLCLMUIN 000
TTAA00 KLSX 011555


CLIMATE REPORT
NATIONAL WEATHER SERVICE ST LOUIS MO
1047 AM CDT MON JUN 1 2015

...................................

...THE QUINCY IL CLIMATE SUMMARY FOR THE SEASON, FROM
3/1/2015 TO 5/31/2015...

CLIMATE NORMAL PERIOD 1981 TO 2010
CLIMATE RECORD PERIOD 1901 TO 2015

WEATHER         OBSERVED          NORMAL  DEPART
                 VALUE   DATE(S)  VALUE   FROM
                                          NORMAL
................................................
TEMPERATURE (F)
RECORD
 HIGH             103   05/30/1934
 LOW              -13   03/05/1960
HIGHEST            83   05/24
                        05/05
                        05/06
                        05/03
LOWEST              7   03/05
AVG. MAXIMUM     64.6              62.5     2.1
AVG. MINIMUM     43.8              42.8     1.0
MEAN             54.2              52.6     1.6
DAYS MAX >= 90      0
DAYS MAX <= 32      3
DAYS MIN <= 32     19
DAYS MIN <= 0       0

PRECIPITATION (INCHES)
RECORD
 MAXIMUM        25.78   1973
 MINIMUM         4.20   1956
TOTALS           6.64             10.69   -4.05
DAYS >= .01        36
DAYS >= .10        19
DAYS >= .50         4
DAYS >= 1.00        0
GREATEST
 24 HR. TOTAL    1.04   05/07 TO 05/08

DEGREE_DAYS
HEATING TOTAL    1086              1224    -138
 SINCE 7/1       5752              5566     186
COOLING TOTAL     114                86      28
 SINCE 1/1        114                86      28
.................................................

WIND (MPH)
AVERAGE WIND SPEED              9.7
HIGHEST WIND SPEED/DIRECTION    35/280    DATE  04/09
HIGHEST GUST SPEED/DIRECTION    46/250    DATE  04/09

SKY COVER
POSSIBLE SUNSHINE (PERCENT)   MM
NUMBER OF DAYS FAIR           47
NUMBER OF DAYS PC             32
NUMBER OF DAYS CLOUDY         12


WEATHER CONDITIONS. NUMBER OF DAYS WITH
THUNDERSTORM              16     FOG W/VIS <= 1/4 MILE      4

-  INDICATES NEGATIVE NUMBERS.
R  INDICATES RECORD WAS SET OR TIED.
MM INDICATES DATA IS MISSING.
T  INDICATES TRACE AMOUNT.

.................................................................

...SEASONAL RECORDS...

19TH DRIEST SPRING

$$
