000
CXUS53 KLSX 012356 RRA
CLSUIN

CLIMATE REPORT
NATIONAL WEATHER SERVICE ST LOUIS MO
539 PM CST TUE DEC 1 2015

...................................

...THE QUINCY IL CLIMATE SUMMARY FOR THE SEASON, FROM
9/1/2015 TO 11/30/2015...

CLIMATE NORMAL PERIOD 1981 TO 2010
CLIMATE RECORD PERIOD 1901 TO 2015

WEATHER         OBSERVED          NORMAL  DEPART
                 VALUE   DATE(S)  VALUE   FROM
                                          NORMAL
................................................
TEMPERATURE (F)
RECORD
 HIGH             105   09/04/1913
 LOW              -11   11/30/1964
HIGHEST            94   09/06
                        09/04
LOWEST             17   11/22
AVG. MAXIMUM     69.2
AVG. MINIMUM     48.2
MEAN             58.7              54.5     4.2
DAYS MAX >= 90      7
DAYS MAX <= 32      0
DAYS MIN <= 32      7
DAYS MIN <= 0       0

PRECIPITATION (INCHES)
RECORD
 MAXIMUM        21.55   1977
 MINIMUM         2.39   1956
TOTALS           4.91              9.33   -4.42
DAYS >= .01         M
DAYS >= .10         M
DAYS >= .50         M
DAYS >= 1.00        M
GREATEST
 24 HR. TOTAL    2.31   11/17

DEGREE_DAYS
HEATING TOTAL     814              1095    -281
 SINCE 7/1        818              1100    -282
COOLING TOTAL     265               141     124
 SINCE 1/1       1219              1094     125
.................................................

WIND (MPH)
HIGHEST WIND SPEED/DIRECTION    39/240    DATE  11/11
HIGHEST GUST SPEED/DIRECTION    53/240    DATE  11/11

SKY COVER
NUMBER OF DAYS FAIR           57
NUMBER OF DAYS PC             19
NUMBER OF DAYS CLOUDY         15


WEATHER CONDITIONS. NUMBER OF DAYS WITH
THUNDERSTORM              7     FOG W/VIS <= 1/4 MILE      4

-  INDICATES NEGATIVE NUMBERS.
R  INDICATES RECORD WAS SET OR TIED.
MM INDICATES DATA IS MISSING.
T  INDICATES TRACE AMOUNT.


...SEASONAL...

12TH WARMEST METEOROLOGICAL FALL ON RECORD (58.7 DEGREES).


...MONTHLY...

TIED 10TH WARMEST NOVEMBER ON RECORD (47.4 DEGREES).

14TH WARMEST SEPTEMBER ON RECORD (71.7 DEGREES).

TIED 12TH DRIEST SEPTEMBER ON RECORD (1.27 INCHES).

TIED 8TH LEAST NUMBER OF OCCURRENCES OF MEASURABLE PRECIPITATION
DURING THE MONTH OF SEPTEMBER (4 DAYS).


...DAILY...

RECORD HIGH MINIMUM TEMPERATURE OF 57 DEGREES TIED ON 11/5...
ALSO SET IN 2008.

$$
