000
CXUS53 KLSX 011955
CLSUIN

CLIMATE REPORT
NATIONAL WEATHER SERVICE ST LOUIS MO
138 PM CST SUN DEC 1 2013

...................................

...THE QUINCY IL CLIMATE SUMMARY FOR THE SEASON, FROM
9/1/2013 TO 11/30/2013...

CLIMATE NORMAL PERIOD 1981 TO 2010
CLIMATE RECORD PERIOD 1901 TO 2013

WEATHER         OBSERVED          NORMAL  DEPART
                 VALUE   DATE(S)  VALUE   FROM
                                          NORMAL
................................................
TEMPERATURE (F)
RECORD
 HIGH             105   09/04/1913
 LOW              -11   11/30/1964
HIGHEST           100   09/09
LOWEST             10   11/24
AVG. MAXIMUM     66.0              64.5     1.5
AVG. MINIMUM     44.0
MEAN             55.0              54.5     0.5
DAYS MAX >= 90      8
DAYS MAX <= 32      3
DAYS MIN <= 32     20
DAYS MIN <= 0       0

PRECIPITATION (INCHES)
RECORD
 MAXIMUM        21.55   1977
 MINIMUM         2.39   1956
TOTALS           6.49              9.33   -2.84
DAYS >= .01        25
DAYS >= .10        15
DAYS >= .50         4
DAYS >= 1.00        2
GREATEST
 24 HR. TOTAL    1.64   10/30-10/31

DEGREE_DAYS
HEATING TOTAL    1127              1095      32
 SINCE 7/1       1133              1100      33
COOLING TOTAL     236               141      95
 SINCE 1/1       1242              1094     148
.................................................

WIND (MPH)
AVERAGE WIND SPEED              8.7
HIGHEST WIND SPEED/DIRECTION    44/260    DATE  11/17
HIGHEST GUST SPEED/DIRECTION    59/250    DATE  11/17

SKY COVER

NUMBER OF DAYS FAIR           61
NUMBER OF DAYS PC             20
NUMBER OF DAYS CLOUDY         10


WEATHER CONDITIONS. NUMBER OF DAYS WITH
THUNDERSTORM              8     FOG W/VIS <= 1/4 MILE      4

-  INDICATES NEGATIVE NUMBERS.
R  INDICATES RECORD WAS SET OR TIED.
MM INDICATES DATA IS MISSING.
T  INDICATES TRACE AMOUNT.

THE CLIMATE TEAM

$$
