000
CXUS53 KLSX 031715
CLSUIN

STLCLMUIN 000
TTAA00 KLSX 031711


CLIMATE REPORT
NATIONAL WEATHER SERVICE ST LOUIS MO
1020 AM CST THU MAR 3 2016

...................................

...THE QUINCY IL CLIMATE SUMMARY FOR THE SEASON, FROM
12/1/2015 TO 2/29/2016...

CLIMATE NORMAL PERIOD 1981 TO 2010
CLIMATE RECORD PERIOD 1901 TO 2016

WEATHER         OBSERVED          NORMAL  DEPART
                 VALUE   DATE(S)  VALUE   FROM
                                          NORMAL
................................................
TEMPERATURE (F)
RECORD
 HIGH              74   12/03/2012
                        02/10/1932
                        02/15/1921
 LOW              -29   02/13/1905
HIGHEST            72   02/20
LOWEST             -2   01/18
AVG. MAXIMUM     42.3              36.9     5.4
AVG. MINIMUM     26.1              21.0     5.1
MEAN             34.2              29.0     5.2
DAYS MAX >= 90      0
DAYS MAX <= 32     18
DAYS MIN <= 32     61
DAYS MIN <= 0       2

PRECIPITATION (INCHES)
RECORD
 MAXIMUM        10.11   1983
 MINIMUM         1.33   1920
TOTALS           6.44*             5.65    0.79
DAYS >= .01        20
DAYS >= .10        11
DAYS >= .50         4
DAYS >= 1.00        4
GREATEST
 24 HR. TOTAL    1.61   12/13 TO 12/14

* 1 MISSING DAY OF PRECIPITATION IN JANUARY

DEGREE_DAYS
HEATING TOTAL    2779              3242    -463
 SINCE 7/1       3597              4371    -774
COOLING TOTAL       0                 0       0
 SINCE 1/1          0                 0       0
.................................................

WIND (MPH)
AVERAGE WIND SPEED              11.0
HIGHEST WIND SPEED/DIRECTION    39/300    DATE  02/19
HIGHEST GUST SPEED/DIRECTION    50/240    DATE  12/23

SKY COVER
NUMBER OF DAYS FAIR           35
NUMBER OF DAYS PC             34
NUMBER OF DAYS CLOUDY         22


WEATHER CONDITIONS. NUMBER OF DAYS WITH
THUNDERSTORM              0     FOG W/VIS <= 1/4 MILE      7

-  INDICATES NEGATIVE NUMBERS.
R  INDICATES RECORD WAS SET OR TIED.
MM INDICATES DATA IS MISSING.
T  INDICATES TRACE AMOUNT.

$$

................................................

SEASONAL RECORDS

8TH WARMEST WINTER...34.2 DEGREES

20TH WETTEST WINTER...6.44 INCHES


MONTHLY RECORDS

4TH DRIEST FEBRUARY...0.22 INCHES

TIED 17TH DRIEST JANUARY....0.40 INCHES*
* 1 MISSING DAY OF PRECIPITATION

TIED WARMEST DECEMBER...40.8 INCHES

2ND WETTEST DECEMBER...5.82 INCHES


DAILY RECORDS

2 RECORD HIGH TEMPERATURES (2/20...12/12)

2 RECORD HIGH MINIMUM TEMPERATURES (2/2...12/13...12/12)

3 RECORD PRECIPITATION VALUES (12/28...12/26...12/13)
