000
CXUS56 KEKA 011329
CF6UKI
PRELIMINARY LOCAL CLIMATOLOGICAL DATA (WS FORM: F-6)
STATION: UKIAH CA
MONTH: MARCH
YEAR: 2022
LATITUDE: 39 7 N
LONGITUDE: 123 12 W
TEMPERATURE IN F: :PCPN: SNOW: WIND :SUNSHINE: SKY :PK WND
================================================================================
1 2 3 4 5 6A 6B 7 8 9 10 11 12 13 14 15 16 17 18
12Z AVG MX 2MIN
DY MAX MIN AVG DEP HDD CDD WTR SNW DPTH SPD SPD DIR MIN PSBL S-S WX SPD DR
================================================================================
1 72 41 57 5 8 0 0.00 M M 1.1 7 350 M M 0 9 350
2 72 43 58 6 7 0 0.00 M M 2.4 12 230 M M 1 19 330
3 59 48 54 2 11 0 0.11 M M 2.0 7 360 M M 9 1 9 360
4 57 41 49 -3 16 0 0.01 M M 9.0 23 290 M M 4 40 310
5 59 35 47 -5 18 0 0.00 M M 5.4 16 300 M M 4 22 290
6 66 31 49 -3 16 0 0.00 M M 1.7 12 310 M M 0 16 310
7 75 31 53 1 12 0 0.00 M M 1.7 9 20 M M 0 14 140
8 76 34 55 3 10 0 0.00 M M 3.3 17 310 M M 0 25 310
9 67 38 53 1 12 0 0.00 M M 7.0 20 300 M M 0 30 300
10 72 33 53 1 12 0 0.00 M M 1.4 12 330 M M 0 19 350
11 76 33 55 3 10 0 0.00 M M 2.0 14 240 M M 0 22 240
12 69 30 50 -3 15 0 T M M 4.9 18 230 M M 4 1 25 240
13 64 44 54 1 11 0 T M M 3.7 12 340 M M 3 1 17 350
14 71 38 55 2 10 0 0.03 M M 5.4 16 140 M M 4 1 23 240
15 66 45 56 3 9 0 0.11 M M 3.8 14 300 M M 5 1 20 30
16 72 36 54 1 11 0 0.00 M M 1.9 14 350 M M 0 18 360
17 71 43 57 4 8 0 0.00 M M 3.7 18 330 M M 1 25 340
18 76 37 57 4 8 0 0.00 M M 2.6 14 250 M M 0 20 260
19 58 39 49 -4 16 0 0.12 M M 4.4 20 300 M M 5 1 28 300
20 67 35 51 -2 14 0 0.00 M M 3.4 15 350 M M 0 23 330
21 75 41 58 5 7 0 0.00 M M 4.3 16 330 M M 0 24 330
22 90 44 67 14 0 2 0.00 M M 1.9 12 320 M M 0 16 330
23 83 47 65 12 0 0 0.00 M M 3.5 16 310 M M 0 22 310
24 84 42 63 10 2 0 0.00 M M 2.3 14 20 M M 0 20 30
25 79 42 61 8 4 0 0.00 M M 4.0 14 10 M M 0 19 360
26 78 41 60 7 5 0 0.00 M M 2.2 13 250 M M 0 21 290
27 60 48 54 1 11 0 0.15 M M 6.6 18 160 M M 5 1 30 130
28 63 48 56 2 9 0 0.08 M M 2.2 15 300 M M 9 1 22 320
29 66 45 56 2 9 0 0.00 M M 4.9 16 350 M M 5 2 24 320
30 66 44 55 1 10 0 0.00 M M 5.9 15 300 M M 3 22 310
31 70 40 55 1 10 0 0.00 M M 3.5 15 310 M M 0 19 310
================================================================================
SM 2179 1237 301 2 0.61 M 112.1 M 62
================================================================================
AV 70.3 39.9 3.6 FASTST M M 2 MAX(MPH)
MISC ----> 23 290 40 310
================================================================================
NOTES:
# LAST OF SEVERAL OCCURRENCES
COLUMN 17 PEAK WIND IN M.P.H.
PRELIMINARY LOCAL CLIMATOLOGICAL DATA (WS FORM: F-6) , PAGE 2
STATION: UKIAH CA
MONTH: MARCH
YEAR: 2022
LATITUDE: 39 7 N
LONGITUDE: 123 12 W
[TEMPERATURE DATA] [PRECIPITATION DATA] SYMBOLS USED IN COLUMN 16
AVERAGE MONTHLY: 55.1 TOTAL FOR MONTH: 0.61 1 = FOG OR MIST
DPTR FM NORMAL: 2.4 DPTR FM NORMAL: -4.71 2 = FOG REDUCING VISIBILITY
HIGHEST: 90 ON 22 GRTST 24HR 0.23 ON 27-28 TO 1/4 MILE OR LESS
LOWEST: 30 ON 12 3 = THUNDER
SNOW, ICE PELLETS, HAIL 4 = ICE PELLETS
TOTAL MONTH: M 5 = HAIL
GRTST 24HR M ON M 6 = FREEZING RAIN OR DRIZZLE
GRTST DEPTH: M ON M 7 = DUSTSTORM OR SANDSTORM:
VSBY 1/2 MILE OR LESS
8 = SMOKE OR HAZE
[NO. OF DAYS WITH] [WEATHER - DAYS WITH] 9 = BLOWING SNOW
X = TORNADO
MAX 32 OR BELOW: 0 0.01 INCH OR MORE: 7
MAX 90 OR ABOVE: 1 0.10 INCH OR MORE: 4
MIN 32 OR BELOW: 3 0.50 INCH OR MORE: 0
MIN 0 OR BELOW: 0 1.00 INCH OR MORE: 0
[HDD (BASE 65) ]
TOTAL THIS MO. 301 CLEAR (SCALE 0-3) 21
DPTR FM NORMAL -79 PTCLDY (SCALE 4-7) 8
TOTAL FM JUL 1 2214 CLOUDY (SCALE 8-10) 2
DPTR FM NORMAL -240
[CDD (BASE 65) ]
TOTAL THIS MO. 2
DPTR FM NORMAL 1 [PRESSURE DATA]
TOTAL FM JAN 1 2 HIGHEST SLP 30.41 ON 7
DPTR FM NORMAL 1 LOWEST SLP 29.64 ON 27
[REMARKS]
#FINAL-03-22#