000
CXUS55 KGJT 010910
CF6VEL
PRELIMINARY LOCAL CLIMATOLOGICAL DATA (WS FORM: F-6)
STATION: VERNAL UT
MONTH: APRIL
YEAR: 2021
LATITUDE: 40 27 N
LONGITUDE: 109 31 W
TEMPERATURE IN F: :PCPN: SNOW: WIND :SUNSHINE: SKY :PK WND
================================================================================
1 2 3 4 5 6A 6B 7 8 9 10 11 12 13 14 15 16 17 18
12Z AVG MX 2MIN
DY MAX MIN AVG DEP HDD CDD WTR SNW DPTH SPD SPD DIR MIN PSBL S-S WX SPD DR
================================================================================
1 63 21 42 -1 23 0 0.00 M M 3.5 13 230 M M 0 19 250
2 72 27 50 7 15 0 0.00 M M 3.9 10 330 M M 0 13 330
3 77 31 54 11 11 0 0.00 M M 4.7 15 250 M M 0 22 210
4 79 40 60 17 5 0 0.00 M M 5.5 21 220 M M 0 30 200
5 76 38 57 13 8 0 0.00 M M 7.7 23 260 M M 0 35 280
6 54 33 44 0 21 0 0.00 M M 8.9 31 270 M M 4 40 270
7 61 26 44 0 21 0 0.00 M M 3.8 12 120 M M 0 17 120
8 68 39 54 10 11 0 0.00 M M 9.4 32 260 M M 1 52 210
9 59 37 48 3 17 0 0.00 M M 9.8 25 350 M M 0 37 20
10 70 26 48 3 17 0 0.00 M M 8.8 26 240 M M 0 38 240
11 68 30 49 4 16 0 0.00 M M 8.6 25 240 M M 0 39 230
12 57 27 42 -4 23 0 0.00 M M 8.2 18 20 M M 0 29 20
13 55 32 44 -2 21 0 0.26 M M 10.6 29 50 M M 4 1 44 50
14 49 32 41 -5 24 0 0.18 M M 9.2 17 60 M M 9 13 24 50
15 48 34 41 -5 24 0 0.00 M M 11.9 25 60 M M 8 35 70
16 46 31 39 -8 26 0 0.00 M M 12.7 22 40 M M 7 29 50
17 52 31 42 -5 23 0 0.00 M M 12.3 23 40 M M 2 36 20
18 60 24 42 -5 23 0 0.00 M M 4.6 16 240 M M 2 21 230
19 70 28 49 1 16 0 0.00 M M 13.8 38 350 M M 0 8 52 240
20 48 25 37 -11 28 0 0.00 M M 6.3 20 40 M M 3 28 30
21 52 35 44 -4 21 0 0.00 M M 10.2 17 30 M M 4 24 70
22 59 30 45 -4 20 0 T M M 5.7 29 320 M M 5 43 270
23 64 30 47 -2 18 0 T M M 5.1 22 30 M M 3 30 40
24 70 31 51 2 14 0 0.00 M M 7.8 21 220 M M 0 29 260
25 75 38 57 7 8 0 0.00 M M 11.3 33 210 M M 1 8 46 230
26 65 44 55 5 10 0 T M M 13.1 33 280 M M 5 8 44 200
27 54 38 46 -4 19 0 0.40 M M 7.4 18 40 M M 8 1 27 40
28 67 37 52 1 13 0 0.00 M M 8.5 24 60 M M 2 38 50
29 73 35 54 3 11 0 0.00 M M 4.4 12 330 M M 0 15 210
30 80 42 61 10 4 0 0.00 M M 3.9 10 180 M M 0 16 120
================================================================================
SM 1891 972 511 0 0.84 M 241.6 M 68
================================================================================
AV 63.0 32.4 8.1 FASTST M M 2 MAX(MPH)
MISC ----> 38 350 # 52 210
================================================================================
NOTES:
# LAST OF SEVERAL OCCURRENCES
COLUMN 17 PEAK WIND IN M.P.H.
PRELIMINARY LOCAL CLIMATOLOGICAL DATA (WS FORM: F-6) , PAGE 2
STATION: VERNAL UT
MONTH: APRIL
YEAR: 2021
LATITUDE: 40 27 N
LONGITUDE: 109 31 W
[TEMPERATURE DATA] [PRECIPITATION DATA] SYMBOLS USED IN COLUMN 16
AVERAGE MONTHLY: 47.7 TOTAL FOR MONTH: 0.84 1 = FOG OR MIST
DPTR FM NORMAL: 1.0 DPTR FM NORMAL: 0.02 2 = FOG REDUCING VISIBILITY
HIGHEST: 80 ON 30 GRTST 24HR 0.42 ON 13-14 TO 1/4 MILE OR LESS
LOWEST: 21 ON 1 3 = THUNDER
SNOW, ICE PELLETS, HAIL 4 = ICE PELLETS
TOTAL MONTH: M 5 = HAIL
GRTST 24HR M ON M 6 = FREEZING RAIN OR DRIZZLE
GRTST DEPTH: M ON M 7 = DUSTSTORM OR SANDSTORM:
VSBY 1/2 MILE OR LESS
8 = SMOKE OR HAZE
[NO. OF DAYS WITH] [WEATHER - DAYS WITH] 9 = BLOWING SNOW
X = TORNADO
MAX 32 OR BELOW: 0 0.01 INCH OR MORE: 3
MAX 90 OR ABOVE: 0 0.10 INCH OR MORE: 3
MIN 32 OR BELOW: 17 0.50 INCH OR MORE: 0
MIN 0 OR BELOW: 0 1.00 INCH OR MORE: 0
[HDD (BASE 65) ]
TOTAL THIS MO. 511 CLEAR (SCALE 0-3) 20
DPTR FM NORMAL -37 PTCLDY (SCALE 4-7) 9
TOTAL FM JUL 1 6888 CLOUDY (SCALE 8-10) 1
DPTR FM NORMAL 9
[CDD (BASE 65) ]
TOTAL THIS MO. 0
DPTR FM NORMAL 0 [PRESSURE DATA]
TOTAL FM JAN 1 0 HIGHEST SLP M ON M
DPTR FM NORMAL 0 LOWEST SLP 29.35 ON 5
[REMARKS]
#FINAL-04-21#